{"id":633973,"date":"2026-03-09T14:33:10","date_gmt":"2026-03-09T14:33:10","guid":{"rendered":"https:\/\/aukinkochile.com\/web\/producto\/juego-matematicas-flic-flac\/"},"modified":"2026-04-07T16:26:51","modified_gmt":"2026-04-07T16:26:51","slug":"juego-matematicas-flic-flac","status":"publish","type":"product","link":"https:\/\/aukinkochile.com\/web\/producto\/juego-matematicas-flic-flac\/","title":{"rendered":"Juego Matem\u00e1ticas Flic-Flac"},"content":{"rendered":"<p>Juego para desarrollar la aritm\u00e9tica. Se requiere un pensamiento estrat\u00e9gico. Los alumnos pueden utilizar el juego para practicar y repetir las 4 habilidades aritm\u00e9ticas y factorizaci\u00f3n de acuerdo a su nivel de conocimiento. El ganador es el \u00fanico que puede derribar a todos los \u00abflic-flac\u00bb al hacer mas r\u00e1pidas las sus.<\/p>\n<p><p><strong>Material : <\/strong> Madera<\/p>\n<p><strong>C\u00f3digo Aukinko : <\/strong> 07-2225<\/p>\n<p><strong>C\u00f3digo Convenio Marco : <\/strong> x<\/p>\n","protected":false},"excerpt":{"rendered":"<p>Juego para desarrollar la aritm\u00e9tica. Se requiere un pensamiento estrat\u00e9gico. Los alumnos pueden utilizar el juego para practicar y repetir las 4 habilidades aritm\u00e9ticas y factorizaci\u00f3n de acuerdo a su nivel de conocimiento. El ganador es el \u00fanico que puede derribar a todos los \u00abflic-flac\u00bb al hacer mas r\u00e1pidas las sus. Material : Madera C\u00f3digo [&hellip;]<\/p>\n","protected":false},"featured_media":633972,"comment_status":"open","ping_status":"closed","template":"","meta":{"_et_pb_use_builder":"","_et_pb_old_content":"","_et_gb_content_width":""},"product_brand":[],"product_cat":[91,149,90],"product_tag":[],"class_list":{"0":"post-633973","1":"product","2":"type-product","3":"status-publish","4":"has-post-thumbnail","6":"product_cat-accesorios-sala","7":"product_cat-juegos-de-mesa","8":"product_cat-matematicas","9":"pa_edad-10-anos","10":"pa_edad-6-a-8-anos","11":"pa_edad-8-a-10-anos","12":"pa_marca-spectra","13":"pa_medidas-4478","14":"pa_medidas-5-x-34-x-34-cm","16":"first","17":"instock","18":"shipping-taxable","19":"purchasable","20":"product-type-simple"},"aioseo_notices":[],"_links":{"self":[{"href":"https:\/\/aukinkochile.com\/web\/wp-json\/wp\/v2\/product\/633973","targetHints":{"allow":["GET"]}}],"collection":[{"href":"https:\/\/aukinkochile.com\/web\/wp-json\/wp\/v2\/product"}],"about":[{"href":"https:\/\/aukinkochile.com\/web\/wp-json\/wp\/v2\/types\/product"}],"replies":[{"embeddable":true,"href":"https:\/\/aukinkochile.com\/web\/wp-json\/wp\/v2\/comments?post=633973"}],"wp:featuredmedia":[{"embeddable":true,"href":"https:\/\/aukinkochile.com\/web\/wp-json\/wp\/v2\/media\/633972"}],"wp:attachment":[{"href":"https:\/\/aukinkochile.com\/web\/wp-json\/wp\/v2\/media?parent=633973"}],"wp:term":[{"taxonomy":"product_brand","embeddable":true,"href":"https:\/\/aukinkochile.com\/web\/wp-json\/wp\/v2\/product_brand?post=633973"},{"taxonomy":"product_cat","embeddable":true,"href":"https:\/\/aukinkochile.com\/web\/wp-json\/wp\/v2\/product_cat?post=633973"},{"taxonomy":"product_tag","embeddable":true,"href":"https:\/\/aukinkochile.com\/web\/wp-json\/wp\/v2\/product_tag?post=633973"}],"curies":[{"name":"wp","href":"https:\/\/api.w.org\/{rel}","templated":true}]}}