{"id":633950,"date":"2026-02-23T16:34:48","date_gmt":"2026-02-23T16:34:48","guid":{"rendered":"https:\/\/aukinkochile.com\/web\/producto\/pelota-erizo-terapia-100-cm-roja\/"},"modified":"2026-02-23T16:34:50","modified_gmt":"2026-02-23T16:34:50","slug":"pelota-erizo-terapia-100-cm-roja","status":"publish","type":"product","link":"https:\/\/aukinkochile.com\/web\/producto\/pelota-erizo-terapia-100-cm-roja\/","title":{"rendered":"Pelota Erizo Terapia 100 cm Roja"},"content":{"rendered":"<p>Esta pelota estimula por la particular superficie amplificando las sensaciones sensoriales y produciendo un agradable masaje favoreciendo la circulaci\u00f3n sangu\u00ednea. Indicado para la recuperaci\u00f3n funcional y gimnasia rehabilitativa.<\/p>\n<p><p><strong>Material : <\/strong> Vinyl<\/p>\n<p><strong>C\u00f3digo Aukinko : <\/strong> 19-19760<\/p>\n<p><strong>C\u00f3digo Convenio Marco : <\/strong> x<\/p>\n","protected":false},"excerpt":{"rendered":"<p>Esta pelota estimula por la particular superficie amplificando las sensaciones sensoriales y produciendo un agradable masaje favoreciendo la circulaci\u00f3n sangu\u00ednea. Indicado para la recuperaci\u00f3n funcional y gimnasia rehabilitativa. Material : Vinyl C\u00f3digo Aukinko : 19-19760 C\u00f3digo Convenio Marco : x<\/p>\n","protected":false},"featured_media":633949,"comment_status":"open","ping_status":"closed","template":"","meta":{"_et_pb_use_builder":"","_et_pb_old_content":"","_et_gb_content_width":""},"product_brand":[],"product_cat":[148,18],"product_tag":[],"class_list":{"0":"post-633950","1":"product","2":"type-product","3":"status-publish","4":"has-post-thumbnail","6":"product_cat-deportes","7":"product_cat-motricidad-gruesa","8":"pa_edad-10-anos","9":"pa_edad-8-a-10-anos","10":"pa_marca-gymnic","11":"pa_medidas-100-cm-diametro","13":"first","14":"instock","15":"shipping-taxable","16":"purchasable","17":"product-type-simple"},"aioseo_notices":[],"_links":{"self":[{"href":"https:\/\/aukinkochile.com\/web\/wp-json\/wp\/v2\/product\/633950","targetHints":{"allow":["GET"]}}],"collection":[{"href":"https:\/\/aukinkochile.com\/web\/wp-json\/wp\/v2\/product"}],"about":[{"href":"https:\/\/aukinkochile.com\/web\/wp-json\/wp\/v2\/types\/product"}],"replies":[{"embeddable":true,"href":"https:\/\/aukinkochile.com\/web\/wp-json\/wp\/v2\/comments?post=633950"}],"wp:featuredmedia":[{"embeddable":true,"href":"https:\/\/aukinkochile.com\/web\/wp-json\/wp\/v2\/media\/633949"}],"wp:attachment":[{"href":"https:\/\/aukinkochile.com\/web\/wp-json\/wp\/v2\/media?parent=633950"}],"wp:term":[{"taxonomy":"product_brand","embeddable":true,"href":"https:\/\/aukinkochile.com\/web\/wp-json\/wp\/v2\/product_brand?post=633950"},{"taxonomy":"product_cat","embeddable":true,"href":"https:\/\/aukinkochile.com\/web\/wp-json\/wp\/v2\/product_cat?post=633950"},{"taxonomy":"product_tag","embeddable":true,"href":"https:\/\/aukinkochile.com\/web\/wp-json\/wp\/v2\/product_tag?post=633950"}],"curies":[{"name":"wp","href":"https:\/\/api.w.org\/{rel}","templated":true}]}}