{"id":633940,"date":"2026-02-23T16:34:40","date_gmt":"2026-02-23T16:34:40","guid":{"rendered":"https:\/\/aukinkochile.com\/web\/producto\/peluche-cuncuna-abroches\/"},"modified":"2026-02-23T16:34:41","modified_gmt":"2026-02-23T16:34:41","slug":"peluche-cuncuna-abroches","status":"publish","type":"product","link":"https:\/\/aukinkochile.com\/web\/producto\/peluche-cuncuna-abroches\/","title":{"rendered":"Peluche Cuncuna Abroches"},"content":{"rendered":"<p>Divertido juego dise\u00f1ado para estimular las habilidades de aprendizaje de los m\u00e1s peque\u00f1os y las m\u00e1s peque\u00f1as.\u00a0Esta hermosa cuncuna ser\u00e1 primero un amigo para acurrucarse y luego un juguete de aprendizaje, un juego que ense\u00f1a a los ni\u00f1os y ni\u00f1as c\u00f3mo vestirse. Esta linda oruga de colores brillantes ense\u00f1a c\u00f3mo atarse los zapatos, usar una hebilla, broches, cremalleras y m\u00e1s.<\/p>\n<p><p><strong>Material : <\/strong> Peluche<\/p>\n<p><strong>C\u00f3digo Aukinko : <\/strong> 18-5581001<\/p>\n<p><strong>C\u00f3digo Convenio Marco : <\/strong> x<\/p>\n","protected":false},"excerpt":{"rendered":"<p>Divertido juego dise\u00f1ado para estimular las habilidades de aprendizaje de los m\u00e1s peque\u00f1os y las m\u00e1s peque\u00f1as.\u00a0Esta hermosa cuncuna ser\u00e1 primero un amigo para acurrucarse y luego un juguete de aprendizaje, un juego que ense\u00f1a a los ni\u00f1os y ni\u00f1as c\u00f3mo vestirse. Esta linda oruga de colores brillantes ense\u00f1a c\u00f3mo atarse los zapatos, usar una [&hellip;]<\/p>\n","protected":false},"featured_media":633939,"comment_status":"open","ping_status":"closed","template":"","meta":{"_et_pb_use_builder":"","_et_pb_old_content":"","_et_gb_content_width":""},"product_brand":[],"product_cat":[150,20,212,23],"product_tag":[],"class_list":{"0":"post-633940","1":"product","2":"type-product","3":"status-publish","4":"has-post-thumbnail","6":"product_cat-asociacion-y-logica","7":"product_cat-motricidad-fina","8":"product_cat-munecos-y-figuras","9":"product_cat-primeros-anos","10":"pa_edad-1-a-2-anos","11":"pa_edad-2-a-3-anos","12":"pa_edad-3-a-4-anos","13":"pa_marca-edushape","14":"pa_medidas-58-x-14-x-20-cm","16":"first","17":"instock","18":"shipping-taxable","19":"purchasable","20":"product-type-simple"},"aioseo_notices":[],"_links":{"self":[{"href":"https:\/\/aukinkochile.com\/web\/wp-json\/wp\/v2\/product\/633940","targetHints":{"allow":["GET"]}}],"collection":[{"href":"https:\/\/aukinkochile.com\/web\/wp-json\/wp\/v2\/product"}],"about":[{"href":"https:\/\/aukinkochile.com\/web\/wp-json\/wp\/v2\/types\/product"}],"replies":[{"embeddable":true,"href":"https:\/\/aukinkochile.com\/web\/wp-json\/wp\/v2\/comments?post=633940"}],"wp:featuredmedia":[{"embeddable":true,"href":"https:\/\/aukinkochile.com\/web\/wp-json\/wp\/v2\/media\/633939"}],"wp:attachment":[{"href":"https:\/\/aukinkochile.com\/web\/wp-json\/wp\/v2\/media?parent=633940"}],"wp:term":[{"taxonomy":"product_brand","embeddable":true,"href":"https:\/\/aukinkochile.com\/web\/wp-json\/wp\/v2\/product_brand?post=633940"},{"taxonomy":"product_cat","embeddable":true,"href":"https:\/\/aukinkochile.com\/web\/wp-json\/wp\/v2\/product_cat?post=633940"},{"taxonomy":"product_tag","embeddable":true,"href":"https:\/\/aukinkochile.com\/web\/wp-json\/wp\/v2\/product_tag?post=633940"}],"curies":[{"name":"wp","href":"https:\/\/api.w.org\/{rel}","templated":true}]}}