{"id":633931,"date":"2026-02-23T16:34:31","date_gmt":"2026-02-23T16:34:31","guid":{"rendered":"https:\/\/aukinkochile.com\/web\/producto\/silla-comer-muneca-madera\/"},"modified":"2026-02-23T16:34:32","modified_gmt":"2026-02-23T16:34:32","slug":"silla-comer-muneca-madera","status":"publish","type":"product","link":"https:\/\/aukinkochile.com\/web\/producto\/silla-comer-muneca-madera\/","title":{"rendered":"Silla Comer Mu\u00f1eca Madera"},"content":{"rendered":"<p>Hermosa silla de madera para mu\u00f1ecas fabricada en madera sostenible s\u00f3lida pasar horas de diversi\u00f3n. Un divertido accesorio para juegos de rol en los cuales los ni\u00f1os y ni\u00f1as desarrollan habilidades sociales, ponen en juego su creatividad e imaginaci\u00f3n, estimulando a su vez el uso del lenguaje. De material suave, resistente y colores vivos.<\/p>\n<p><p><strong>Material : <\/strong> Madera<\/p>\n<p><strong>C\u00f3digo Aukinko : <\/strong> 18-250280<\/p>\n<p><strong>C\u00f3digo Convenio Marco : <\/strong> x<\/p>\n","protected":false},"excerpt":{"rendered":"<p>Hermosa silla de madera para mu\u00f1ecas fabricada en madera sostenible s\u00f3lida pasar horas de diversi\u00f3n. Un divertido accesorio para juegos de rol en los cuales los ni\u00f1os y ni\u00f1as desarrollan habilidades sociales, ponen en juego su creatividad e imaginaci\u00f3n, estimulando a su vez el uso del lenguaje. De material suave, resistente y colores vivos. Material [&hellip;]<\/p>\n","protected":false},"featured_media":622658,"comment_status":"open","ping_status":"closed","template":"","meta":{"_et_pb_use_builder":"","_et_pb_old_content":"","_et_gb_content_width":""},"product_brand":[],"product_cat":[17],"product_tag":[],"class_list":{"0":"post-633931","1":"product","2":"type-product","3":"status-publish","4":"has-post-thumbnail","6":"product_cat-juegos-de-rol","7":"pa_edad-2-a-3-anos","8":"pa_edad-3-a-4-anos","9":"pa_edad-4-a-5-anos","10":"pa_edad-5-a-6-anos","11":"pa_marca-viga","12":"pa_medidas-29-x-60-x-28-cm","14":"first","15":"instock","16":"shipping-taxable","17":"purchasable","18":"product-type-simple"},"aioseo_notices":[],"_links":{"self":[{"href":"https:\/\/aukinkochile.com\/web\/wp-json\/wp\/v2\/product\/633931","targetHints":{"allow":["GET"]}}],"collection":[{"href":"https:\/\/aukinkochile.com\/web\/wp-json\/wp\/v2\/product"}],"about":[{"href":"https:\/\/aukinkochile.com\/web\/wp-json\/wp\/v2\/types\/product"}],"replies":[{"embeddable":true,"href":"https:\/\/aukinkochile.com\/web\/wp-json\/wp\/v2\/comments?post=633931"}],"wp:featuredmedia":[{"embeddable":true,"href":"https:\/\/aukinkochile.com\/web\/wp-json\/wp\/v2\/media\/622658"}],"wp:attachment":[{"href":"https:\/\/aukinkochile.com\/web\/wp-json\/wp\/v2\/media?parent=633931"}],"wp:term":[{"taxonomy":"product_brand","embeddable":true,"href":"https:\/\/aukinkochile.com\/web\/wp-json\/wp\/v2\/product_brand?post=633931"},{"taxonomy":"product_cat","embeddable":true,"href":"https:\/\/aukinkochile.com\/web\/wp-json\/wp\/v2\/product_cat?post=633931"},{"taxonomy":"product_tag","embeddable":true,"href":"https:\/\/aukinkochile.com\/web\/wp-json\/wp\/v2\/product_tag?post=633931"}],"curies":[{"name":"wp","href":"https:\/\/api.w.org\/{rel}","templated":true}]}}