{"id":633899,"date":"2026-02-23T16:33:58","date_gmt":"2026-02-23T16:33:58","guid":{"rendered":"https:\/\/aukinkochile.com\/web\/producto\/tatuaje-espacio\/"},"modified":"2026-02-23T16:33:59","modified_gmt":"2026-02-23T16:33:59","slug":"tatuaje-espacio","status":"publish","type":"product","link":"https:\/\/aukinkochile.com\/web\/producto\/tatuaje-espacio\/","title":{"rendered":"Tatuaje Espacio"},"content":{"rendered":"<p>Tatuajes temporales de animales. Con el dise\u00f1o y la calidad de Djeco. Contiene 2 l\u00e1minas diferentes de tatuajes dermatol\u00f3gicamente probados.<\/p>\n<p><p><strong>Material : <\/strong> Papel<\/p>\n<p><strong>C\u00f3digo Aukinko : <\/strong> 14-59590<\/p>\n<p><strong>C\u00f3digo Convenio Marco : <\/strong> x<\/p>\n","protected":false},"excerpt":{"rendered":"<p>Tatuajes temporales de animales. Con el dise\u00f1o y la calidad de Djeco. Contiene 2 l\u00e1minas diferentes de tatuajes dermatol\u00f3gicamente probados. Material : Papel C\u00f3digo Aukinko : 14-59590 C\u00f3digo Convenio Marco : x<\/p>\n","protected":false},"featured_media":624356,"comment_status":"open","ping_status":"closed","template":"","meta":{"_et_pb_use_builder":"","_et_pb_old_content":"","_et_gb_content_width":""},"product_brand":[],"product_cat":[21],"product_tag":[],"class_list":{"0":"post-633899","1":"product","2":"type-product","3":"status-publish","4":"has-post-thumbnail","6":"product_cat-arte-y-manipulacion","7":"pa_edad-3-a-4-anos","8":"pa_edad-4-a-5-anos","9":"pa_edad-5-a-6-anos","10":"pa_edad-6-a-8-anos","11":"pa_edad-8-a-10-anos","12":"pa_marca-djeco","13":"pa_medidas-4314","14":"pa_medidas-2-cm","15":"pa_medidas-5-x-23-x-0","17":"first","18":"instock","19":"shipping-taxable","20":"purchasable","21":"product-type-simple"},"aioseo_notices":[],"_links":{"self":[{"href":"https:\/\/aukinkochile.com\/web\/wp-json\/wp\/v2\/product\/633899","targetHints":{"allow":["GET"]}}],"collection":[{"href":"https:\/\/aukinkochile.com\/web\/wp-json\/wp\/v2\/product"}],"about":[{"href":"https:\/\/aukinkochile.com\/web\/wp-json\/wp\/v2\/types\/product"}],"replies":[{"embeddable":true,"href":"https:\/\/aukinkochile.com\/web\/wp-json\/wp\/v2\/comments?post=633899"}],"wp:featuredmedia":[{"embeddable":true,"href":"https:\/\/aukinkochile.com\/web\/wp-json\/wp\/v2\/media\/624356"}],"wp:attachment":[{"href":"https:\/\/aukinkochile.com\/web\/wp-json\/wp\/v2\/media?parent=633899"}],"wp:term":[{"taxonomy":"product_brand","embeddable":true,"href":"https:\/\/aukinkochile.com\/web\/wp-json\/wp\/v2\/product_brand?post=633899"},{"taxonomy":"product_cat","embeddable":true,"href":"https:\/\/aukinkochile.com\/web\/wp-json\/wp\/v2\/product_cat?post=633899"},{"taxonomy":"product_tag","embeddable":true,"href":"https:\/\/aukinkochile.com\/web\/wp-json\/wp\/v2\/product_tag?post=633899"}],"curies":[{"name":"wp","href":"https:\/\/api.w.org\/{rel}","templated":true}]}}