{"id":633872,"date":"2026-02-23T16:33:25","date_gmt":"2026-02-23T16:33:25","guid":{"rendered":"https:\/\/aukinkochile.com\/web\/producto\/puzle-art-500-pz-pajaro\/"},"modified":"2026-02-23T16:33:26","modified_gmt":"2026-02-23T16:33:26","slug":"puzle-art-500-pz-pajaro","status":"publish","type":"product","link":"https:\/\/aukinkochile.com\/web\/producto\/puzle-art-500-pz-pajaro\/","title":{"rendered":"Puzle Art 500 pz P\u00e1jaro"},"content":{"rendered":"<p>Hermoso Puzle de 500 pz con un toque muy especial, el puzle armado tiene la silueta de la imagen. Dise\u00f1ado con colores vivos y maravillosas ilustraciones, este es un puzle muy especial que traer\u00e1 horas de diversi\u00f3n y es en si mismo un objeto de decoraci\u00f3n. Incluye un poster con la imagen del Puzle. Fabricado en cart\u00f3n FSC certificado.<\/p>\n<p><p><strong>Material : <\/strong> Cart\u00f3n FSC<\/p>\n<p><strong>C\u00f3digo Aukinko : <\/strong> 14-57668<\/p>\n<p><strong>C\u00f3digo Convenio Marco : <\/strong> x<\/p>\n","protected":false},"excerpt":{"rendered":"<p>Hermoso Puzle de 500 pz con un toque muy especial, el puzle armado tiene la silueta de la imagen. Dise\u00f1ado con colores vivos y maravillosas ilustraciones, este es un puzle muy especial que traer\u00e1 horas de diversi\u00f3n y es en si mismo un objeto de decoraci\u00f3n. Incluye un poster con la imagen del Puzle. Fabricado [&hellip;]<\/p>\n","protected":false},"featured_media":624041,"comment_status":"open","ping_status":"closed","template":"","meta":{"_et_pb_use_builder":"","_et_pb_old_content":"","_et_gb_content_width":""},"product_brand":[],"product_cat":[20,22],"product_tag":[],"class_list":{"0":"post-633872","1":"product","2":"type-product","3":"status-publish","4":"has-post-thumbnail","6":"product_cat-motricidad-fina","7":"product_cat-puzzles","8":"pa_edad-10-anos","9":"pa_edad-8-a-10-anos","10":"pa_marca-djeco","11":"pa_medidas-34-x-23-cm","13":"first","14":"instock","15":"shipping-taxable","16":"purchasable","17":"product-type-simple"},"aioseo_notices":[],"_links":{"self":[{"href":"https:\/\/aukinkochile.com\/web\/wp-json\/wp\/v2\/product\/633872","targetHints":{"allow":["GET"]}}],"collection":[{"href":"https:\/\/aukinkochile.com\/web\/wp-json\/wp\/v2\/product"}],"about":[{"href":"https:\/\/aukinkochile.com\/web\/wp-json\/wp\/v2\/types\/product"}],"replies":[{"embeddable":true,"href":"https:\/\/aukinkochile.com\/web\/wp-json\/wp\/v2\/comments?post=633872"}],"wp:featuredmedia":[{"embeddable":true,"href":"https:\/\/aukinkochile.com\/web\/wp-json\/wp\/v2\/media\/624041"}],"wp:attachment":[{"href":"https:\/\/aukinkochile.com\/web\/wp-json\/wp\/v2\/media?parent=633872"}],"wp:term":[{"taxonomy":"product_brand","embeddable":true,"href":"https:\/\/aukinkochile.com\/web\/wp-json\/wp\/v2\/product_brand?post=633872"},{"taxonomy":"product_cat","embeddable":true,"href":"https:\/\/aukinkochile.com\/web\/wp-json\/wp\/v2\/product_cat?post=633872"},{"taxonomy":"product_tag","embeddable":true,"href":"https:\/\/aukinkochile.com\/web\/wp-json\/wp\/v2\/product_tag?post=633872"}],"curies":[{"name":"wp","href":"https:\/\/api.w.org\/{rel}","templated":true}]}}