{"id":633862,"date":"2026-02-23T16:33:13","date_gmt":"2026-02-23T16:33:13","guid":{"rendered":"https:\/\/aukinkochile.com\/web\/producto\/instrumento-tambor-metalico-animambo\/"},"modified":"2026-02-23T16:33:14","modified_gmt":"2026-02-23T16:33:14","slug":"instrumento-tambor-metalico-animambo","status":"publish","type":"product","link":"https:\/\/aukinkochile.com\/web\/producto\/instrumento-tambor-metalico-animambo\/","title":{"rendered":"Instrumento Tambor Met\u00e1lico Animambo"},"content":{"rendered":"<p>Un fabuloso tambor de acero con hermosas ilustraciones con tem\u00e1tica de los pueblos nativos americanos. Este instrumento de percusi\u00f3n musical tiene 8 leng\u00fcetas que corresponden a 8 notas musicales diferentes. Es muy intuitivo y f\u00e1cil de tocar: golpea las leng\u00fcetas con las baquetas y escucha el suave y relajante sonido que vibra del instrumento. \u00a1Perfecto para crear o aprender melod\u00edas relajantes! El regalo perfecto para peque\u00f1os m\u00fasicos de 5 a\u00f1os en adelante. El tambor tiene un di\u00e1metro: 16 cm, incluye 2 baquetas de madera peque\u00f1as de 8,5 cm de longitud con punta de goma de 2 cm y 2 tarjetas de doble cara con partituras musicales (18 x 8,5 x 0,2 cm). Con un sonido suave, relajante y agradable. Cada una de las 8 notas para tocar tiene 1 leng\u00fceta con 1 parche numerado y coloreado correspondiente a las indicaciones de las partituras para tocar las 4 piezas. La tapa de goma sobre el orificio en la parte inferior del tambor se puede utilizar para obtener un sonido m\u00e1s silencioso. Se puede acceder a los v\u00eddeos de las 4 piezas a trav\u00e9s del c\u00f3digo QR. Un instrumento de percusi\u00f3n para introducir a los ni\u00f1os a la m\u00fasica y desarrollar su sentido del ritmo.<\/p>\n<p><p><strong>Material : <\/strong> Metal<\/p>\n<p><strong>C\u00f3digo Aukinko : <\/strong> 14-56035<\/p>\n<p><strong>C\u00f3digo Convenio Marco : <\/strong> x<\/p>\n","protected":false},"excerpt":{"rendered":"<p>Un fabuloso tambor de acero con hermosas ilustraciones con tem\u00e1tica de los pueblos nativos americanos. Este instrumento de percusi\u00f3n musical tiene 8 leng\u00fcetas que corresponden a 8 notas musicales diferentes. Es muy intuitivo y f\u00e1cil de tocar: golpea las leng\u00fcetas con las baquetas y escucha el suave y relajante sonido que vibra del instrumento. \u00a1Perfecto [&hellip;]<\/p>\n","protected":false},"featured_media":629915,"comment_status":"open","ping_status":"closed","template":"","meta":{"_et_pb_use_builder":"","_et_pb_old_content":"","_et_gb_content_width":""},"product_brand":[],"product_cat":[392],"product_tag":[],"class_list":{"0":"post-633862","1":"product","2":"type-product","3":"status-publish","4":"has-post-thumbnail","6":"product_cat-musica","7":"pa_edad-10-anos","8":"pa_edad-5-a-6-anos","9":"pa_edad-6-a-8-anos","10":"pa_edad-8-a-10-anos","11":"pa_marca-djeco","12":"pa_medidas-24-x-16","13":"pa_medidas-6-x-10-cm","15":"first","16":"instock","17":"shipping-taxable","18":"purchasable","19":"product-type-simple"},"aioseo_notices":[],"_links":{"self":[{"href":"https:\/\/aukinkochile.com\/web\/wp-json\/wp\/v2\/product\/633862","targetHints":{"allow":["GET"]}}],"collection":[{"href":"https:\/\/aukinkochile.com\/web\/wp-json\/wp\/v2\/product"}],"about":[{"href":"https:\/\/aukinkochile.com\/web\/wp-json\/wp\/v2\/types\/product"}],"replies":[{"embeddable":true,"href":"https:\/\/aukinkochile.com\/web\/wp-json\/wp\/v2\/comments?post=633862"}],"wp:featuredmedia":[{"embeddable":true,"href":"https:\/\/aukinkochile.com\/web\/wp-json\/wp\/v2\/media\/629915"}],"wp:attachment":[{"href":"https:\/\/aukinkochile.com\/web\/wp-json\/wp\/v2\/media?parent=633862"}],"wp:term":[{"taxonomy":"product_brand","embeddable":true,"href":"https:\/\/aukinkochile.com\/web\/wp-json\/wp\/v2\/product_brand?post=633862"},{"taxonomy":"product_cat","embeddable":true,"href":"https:\/\/aukinkochile.com\/web\/wp-json\/wp\/v2\/product_cat?post=633862"},{"taxonomy":"product_tag","embeddable":true,"href":"https:\/\/aukinkochile.com\/web\/wp-json\/wp\/v2\/product_tag?post=633862"}],"curies":[{"name":"wp","href":"https:\/\/api.w.org\/{rel}","templated":true}]}}