{"id":633830,"date":"2026-02-23T16:32:32","date_gmt":"2026-02-23T16:32:32","guid":{"rendered":"https:\/\/aukinkochile.com\/web\/producto\/juego-de-mesa-camelot\/"},"modified":"2026-02-23T16:32:33","modified_gmt":"2026-02-23T16:32:33","slug":"juego-de-mesa-camelot","status":"publish","type":"product","link":"https:\/\/aukinkochile.com\/web\/producto\/juego-de-mesa-camelot\/","title":{"rendered":"Juego De Mesa Camelot"},"content":{"rendered":"<p>Divertido juego de ingenio para pasar horas de diversion. camelot se prepara una vez m\u00e1s para buscar el santo grial.\u00a0el rey arturo y su confidente m\u00e1s cercano, merl\u00edn, idean un plan para combinar las fortalezas de la caballer\u00eda y la magia.\u00a0para hacer esto, cada jugador env\u00eda a un caballero de la mesa redonda y a uno de los aprendices de merl\u00edn juntos.\u00a0junto con un peque\u00f1o s\u00e9quito, los grupos completar\u00e1n varios desaf\u00edos.\u00a0ya sea en el campo o en la corte de camelot, ya sea en justas o descubriendo misterios ocultos, los caballeros y los magos deben trabajar en estrecha colaboraci\u00f3n para asegurar su \u00e9xito y tal vez entregar el grial a su rey cuando regresen a casa. recomendado a partir de 10 a\u00f1os, para jugar de 2 a 5 jugadores.<\/p>\n<p><p><strong>Material : <\/strong> CARTON GRUESO<\/p>\n<p><strong>C\u00f3digo Aukinko : <\/strong> 13-249407<\/p>\n<p><strong>C\u00f3digo Convenio Marco : <\/strong> <\/p>\n","protected":false},"excerpt":{"rendered":"<p>Divertido juego de ingenio para pasar horas de diversion. camelot se prepara una vez m\u00e1s para buscar el santo grial.\u00a0el rey arturo y su confidente m\u00e1s cercano, merl\u00edn, idean un plan para combinar las fortalezas de la caballer\u00eda y la magia.\u00a0para hacer esto, cada jugador env\u00eda a un caballero de la mesa redonda y a [&hellip;]<\/p>\n","protected":false},"featured_media":593430,"comment_status":"open","ping_status":"closed","template":"","meta":{"_et_pb_use_builder":"","_et_pb_old_content":"","_et_gb_content_width":""},"product_brand":[],"product_cat":[149],"product_tag":[],"class_list":{"0":"post-633830","1":"product","2":"type-product","3":"status-publish","4":"has-post-thumbnail","6":"product_cat-juegos-de-mesa","7":"pa_edad-10-anos","8":"pa_marca-schmidt","9":"pa_medidas-4569","10":"pa_medidas-5-x-29","11":"pa_medidas-5-x-7-cm","13":"first","14":"instock","15":"shipping-taxable","16":"purchasable","17":"product-type-simple"},"aioseo_notices":[],"_links":{"self":[{"href":"https:\/\/aukinkochile.com\/web\/wp-json\/wp\/v2\/product\/633830","targetHints":{"allow":["GET"]}}],"collection":[{"href":"https:\/\/aukinkochile.com\/web\/wp-json\/wp\/v2\/product"}],"about":[{"href":"https:\/\/aukinkochile.com\/web\/wp-json\/wp\/v2\/types\/product"}],"replies":[{"embeddable":true,"href":"https:\/\/aukinkochile.com\/web\/wp-json\/wp\/v2\/comments?post=633830"}],"wp:featuredmedia":[{"embeddable":true,"href":"https:\/\/aukinkochile.com\/web\/wp-json\/wp\/v2\/media\/593430"}],"wp:attachment":[{"href":"https:\/\/aukinkochile.com\/web\/wp-json\/wp\/v2\/media?parent=633830"}],"wp:term":[{"taxonomy":"product_brand","embeddable":true,"href":"https:\/\/aukinkochile.com\/web\/wp-json\/wp\/v2\/product_brand?post=633830"},{"taxonomy":"product_cat","embeddable":true,"href":"https:\/\/aukinkochile.com\/web\/wp-json\/wp\/v2\/product_cat?post=633830"},{"taxonomy":"product_tag","embeddable":true,"href":"https:\/\/aukinkochile.com\/web\/wp-json\/wp\/v2\/product_tag?post=633830"}],"curies":[{"name":"wp","href":"https:\/\/api.w.org\/{rel}","templated":true}]}}