{"id":633787,"date":"2026-02-23T16:31:48","date_gmt":"2026-02-23T16:31:48","guid":{"rendered":"https:\/\/aukinkochile.com\/web\/producto\/ciencia-termometro-colegio-amarillo\/"},"modified":"2026-02-23T16:31:49","modified_gmt":"2026-02-23T16:31:49","slug":"ciencia-termometro-colegio-amarillo","status":"publish","type":"product","link":"https:\/\/aukinkochile.com\/web\/producto\/ciencia-termometro-colegio-amarillo\/","title":{"rendered":"Ciencia Term\u00f3metro Colegio Amarillo"},"content":{"rendered":"<p>Term\u00f3metro de pared f\u00e1cil de leer, dise\u00f1ado para asignar a un estudiante cada d\u00eda para que lea la temperatura en Celsius y Fahrenheit. Apto para uso tanto interno como externo. Tiene una longitud de 38 cm.<\/p>\n<p><p><strong>Material : <\/strong> Pl\u00e1stico<\/p>\n<p><strong>C\u00f3digo Aukinko : <\/strong> 09-40380<\/p>\n<p><strong>C\u00f3digo Convenio Marco : <\/strong> x<\/p>\n","protected":false},"excerpt":{"rendered":"<p>Term\u00f3metro de pared f\u00e1cil de leer, dise\u00f1ado para asignar a un estudiante cada d\u00eda para que lea la temperatura en Celsius y Fahrenheit. Apto para uso tanto interno como externo. Tiene una longitud de 38 cm. Material : Pl\u00e1stico C\u00f3digo Aukinko : 09-40380 C\u00f3digo Convenio Marco : x<\/p>\n","protected":false},"featured_media":626796,"comment_status":"open","ping_status":"closed","template":"","meta":{"_et_pb_use_builder":"","_et_pb_old_content":"","_et_gb_content_width":""},"product_brand":[],"product_cat":[91,92],"product_tag":[],"class_list":{"0":"post-633787","1":"product","2":"type-product","3":"status-publish","4":"has-post-thumbnail","6":"product_cat-accesorios-sala","7":"product_cat-ciencias","8":"pa_edad-10-anos","9":"pa_edad-6-a-8-anos","10":"pa_edad-8-a-10-anos","11":"pa_marca-learning","12":"pa_medidas-46-x-10-x-1-cm-envase","14":"first","15":"instock","16":"sale","17":"shipping-taxable","18":"purchasable","19":"product-type-simple"},"aioseo_notices":[],"_links":{"self":[{"href":"https:\/\/aukinkochile.com\/web\/wp-json\/wp\/v2\/product\/633787","targetHints":{"allow":["GET"]}}],"collection":[{"href":"https:\/\/aukinkochile.com\/web\/wp-json\/wp\/v2\/product"}],"about":[{"href":"https:\/\/aukinkochile.com\/web\/wp-json\/wp\/v2\/types\/product"}],"replies":[{"embeddable":true,"href":"https:\/\/aukinkochile.com\/web\/wp-json\/wp\/v2\/comments?post=633787"}],"wp:featuredmedia":[{"embeddable":true,"href":"https:\/\/aukinkochile.com\/web\/wp-json\/wp\/v2\/media\/626796"}],"wp:attachment":[{"href":"https:\/\/aukinkochile.com\/web\/wp-json\/wp\/v2\/media?parent=633787"}],"wp:term":[{"taxonomy":"product_brand","embeddable":true,"href":"https:\/\/aukinkochile.com\/web\/wp-json\/wp\/v2\/product_brand?post=633787"},{"taxonomy":"product_cat","embeddable":true,"href":"https:\/\/aukinkochile.com\/web\/wp-json\/wp\/v2\/product_cat?post=633787"},{"taxonomy":"product_tag","embeddable":true,"href":"https:\/\/aukinkochile.com\/web\/wp-json\/wp\/v2\/product_tag?post=633787"}],"curies":[{"name":"wp","href":"https:\/\/api.w.org\/{rel}","templated":true}]}}