{"id":633758,"date":"2026-02-23T16:31:16","date_gmt":"2026-02-23T16:31:16","guid":{"rendered":"https:\/\/aukinkochile.com\/web\/producto\/puzle-madera-gigante-contar-1-5\/"},"modified":"2026-02-23T16:31:17","modified_gmt":"2026-02-23T16:31:17","slug":"puzle-madera-gigante-contar-1-5","status":"publish","type":"product","link":"https:\/\/aukinkochile.com\/web\/producto\/puzle-madera-gigante-contar-1-5\/","title":{"rendered":"Puzle Madera Gigante Contar 1-5"},"content":{"rendered":"<p>Puzle de 6 pz para aprender a contar del 1 al 5. Construyendo un Puzle de cart\u00f3n de gran tama\u00f1o  y encajando los 15 animales de madera que incluye.<\/p>\n<p><p><strong>Material : <\/strong> Madera y Cart\u00f3n<\/p>\n<p><strong>C\u00f3digo Aukinko : <\/strong> 05-753438<\/p>\n<p><strong>C\u00f3digo Convenio Marco : <\/strong> x<\/p>\n","protected":false},"excerpt":{"rendered":"<p>Puzle de 6 pz para aprender a contar del 1 al 5. Construyendo un Puzle de cart\u00f3n de gran tama\u00f1o y encajando los 15 animales de madera que incluye. Material : Madera y Cart\u00f3n C\u00f3digo Aukinko : 05-753438 C\u00f3digo Convenio Marco : x<\/p>\n","protected":false},"featured_media":623449,"comment_status":"open","ping_status":"closed","template":"","meta":{"_et_pb_use_builder":"","_et_pb_old_content":"","_et_gb_content_width":""},"product_brand":[],"product_cat":[20,22],"product_tag":[],"class_list":{"0":"post-633758","1":"product","2":"type-product","3":"status-publish","4":"has-post-thumbnail","6":"product_cat-motricidad-fina","7":"product_cat-puzzles","8":"pa_edad-2-a-3-anos","9":"pa_edad-3-a-4-anos","10":"pa_edad-4-a-5-anos","11":"pa_marca-diset","12":"pa_medidas-30-x-22-x-5-cm-caja","14":"first","15":"instock","16":"shipping-taxable","17":"purchasable","18":"product-type-simple"},"aioseo_notices":[],"_links":{"self":[{"href":"https:\/\/aukinkochile.com\/web\/wp-json\/wp\/v2\/product\/633758","targetHints":{"allow":["GET"]}}],"collection":[{"href":"https:\/\/aukinkochile.com\/web\/wp-json\/wp\/v2\/product"}],"about":[{"href":"https:\/\/aukinkochile.com\/web\/wp-json\/wp\/v2\/types\/product"}],"replies":[{"embeddable":true,"href":"https:\/\/aukinkochile.com\/web\/wp-json\/wp\/v2\/comments?post=633758"}],"wp:featuredmedia":[{"embeddable":true,"href":"https:\/\/aukinkochile.com\/web\/wp-json\/wp\/v2\/media\/623449"}],"wp:attachment":[{"href":"https:\/\/aukinkochile.com\/web\/wp-json\/wp\/v2\/media?parent=633758"}],"wp:term":[{"taxonomy":"product_brand","embeddable":true,"href":"https:\/\/aukinkochile.com\/web\/wp-json\/wp\/v2\/product_brand?post=633758"},{"taxonomy":"product_cat","embeddable":true,"href":"https:\/\/aukinkochile.com\/web\/wp-json\/wp\/v2\/product_cat?post=633758"},{"taxonomy":"product_tag","embeddable":true,"href":"https:\/\/aukinkochile.com\/web\/wp-json\/wp\/v2\/product_tag?post=633758"}],"curies":[{"name":"wp","href":"https:\/\/api.w.org\/{rel}","templated":true}]}}