{"id":633652,"date":"2026-01-09T21:40:08","date_gmt":"2026-01-09T21:40:08","guid":{"rendered":"https:\/\/aukinkochile.com\/web\/producto\/mordedor-animal-leopardo\/"},"modified":"2026-01-09T21:43:02","modified_gmt":"2026-01-09T21:43:02","slug":"mordedor-animal-leopardo","status":"publish","type":"product","link":"https:\/\/aukinkochile.com\/web\/producto\/mordedor-animal-leopardo\/","title":{"rendered":"Mordedor Animal Leopardo"},"content":{"rendered":"<p>Este adorable leopardo de caucho natural org\u00e1nico es un juguete multiusos muy seguro y atractivo para los m\u00e1s peque\u00f1os. Con un sonajero incorporado, es seguro para la dentici\u00f3n y un juguete ideal para la hora del ba\u00f1o. Un hermoso juguete para comenzar a desarrollar el amor y la curiosidad por los animales. El sonajero mordedor y juguete de ba\u00f1o de leopardo est\u00e1 hecho de caucho natural puro. Certificado como no t\u00f3xico, libre de BPA, libre de ftalatos y libre de PVC. Dise\u00f1ado para que las manos peque\u00f1as lo agarren f\u00e1cilmente. Producto 100% org\u00e1nico. Presentaci\u00f3n en caja.<\/p>\n<p><p><strong>Material : <\/strong> Caucho Natural 100% Org\u00e1nico<\/p>\n<p><strong>C\u00f3digo Aukinko : <\/strong> 18-496020<\/p>\n<p><strong>C\u00f3digo Convenio Marco : <\/strong> x<\/p>\n","protected":false},"excerpt":{"rendered":"<p>Este adorable leopardo de caucho natural org\u00e1nico es un juguete multiusos muy seguro y atractivo para los m\u00e1s peque\u00f1os. Con un sonajero incorporado, es seguro para la dentici\u00f3n y un juguete ideal para la hora del ba\u00f1o. Un hermoso juguete para comenzar a desarrollar el amor y la curiosidad por los animales. El sonajero mordedor [&hellip;]<\/p>\n","protected":false},"featured_media":627116,"comment_status":"open","ping_status":"closed","template":"","meta":{"_et_pb_use_builder":"","_et_pb_old_content":"","_et_gb_content_width":""},"product_brand":[],"product_cat":[212,23],"product_tag":[],"class_list":{"0":"post-633652","1":"product","2":"type-product","3":"status-publish","4":"has-post-thumbnail","6":"product_cat-munecos-y-figuras","7":"product_cat-primeros-anos","8":"pa_edad-0-a-1-ano","9":"pa_edad-1-a-2-anos","10":"pa_edad-2-a-3-anos","11":"pa_marca-tikiri","12":"pa_medidas-9-cm","14":"first","15":"instock","16":"shipping-taxable","17":"purchasable","18":"product-type-simple"},"aioseo_notices":[],"_links":{"self":[{"href":"https:\/\/aukinkochile.com\/web\/wp-json\/wp\/v2\/product\/633652","targetHints":{"allow":["GET"]}}],"collection":[{"href":"https:\/\/aukinkochile.com\/web\/wp-json\/wp\/v2\/product"}],"about":[{"href":"https:\/\/aukinkochile.com\/web\/wp-json\/wp\/v2\/types\/product"}],"replies":[{"embeddable":true,"href":"https:\/\/aukinkochile.com\/web\/wp-json\/wp\/v2\/comments?post=633652"}],"wp:featuredmedia":[{"embeddable":true,"href":"https:\/\/aukinkochile.com\/web\/wp-json\/wp\/v2\/media\/627116"}],"wp:attachment":[{"href":"https:\/\/aukinkochile.com\/web\/wp-json\/wp\/v2\/media?parent=633652"}],"wp:term":[{"taxonomy":"product_brand","embeddable":true,"href":"https:\/\/aukinkochile.com\/web\/wp-json\/wp\/v2\/product_brand?post=633652"},{"taxonomy":"product_cat","embeddable":true,"href":"https:\/\/aukinkochile.com\/web\/wp-json\/wp\/v2\/product_cat?post=633652"},{"taxonomy":"product_tag","embeddable":true,"href":"https:\/\/aukinkochile.com\/web\/wp-json\/wp\/v2\/product_tag?post=633652"}],"curies":[{"name":"wp","href":"https:\/\/api.w.org\/{rel}","templated":true}]}}