{"id":633591,"date":"2026-01-09T21:39:51","date_gmt":"2026-01-09T21:39:51","guid":{"rendered":"https:\/\/aukinkochile.com\/web\/producto\/muneca-trapo-rose-32-cm\/"},"modified":"2026-01-09T21:42:48","modified_gmt":"2026-01-09T21:42:48","slug":"muneca-trapo-rose-32-cm","status":"publish","type":"product","link":"https:\/\/aukinkochile.com\/web\/producto\/muneca-trapo-rose-32-cm\/","title":{"rendered":"Mu\u00f1eca Trapo Rose 32 cm"},"content":{"rendered":"<p>Rose es una hermosa mu\u00f1eca de trapo org\u00e1nica ideal para acompa\u00f1ar a los m\u00e1s peque\u00f1os de la familia. Tiene un vestido bordado con detalles hermosos. Hecha a mano con un cuerpo suave y abrazable, es ideal como compa\u00f1era tranquilizadora o como mu\u00f1eca de empat\u00eda reconfortante. Es perfecta para juegos imaginativos y abrazos suaves. Lavar a mano \u00fanicamente.<\/p>\n<p><p><strong>Material : <\/strong> Algod\u00f3n Org\u00e1nico, Poli\u00e9ster y Lino<\/p>\n<p><strong>C\u00f3digo Aukinko : <\/strong> 18-462083<\/p>\n<p><strong>C\u00f3digo Convenio Marco : <\/strong> x<\/p>\n","protected":false},"excerpt":{"rendered":"<p>Rose es una hermosa mu\u00f1eca de trapo org\u00e1nica ideal para acompa\u00f1ar a los m\u00e1s peque\u00f1os de la familia. Tiene un vestido bordado con detalles hermosos. Hecha a mano con un cuerpo suave y abrazable, es ideal como compa\u00f1era tranquilizadora o como mu\u00f1eca de empat\u00eda reconfortante. Es perfecta para juegos imaginativos y abrazos suaves. Lavar a [&hellip;]<\/p>\n","protected":false},"featured_media":633590,"comment_status":"open","ping_status":"closed","template":"","meta":{"_et_pb_use_builder":"","_et_pb_old_content":"","_et_gb_content_width":""},"product_brand":[],"product_cat":[212,23],"product_tag":[],"class_list":{"0":"post-633591","1":"product","2":"type-product","3":"status-publish","4":"has-post-thumbnail","6":"product_cat-munecos-y-figuras","7":"product_cat-primeros-anos","8":"pa_edad-0-a-1-ano","9":"pa_edad-1-a-2-anos","10":"pa_edad-2-a-3-anos","11":"pa_edad-3-a-4-anos","12":"pa_edad-4-a-5-anos","13":"pa_edad-5-a-6-anos","14":"pa_marca-tikiri","15":"pa_medidas-32-cm","17":"first","18":"instock","19":"shipping-taxable","20":"purchasable","21":"product-type-simple"},"aioseo_notices":[],"_links":{"self":[{"href":"https:\/\/aukinkochile.com\/web\/wp-json\/wp\/v2\/product\/633591","targetHints":{"allow":["GET"]}}],"collection":[{"href":"https:\/\/aukinkochile.com\/web\/wp-json\/wp\/v2\/product"}],"about":[{"href":"https:\/\/aukinkochile.com\/web\/wp-json\/wp\/v2\/types\/product"}],"replies":[{"embeddable":true,"href":"https:\/\/aukinkochile.com\/web\/wp-json\/wp\/v2\/comments?post=633591"}],"wp:featuredmedia":[{"embeddable":true,"href":"https:\/\/aukinkochile.com\/web\/wp-json\/wp\/v2\/media\/633590"}],"wp:attachment":[{"href":"https:\/\/aukinkochile.com\/web\/wp-json\/wp\/v2\/media?parent=633591"}],"wp:term":[{"taxonomy":"product_brand","embeddable":true,"href":"https:\/\/aukinkochile.com\/web\/wp-json\/wp\/v2\/product_brand?post=633591"},{"taxonomy":"product_cat","embeddable":true,"href":"https:\/\/aukinkochile.com\/web\/wp-json\/wp\/v2\/product_cat?post=633591"},{"taxonomy":"product_tag","embeddable":true,"href":"https:\/\/aukinkochile.com\/web\/wp-json\/wp\/v2\/product_tag?post=633591"}],"curies":[{"name":"wp","href":"https:\/\/api.w.org\/{rel}","templated":true}]}}