{"id":633491,"date":"2025-12-16T20:09:48","date_gmt":"2025-12-16T20:09:48","guid":{"rendered":"https:\/\/aukinkochile.com\/web\/producto\/cocina-metal-y-verduras-set-29-pz\/"},"modified":"2025-12-16T20:09:48","modified_gmt":"2025-12-16T20:09:48","slug":"cocina-metal-y-verduras-set-29-pz","status":"publish","type":"product","link":"https:\/\/aukinkochile.com\/web\/producto\/cocina-metal-y-verduras-set-29-pz\/","title":{"rendered":"Cocina Metal y Verduras set 29 pz"},"content":{"rendered":"<p>Set compuesto por 13 piezas de verduras, divertida forma de aprender sobre los colores, formas y nombres de los diferentes vegetales. Est\u00e1n hechos de un material suave y son f\u00e1ciles de lavar, por lo que su hijo puede ser tan creativo como un maestro cocinero. Incluye: 1 caja de verduras con 2 champi\u00f1ones, 1 tomates, 1 cebolla, 1 puerro, 1 pepino, 1 manojo de zanahorias, 1 lechuga y 4 hojas de ensalada.  Anima a los ni\u00f1os a hacer juegos de interpretaci\u00f3n, que les ayudan a desarrollar sus aptitudes sociales imitando a los adultos he inventado sus propios roles, 5 piezas, hechos de acero inoxidable y otros materiales duraderos (Utensilios de cocina infantil), 1 Tabla de madera para picar, medidas: 17,5 x 11,5 cm aprox, 4 tazas diferente colores, Di\u00e1metro: 9,5 cm aprox y alto: 3 cm, 1 Bowl, 1 huevo pl\u00e1stico, 3 utensilios de cocina en madera: cuchara, cuchillo y tenedor, 1 bandeja pl\u00e1stica de 42 x 34 x 3 cm aproximadamente colores variados.<\/p>\n<p><p><strong>Material : <\/strong> Acero, Pl\u00e1stico y Genero<\/p>\n<p><strong>C\u00f3digo Aukinko : <\/strong> 16-4024<\/p>\n<p><strong>C\u00f3digo Convenio Marco : <\/strong> x<\/p>\n","protected":false},"excerpt":{"rendered":"<p>Set compuesto por 13 piezas de verduras, divertida forma de aprender sobre los colores, formas y nombres de los diferentes vegetales. Est\u00e1n hechos de un material suave y son f\u00e1ciles de lavar, por lo que su hijo puede ser tan creativo como un maestro cocinero. Incluye: 1 caja de verduras con 2 champi\u00f1ones, 1 tomates, [&hellip;]<\/p>\n","protected":false},"featured_media":633490,"comment_status":"open","ping_status":"closed","template":"","meta":{"_et_pb_use_builder":"","_et_pb_old_content":"","_et_gb_content_width":""},"product_brand":[],"product_cat":[91,17],"product_tag":[],"class_list":{"0":"post-633491","1":"product","2":"type-product","3":"status-publish","4":"has-post-thumbnail","6":"product_cat-accesorios-sala","7":"product_cat-juegos-de-rol","8":"pa_edad-2-a-3-anos","9":"pa_edad-3-a-4-anos","10":"pa_edad-4-a-5-anos","11":"pa_edad-5-a-6-anos","12":"pa_marca-aukinko","13":"pa_medidas-45-x-36-x-13-cm","15":"first","16":"instock","17":"shipping-taxable","18":"purchasable","19":"product-type-simple"},"aioseo_notices":[],"_links":{"self":[{"href":"https:\/\/aukinkochile.com\/web\/wp-json\/wp\/v2\/product\/633491","targetHints":{"allow":["GET"]}}],"collection":[{"href":"https:\/\/aukinkochile.com\/web\/wp-json\/wp\/v2\/product"}],"about":[{"href":"https:\/\/aukinkochile.com\/web\/wp-json\/wp\/v2\/types\/product"}],"replies":[{"embeddable":true,"href":"https:\/\/aukinkochile.com\/web\/wp-json\/wp\/v2\/comments?post=633491"}],"wp:featuredmedia":[{"embeddable":true,"href":"https:\/\/aukinkochile.com\/web\/wp-json\/wp\/v2\/media\/633490"}],"wp:attachment":[{"href":"https:\/\/aukinkochile.com\/web\/wp-json\/wp\/v2\/media?parent=633491"}],"wp:term":[{"taxonomy":"product_brand","embeddable":true,"href":"https:\/\/aukinkochile.com\/web\/wp-json\/wp\/v2\/product_brand?post=633491"},{"taxonomy":"product_cat","embeddable":true,"href":"https:\/\/aukinkochile.com\/web\/wp-json\/wp\/v2\/product_cat?post=633491"},{"taxonomy":"product_tag","embeddable":true,"href":"https:\/\/aukinkochile.com\/web\/wp-json\/wp\/v2\/product_tag?post=633491"}],"curies":[{"name":"wp","href":"https:\/\/api.w.org\/{rel}","templated":true}]}}