{"id":633359,"date":"2025-11-26T21:57:02","date_gmt":"2025-11-26T21:57:02","guid":{"rendered":"https:\/\/aukinkochile.com\/web\/producto\/muneca-genero-baby-julia\/"},"modified":"2025-11-26T22:09:03","modified_gmt":"2025-11-26T22:09:03","slug":"muneca-genero-baby-julia","status":"publish","type":"product","link":"https:\/\/aukinkochile.com\/web\/producto\/muneca-genero-baby-julia\/","title":{"rendered":"Mu\u00f1eca Genero Baby Julia"},"content":{"rendered":"<p>El primer juego de rol del bebe para dejar el ame a su propio bebe. Suave y blandito. Contiene mu\u00f1eco de 20 x 26 cm manta de 34 x 34 cm mamadera de 4 x 10 cm y mochila porta bebe de 15,5 x 33 cm.<\/p>\n<p><strong>Material : <\/strong> Genero<\/p>\n<p><strong>C\u00f3digo Aukinko : <\/strong> 14-110758<\/p>\n<p><strong>C\u00f3digo Convenio Marco : <\/strong> x<\/p>\n","protected":false},"excerpt":{"rendered":"<p>El primer juego de rol del bebe para dejar el ame a su propio bebe. Suave y blandito. Contiene mu\u00f1eco de 20 x 26 cm manta de 34 x 34 cm mamadera de 4 x 10 cm y mochila porta bebe de 15,5 x 33 cm. Material : Genero C\u00f3digo Aukinko : 14-110758 C\u00f3digo Convenio [&hellip;]<\/p>\n","protected":false},"featured_media":633358,"comment_status":"open","ping_status":"closed","template":"","meta":{"_et_pb_use_builder":"","_et_pb_old_content":"","_et_gb_content_width":""},"product_brand":[],"product_cat":[17,212,23],"product_tag":[],"class_list":{"0":"post-633359","1":"product","2":"type-product","3":"status-publish","4":"has-post-thumbnail","6":"product_cat-juegos-de-rol","7":"product_cat-munecos-y-figuras","8":"product_cat-primeros-anos","9":"pa_edad-0-a-1-ano","10":"pa_edad-1-a-2-anos","11":"pa_edad-2-a-3-anos","12":"pa_edad-3-a-4-anos","13":"pa_marca-kkids","14":"pa_medidas-20-x-26-cm","16":"first","17":"instock","18":"shipping-taxable","19":"purchasable","20":"product-type-simple"},"aioseo_notices":[],"_links":{"self":[{"href":"https:\/\/aukinkochile.com\/web\/wp-json\/wp\/v2\/product\/633359","targetHints":{"allow":["GET"]}}],"collection":[{"href":"https:\/\/aukinkochile.com\/web\/wp-json\/wp\/v2\/product"}],"about":[{"href":"https:\/\/aukinkochile.com\/web\/wp-json\/wp\/v2\/types\/product"}],"replies":[{"embeddable":true,"href":"https:\/\/aukinkochile.com\/web\/wp-json\/wp\/v2\/comments?post=633359"}],"wp:featuredmedia":[{"embeddable":true,"href":"https:\/\/aukinkochile.com\/web\/wp-json\/wp\/v2\/media\/633358"}],"wp:attachment":[{"href":"https:\/\/aukinkochile.com\/web\/wp-json\/wp\/v2\/media?parent=633359"}],"wp:term":[{"taxonomy":"product_brand","embeddable":true,"href":"https:\/\/aukinkochile.com\/web\/wp-json\/wp\/v2\/product_brand?post=633359"},{"taxonomy":"product_cat","embeddable":true,"href":"https:\/\/aukinkochile.com\/web\/wp-json\/wp\/v2\/product_cat?post=633359"},{"taxonomy":"product_tag","embeddable":true,"href":"https:\/\/aukinkochile.com\/web\/wp-json\/wp\/v2\/product_tag?post=633359"}],"curies":[{"name":"wp","href":"https:\/\/api.w.org\/{rel}","templated":true}]}}