{"id":633331,"date":"2025-11-26T21:56:54","date_gmt":"2025-11-26T21:56:54","guid":{"rendered":"https:\/\/aukinkochile.com\/web\/producto\/ropa-conjunto-jardin-36-cm\/"},"modified":"2025-11-26T21:59:12","modified_gmt":"2025-11-26T21:59:12","slug":"ropa-conjunto-jardin-36-cm","status":"publish","type":"product","link":"https:\/\/aukinkochile.com\/web\/producto\/ropa-conjunto-jardin-36-cm\/","title":{"rendered":"Ropa Conjunto Jard\u00edn 36 cm"},"content":{"rendered":"<p>Hermoso conjunto de camisa con cuello floreada y short rosa para que las mu\u00f1ecas de 36 cm paseen con el mejor estilo franc\u00e9s. La ropa de Corolle est\u00e1 hecha de materiales suaves y cuenta con correas de velcro para que los ni\u00f1os y ni\u00f1as la puedan poner y quitar f\u00e1cilmente. Recomendado para ni\u00f1os a partir de 4 a\u00f1os. De excelente calidad y dise\u00f1o.<\/p>\n<p><p><strong>Material : <\/strong> Genero<\/p>\n<p><strong>C\u00f3digo Aukinko : <\/strong> 14-6241190<\/p>\n<p><strong>C\u00f3digo Convenio Marco : <\/strong> x<\/p>\n","protected":false},"excerpt":{"rendered":"<p>Hermoso conjunto de camisa con cuello floreada y short rosa para que las mu\u00f1ecas de 36 cm paseen con el mejor estilo franc\u00e9s. La ropa de Corolle est\u00e1 hecha de materiales suaves y cuenta con correas de velcro para que los ni\u00f1os y ni\u00f1as la puedan poner y quitar f\u00e1cilmente. Recomendado para ni\u00f1os a partir [&hellip;]<\/p>\n","protected":false},"featured_media":625448,"comment_status":"open","ping_status":"closed","template":"","meta":{"_et_pb_use_builder":"","_et_pb_old_content":"","_et_gb_content_width":""},"product_brand":[],"product_cat":[17,212],"product_tag":[],"class_list":{"0":"post-633331","1":"product","2":"type-product","3":"status-publish","4":"has-post-thumbnail","6":"product_cat-juegos-de-rol","7":"product_cat-munecos-y-figuras","8":"pa_edad-4-a-5-anos","9":"pa_edad-5-a-6-anos","10":"pa_edad-6-a-8-anos","11":"pa_edad-8-a-10-anos","12":"pa_marca-corolle","13":"pa_medidas-para-munecas-de-36-cm","15":"first","16":"instock","17":"shipping-taxable","18":"purchasable","19":"product-type-simple"},"aioseo_notices":[],"_links":{"self":[{"href":"https:\/\/aukinkochile.com\/web\/wp-json\/wp\/v2\/product\/633331","targetHints":{"allow":["GET"]}}],"collection":[{"href":"https:\/\/aukinkochile.com\/web\/wp-json\/wp\/v2\/product"}],"about":[{"href":"https:\/\/aukinkochile.com\/web\/wp-json\/wp\/v2\/types\/product"}],"replies":[{"embeddable":true,"href":"https:\/\/aukinkochile.com\/web\/wp-json\/wp\/v2\/comments?post=633331"}],"wp:featuredmedia":[{"embeddable":true,"href":"https:\/\/aukinkochile.com\/web\/wp-json\/wp\/v2\/media\/625448"}],"wp:attachment":[{"href":"https:\/\/aukinkochile.com\/web\/wp-json\/wp\/v2\/media?parent=633331"}],"wp:term":[{"taxonomy":"product_brand","embeddable":true,"href":"https:\/\/aukinkochile.com\/web\/wp-json\/wp\/v2\/product_brand?post=633331"},{"taxonomy":"product_cat","embeddable":true,"href":"https:\/\/aukinkochile.com\/web\/wp-json\/wp\/v2\/product_cat?post=633331"},{"taxonomy":"product_tag","embeddable":true,"href":"https:\/\/aukinkochile.com\/web\/wp-json\/wp\/v2\/product_tag?post=633331"}],"curies":[{"name":"wp","href":"https:\/\/api.w.org\/{rel}","templated":true}]}}