{"id":633164,"date":"2025-11-26T21:56:19","date_gmt":"2025-11-26T21:56:19","guid":{"rendered":"https:\/\/aukinkochile.com\/web\/producto\/peluche-joe-el-dragon\/"},"modified":"2025-11-26T21:59:05","modified_gmt":"2025-11-26T21:59:05","slug":"peluche-joe-el-dragon","status":"publish","type":"product","link":"https:\/\/aukinkochile.com\/web\/producto\/peluche-joe-el-dragon\/","title":{"rendered":"Peluche Joe el Dragon"},"content":{"rendered":"<p>Este peluche XXL tiene un bolsillo dentro de la boca en el que se pueden guardar en secreto prendas de ropa, doudous o peluches y peque\u00f1os tesoros. Adem\u00e1s, tiene un mont\u00f3n de actividades de est\u00edmulo como un cascabel en una pata, ruido de papel en las orejas, un bolsillo lateral con forma de estrella o un espejo. Por \u00faltimo, Joe est\u00e1 acompa\u00f1ado por un b\u00faho sonoro que se puede soltar porque est\u00e1 sujeto con velcro. Se puede transportar f\u00e1cilmente con el asa de tela de la cabeza. Este juguete de actividades de 90 cm est\u00e1 totalmente relleno de poli\u00e9ster reciclado. Con sus detalles de alegres colores, el peluche para guardar secretos Joe animar\u00e1 la decoraci\u00f3n del cuarto del beb\u00e9. Fabricado en material suave y resistente, de excelente calidad y dise\u00f1o.<\/p>\n<p><p><strong>Material : <\/strong> Poli\u00e9ster<\/p>\n<p><strong>C\u00f3digo Aukinko : <\/strong> 09-783358<\/p>\n<p><strong>C\u00f3digo Convenio Marco : <\/strong> x<\/p>\n","protected":false},"excerpt":{"rendered":"<p>Este peluche XXL tiene un bolsillo dentro de la boca en el que se pueden guardar en secreto prendas de ropa, doudous o peluches y peque\u00f1os tesoros. Adem\u00e1s, tiene un mont\u00f3n de actividades de est\u00edmulo como un cascabel en una pata, ruido de papel en las orejas, un bolsillo lateral con forma de estrella o [&hellip;]<\/p>\n","protected":false},"featured_media":633163,"comment_status":"open","ping_status":"closed","template":"","meta":{"_et_pb_use_builder":"","_et_pb_old_content":"","_et_gb_content_width":""},"product_brand":[],"product_cat":[23],"product_tag":[],"class_list":{"0":"post-633164","1":"product","2":"type-product","3":"status-publish","4":"has-post-thumbnail","6":"product_cat-primeros-anos","7":"pa_edad-0-a-1-ano","8":"pa_edad-1-a-2-anos","9":"pa_edad-2-a-3-anos","10":"pa_marca-lilliputiens","11":"pa_medidas-75-x-35-x-38-cm","13":"first","14":"instock","15":"shipping-taxable","16":"purchasable","17":"product-type-simple"},"aioseo_notices":[],"_links":{"self":[{"href":"https:\/\/aukinkochile.com\/web\/wp-json\/wp\/v2\/product\/633164","targetHints":{"allow":["GET"]}}],"collection":[{"href":"https:\/\/aukinkochile.com\/web\/wp-json\/wp\/v2\/product"}],"about":[{"href":"https:\/\/aukinkochile.com\/web\/wp-json\/wp\/v2\/types\/product"}],"replies":[{"embeddable":true,"href":"https:\/\/aukinkochile.com\/web\/wp-json\/wp\/v2\/comments?post=633164"}],"wp:featuredmedia":[{"embeddable":true,"href":"https:\/\/aukinkochile.com\/web\/wp-json\/wp\/v2\/media\/633163"}],"wp:attachment":[{"href":"https:\/\/aukinkochile.com\/web\/wp-json\/wp\/v2\/media?parent=633164"}],"wp:term":[{"taxonomy":"product_brand","embeddable":true,"href":"https:\/\/aukinkochile.com\/web\/wp-json\/wp\/v2\/product_brand?post=633164"},{"taxonomy":"product_cat","embeddable":true,"href":"https:\/\/aukinkochile.com\/web\/wp-json\/wp\/v2\/product_cat?post=633164"},{"taxonomy":"product_tag","embeddable":true,"href":"https:\/\/aukinkochile.com\/web\/wp-json\/wp\/v2\/product_tag?post=633164"}],"curies":[{"name":"wp","href":"https:\/\/api.w.org\/{rel}","templated":true}]}}