{"id":633052,"date":"2025-11-06T19:42:11","date_gmt":"2025-11-06T19:42:11","guid":{"rendered":"https:\/\/aukinkochile.com\/web\/producto\/juego-equilibrio-barra-sensorial\/"},"modified":"2025-11-06T20:06:53","modified_gmt":"2025-11-06T20:06:53","slug":"juego-equilibrio-barra-sensorial","status":"publish","type":"product","link":"https:\/\/aukinkochile.com\/web\/producto\/juego-equilibrio-barra-sensorial\/","title":{"rendered":"Juego Equilibrio Barra Sensorial"},"content":{"rendered":"<p>Descubre un mundo de sensaciones y equilibrio con este innovador circuito sensorial de madera Viga. Este juguete \u00fanico, compuesto por 6 vigas de madera y 1 conector, ofrece a los ni\u00f1os y ni\u00f1as la libertad de crear infinitos circuitos de equilibrio. Cada viga presenta diferentes obst\u00e1culos y texturas que estimulan el sentido del tacto y fomentan el desarrollo de la coordinaci\u00f3n, la creatividad y la autoconfianza. El set incluye obst\u00e1culos de distintos niveles de dificultad, para que puedas ajustar el recorrido a la edad y habilidades de los ni\u00f1os y ni\u00f1as. Sus pr\u00e1cticos conectores integrados facilitan el montaje y el almacenamiento. Es una herramienta ideal para desarrollar la motricidad gruesa y la conciencia corporal en el espacio, garantizando aventuras seguras y emocionantes. Edad recomendada: a partir de 2 a\u00f1os. El conjunto incluye 6 vigas modulares y 1 conector principal. Cada viga tiene diferentes barreras sensoriales. Los elementos pueden conectarse libremente entre s\u00ed, creando nuevas rutas. Garantiza un juego activo, din\u00e1mico y seguro.<\/p>\n<p><p><strong>Material : <\/strong> Madera<\/p>\n<p><strong>C\u00f3digo Aukinko : <\/strong> 18-244792<\/p>\n<p><strong>C\u00f3digo Convenio Marco : <\/strong> x<\/p>\n","protected":false},"excerpt":{"rendered":"<p>Descubre un mundo de sensaciones y equilibrio con este innovador circuito sensorial de madera Viga. Este juguete \u00fanico, compuesto por 6 vigas de madera y 1 conector, ofrece a los ni\u00f1os y ni\u00f1as la libertad de crear infinitos circuitos de equilibrio. Cada viga presenta diferentes obst\u00e1culos y texturas que estimulan el sentido del tacto y [&hellip;]<\/p>\n","protected":false},"featured_media":633051,"comment_status":"open","ping_status":"closed","template":"","meta":{"_et_pb_use_builder":"","_et_pb_old_content":"","_et_gb_content_width":""},"product_brand":[],"product_cat":[91,18],"product_tag":[],"class_list":{"0":"post-633052","1":"product","2":"type-product","3":"status-publish","4":"has-post-thumbnail","6":"product_cat-accesorios-sala","7":"product_cat-motricidad-gruesa","8":"pa_edad-2-a-3-anos","9":"pa_edad-3-a-4-anos","10":"pa_edad-4-a-5-anos","11":"pa_edad-5-a-6-anos","12":"pa_marca-viga","13":"pa_medidas-5-cm","14":"pa_medidas-5-x-3","15":"pa_medidas-70-x-9","17":"first","18":"instock","19":"shipping-taxable","20":"purchasable","21":"product-type-simple"},"aioseo_notices":[],"_links":{"self":[{"href":"https:\/\/aukinkochile.com\/web\/wp-json\/wp\/v2\/product\/633052","targetHints":{"allow":["GET"]}}],"collection":[{"href":"https:\/\/aukinkochile.com\/web\/wp-json\/wp\/v2\/product"}],"about":[{"href":"https:\/\/aukinkochile.com\/web\/wp-json\/wp\/v2\/types\/product"}],"replies":[{"embeddable":true,"href":"https:\/\/aukinkochile.com\/web\/wp-json\/wp\/v2\/comments?post=633052"}],"wp:featuredmedia":[{"embeddable":true,"href":"https:\/\/aukinkochile.com\/web\/wp-json\/wp\/v2\/media\/633051"}],"wp:attachment":[{"href":"https:\/\/aukinkochile.com\/web\/wp-json\/wp\/v2\/media?parent=633052"}],"wp:term":[{"taxonomy":"product_brand","embeddable":true,"href":"https:\/\/aukinkochile.com\/web\/wp-json\/wp\/v2\/product_brand?post=633052"},{"taxonomy":"product_cat","embeddable":true,"href":"https:\/\/aukinkochile.com\/web\/wp-json\/wp\/v2\/product_cat?post=633052"},{"taxonomy":"product_tag","embeddable":true,"href":"https:\/\/aukinkochile.com\/web\/wp-json\/wp\/v2\/product_tag?post=633052"}],"curies":[{"name":"wp","href":"https:\/\/api.w.org\/{rel}","templated":true}]}}