{"id":633022,"date":"2025-11-06T18:46:33","date_gmt":"2025-11-06T18:46:33","guid":{"rendered":"https:\/\/aukinkochile.com\/web\/producto\/set-te-madera\/"},"modified":"2026-03-27T17:01:11","modified_gmt":"2026-03-27T17:01:11","slug":"set-te-madera","status":"publish","type":"product","link":"https:\/\/aukinkochile.com\/web\/producto\/set-te-madera\/","title":{"rendered":"Set Te Madera"},"content":{"rendered":"<p>Hermoso set de te para pasar horas de diversi\u00f3n. Un juego que anima a los ni\u00f1os a participar en juegos de rol creativos, lo que ayuda a desarrollar su imaginaci\u00f3n y la capacidad de simular situaciones cotidianas. Promueve las habilidades sociales a trav\u00e9s de la oportunidad de jugar con otros, el conjunto ense\u00f1a a los ni\u00f1os peque\u00f1os a cooperar, compartir y comportarse educadamente durante las interacciones sociales. Fabricado con madera segura, sin bordes afilados, lo que lo hace adecuado para los m\u00e1s peque\u00f1os. Incluye: 1 tetera con tapa, 2 tazas con platillos, 2 cucharaditas y 2 bolsitas de t\u00e9, 1 jarra de leche, 1 rodaja de lim\u00f3n y rodaja de fresa, 2 galletas, 1 bandeja para servir.<\/p>\n<p><p><strong>Material : <\/strong> Madera<\/p>\n<p><strong>C\u00f3digo Aukinko : <\/strong> 18-244267<\/p>\n<p><strong>C\u00f3digo Convenio Marco : <\/strong> x<\/p>\n","protected":false},"excerpt":{"rendered":"<p>Hermoso set de te para pasar horas de diversi\u00f3n. Un juego que anima a los ni\u00f1os a participar en juegos de rol creativos, lo que ayuda a desarrollar su imaginaci\u00f3n y la capacidad de simular situaciones cotidianas. Promueve las habilidades sociales a trav\u00e9s de la oportunidad de jugar con otros, el conjunto ense\u00f1a a los [&hellip;]<\/p>\n","protected":false},"featured_media":631340,"comment_status":"open","ping_status":"closed","template":"","meta":{"_et_pb_use_builder":"","_et_pb_old_content":"","_et_gb_content_width":""},"product_brand":[],"product_cat":[91,17],"product_tag":[],"class_list":{"0":"post-633022","1":"product","2":"type-product","3":"status-publish","4":"has-post-thumbnail","6":"product_cat-accesorios-sala","7":"product_cat-juegos-de-rol","8":"pa_edad-2-a-3-anos","9":"pa_edad-3-a-4-anos","10":"pa_edad-4-a-5-anos","11":"pa_edad-5-a-6-anos","12":"pa_marca-polar","13":"pa_medidas-2-x-9","14":"pa_medidas-4394","15":"pa_medidas-3-x-18-cm","17":"first","18":"instock","19":"shipping-taxable","20":"purchasable","21":"product-type-simple"},"aioseo_notices":[],"_links":{"self":[{"href":"https:\/\/aukinkochile.com\/web\/wp-json\/wp\/v2\/product\/633022","targetHints":{"allow":["GET"]}}],"collection":[{"href":"https:\/\/aukinkochile.com\/web\/wp-json\/wp\/v2\/product"}],"about":[{"href":"https:\/\/aukinkochile.com\/web\/wp-json\/wp\/v2\/types\/product"}],"replies":[{"embeddable":true,"href":"https:\/\/aukinkochile.com\/web\/wp-json\/wp\/v2\/comments?post=633022"}],"wp:featuredmedia":[{"embeddable":true,"href":"https:\/\/aukinkochile.com\/web\/wp-json\/wp\/v2\/media\/631340"}],"wp:attachment":[{"href":"https:\/\/aukinkochile.com\/web\/wp-json\/wp\/v2\/media?parent=633022"}],"wp:term":[{"taxonomy":"product_brand","embeddable":true,"href":"https:\/\/aukinkochile.com\/web\/wp-json\/wp\/v2\/product_brand?post=633022"},{"taxonomy":"product_cat","embeddable":true,"href":"https:\/\/aukinkochile.com\/web\/wp-json\/wp\/v2\/product_cat?post=633022"},{"taxonomy":"product_tag","embeddable":true,"href":"https:\/\/aukinkochile.com\/web\/wp-json\/wp\/v2\/product_tag?post=633022"}],"curies":[{"name":"wp","href":"https:\/\/api.w.org\/{rel}","templated":true}]}}