{"id":633018,"date":"2025-11-06T18:46:19","date_gmt":"2025-11-06T18:46:19","guid":{"rendered":"https:\/\/aukinkochile.com\/web\/producto\/set-musical-5-pz\/"},"modified":"2025-11-06T18:58:58","modified_gmt":"2025-11-06T18:58:58","slug":"set-musical-5-pz","status":"publish","type":"product","link":"https:\/\/aukinkochile.com\/web\/producto\/set-musical-5-pz\/","title":{"rendered":"Set Musical 5 pz"},"content":{"rendered":"<p>Hermoso set musical compuesto por: 1 Instrumento Xil\u00f3fono Rojo. Medidas 28 X 14, 5 X 4 CM, 1 maraca doble de madera con un suave sonido. Medidas: 14, 5 X 4, 8 CM, 8 X 4 y un set de 3 instrumentos musicales. Incluye impresionantes\u00a0ilustraciones de Magali Attiogbe sobre una pandereta de mariposa, maracas de huevo y una casta\u00f1uela de cocodrilo. Tres instrumentos para introducir a los ni\u00f1os a la m\u00fasica y desarrollar su sentido del ritmo y sus habilidades motoras. Medidas:\u00a022 cm x 20 cm x 6 cm<\/p>\n<p><p><strong>Material : <\/strong> Madera y Pl\u00e1stico<\/p>\n<p><strong>C\u00f3digo Aukinko : <\/strong> 16-1048<\/p>\n<p><strong>C\u00f3digo Convenio Marco : <\/strong> x<\/p>\n","protected":false},"excerpt":{"rendered":"<p>Hermoso set musical compuesto por: 1 Instrumento Xil\u00f3fono Rojo. Medidas 28 X 14, 5 X 4 CM, 1 maraca doble de madera con un suave sonido. Medidas: 14, 5 X 4, 8 CM, 8 X 4 y un set de 3 instrumentos musicales. Incluye impresionantes\u00a0ilustraciones de Magali Attiogbe sobre una pandereta de mariposa, maracas de [&hellip;]<\/p>\n","protected":false},"featured_media":633017,"comment_status":"open","ping_status":"closed","template":"","meta":{"_et_pb_use_builder":"","_et_pb_old_content":"","_et_gb_content_width":""},"product_brand":[],"product_cat":[91,392],"product_tag":[],"class_list":{"0":"post-633018","1":"product","2":"type-product","3":"status-publish","4":"has-post-thumbnail","6":"product_cat-accesorios-sala","7":"product_cat-musica","8":"pa_edad-1-a-2-anos","9":"pa_edad-2-a-3-anos","10":"pa_edad-3-a-4-anos","11":"pa_edad-4-a-5-anos","12":"pa_marca-aukinko","13":"pa_medidas-31-x-24-x-12-cm","15":"first","16":"instock","17":"shipping-taxable","18":"purchasable","19":"product-type-simple"},"aioseo_notices":[],"_links":{"self":[{"href":"https:\/\/aukinkochile.com\/web\/wp-json\/wp\/v2\/product\/633018","targetHints":{"allow":["GET"]}}],"collection":[{"href":"https:\/\/aukinkochile.com\/web\/wp-json\/wp\/v2\/product"}],"about":[{"href":"https:\/\/aukinkochile.com\/web\/wp-json\/wp\/v2\/types\/product"}],"replies":[{"embeddable":true,"href":"https:\/\/aukinkochile.com\/web\/wp-json\/wp\/v2\/comments?post=633018"}],"wp:featuredmedia":[{"embeddable":true,"href":"https:\/\/aukinkochile.com\/web\/wp-json\/wp\/v2\/media\/633017"}],"wp:attachment":[{"href":"https:\/\/aukinkochile.com\/web\/wp-json\/wp\/v2\/media?parent=633018"}],"wp:term":[{"taxonomy":"product_brand","embeddable":true,"href":"https:\/\/aukinkochile.com\/web\/wp-json\/wp\/v2\/product_brand?post=633018"},{"taxonomy":"product_cat","embeddable":true,"href":"https:\/\/aukinkochile.com\/web\/wp-json\/wp\/v2\/product_cat?post=633018"},{"taxonomy":"product_tag","embeddable":true,"href":"https:\/\/aukinkochile.com\/web\/wp-json\/wp\/v2\/product_tag?post=633018"}],"curies":[{"name":"wp","href":"https:\/\/api.w.org\/{rel}","templated":true}]}}