{"id":632980,"date":"2025-11-06T18:29:31","date_gmt":"2025-11-06T18:29:31","guid":{"rendered":"https:\/\/aukinkochile.com\/web\/producto\/hacer-accesorios-cabello-con-tintas\/"},"modified":"2025-11-06T18:43:57","modified_gmt":"2025-11-06T18:43:57","slug":"hacer-accesorios-cabello-con-tintas","status":"publish","type":"product","link":"https:\/\/aukinkochile.com\/web\/producto\/hacer-accesorios-cabello-con-tintas\/","title":{"rendered":"Hacer Accesorios Cabello con Tintas"},"content":{"rendered":"<p>Divertido juego de manualidades para pasar horas de diversi\u00f3n. Con este divertido set los ni\u00f1os y ni\u00f1as crean fabulosos accesorios para el cabello con tintes de colores f\u00e1ciles de usar. Enrolla las gomas el\u00e1sticas alrededor de la tela para crear vibrantes dise\u00f1os tie-dye. Incluye 3 frascos de tinte en polvo, 2 coleteros, 2 diademas, guantes protectores, 20 gomas el\u00e1sticas y gu\u00eda.<\/p>\n<p><p><strong>Material : <\/strong> Cart\u00f3n Grueso y Genero <\/p>\n<p><strong>C\u00f3digo Aukinko : <\/strong> 08-21005698<\/p>\n<p><strong>C\u00f3digo Convenio Marco : <\/strong> x<\/p>\n","protected":false},"excerpt":{"rendered":"<p>Divertido juego de manualidades para pasar horas de diversi\u00f3n. Con este divertido set los ni\u00f1os y ni\u00f1as crean fabulosos accesorios para el cabello con tintes de colores f\u00e1ciles de usar. Enrolla las gomas el\u00e1sticas alrededor de la tela para crear vibrantes dise\u00f1os tie-dye. Incluye 3 frascos de tinte en polvo, 2 coleteros, 2 diademas, guantes [&hellip;]<\/p>\n","protected":false},"featured_media":632979,"comment_status":"open","ping_status":"closed","template":"","meta":{"_et_pb_use_builder":"","_et_pb_old_content":"","_et_gb_content_width":""},"product_brand":[],"product_cat":[21],"product_tag":[],"class_list":{"0":"post-632980","1":"product","2":"type-product","3":"status-publish","4":"has-post-thumbnail","6":"product_cat-arte-y-manipulacion","7":"pa_edad-5-a-6-anos","8":"pa_edad-6-a-8-anos","9":"pa_marca-galt","10":"pa_medidas-4501","11":"pa_medidas-4-cm","12":"pa_medidas-5-x-26","13":"pa_medidas-5-x-3","15":"first","16":"instock","17":"shipping-taxable","18":"purchasable","19":"product-type-simple"},"aioseo_notices":[],"_links":{"self":[{"href":"https:\/\/aukinkochile.com\/web\/wp-json\/wp\/v2\/product\/632980","targetHints":{"allow":["GET"]}}],"collection":[{"href":"https:\/\/aukinkochile.com\/web\/wp-json\/wp\/v2\/product"}],"about":[{"href":"https:\/\/aukinkochile.com\/web\/wp-json\/wp\/v2\/types\/product"}],"replies":[{"embeddable":true,"href":"https:\/\/aukinkochile.com\/web\/wp-json\/wp\/v2\/comments?post=632980"}],"wp:featuredmedia":[{"embeddable":true,"href":"https:\/\/aukinkochile.com\/web\/wp-json\/wp\/v2\/media\/632979"}],"wp:attachment":[{"href":"https:\/\/aukinkochile.com\/web\/wp-json\/wp\/v2\/media?parent=632980"}],"wp:term":[{"taxonomy":"product_brand","embeddable":true,"href":"https:\/\/aukinkochile.com\/web\/wp-json\/wp\/v2\/product_brand?post=632980"},{"taxonomy":"product_cat","embeddable":true,"href":"https:\/\/aukinkochile.com\/web\/wp-json\/wp\/v2\/product_cat?post=632980"},{"taxonomy":"product_tag","embeddable":true,"href":"https:\/\/aukinkochile.com\/web\/wp-json\/wp\/v2\/product_tag?post=632980"}],"curies":[{"name":"wp","href":"https:\/\/api.w.org\/{rel}","templated":true}]}}