{"id":632957,"date":"2025-11-06T18:28:06","date_gmt":"2025-11-06T18:28:06","guid":{"rendered":"https:\/\/aukinkochile.com\/web\/producto\/laboratorio-naturaleza\/"},"modified":"2025-11-06T18:42:07","modified_gmt":"2025-11-06T18:42:07","slug":"laboratorio-naturaleza","status":"publish","type":"product","link":"https:\/\/aukinkochile.com\/web\/producto\/laboratorio-naturaleza\/","title":{"rendered":"Laboratorio Naturaleza"},"content":{"rendered":"<p>Divertido juego de ciencia simplificada para despertar la curiosidad de los m\u00e1s peque\u00f1os. Incluye un libro de laboratorio a todo color de 16 p\u00e1ginas con 4 emocionantes experimentos. Un juego dise\u00f1ado para que los ni\u00f1os y ni\u00f1as descubran la naturaleza cultivando plantas a partir de semillas, creando una escena de la selva tropical con marcadores de animales, aprendiendo sobre el ciclo de vida de las plantas y participando en una emocionante b\u00fasqueda del tesoro. Recomendado a partir de 5 a\u00f1os.<\/p>\n<p><p><strong>Material : <\/strong> Cart\u00f3n Grueso y Pl\u00e1stico<\/p>\n<p><strong>C\u00f3digo Aukinko : <\/strong> 08-21005338<\/p>\n<p><strong>C\u00f3digo Convenio Marco : <\/strong> x<\/p>\n","protected":false},"excerpt":{"rendered":"<p>Divertido juego de ciencia simplificada para despertar la curiosidad de los m\u00e1s peque\u00f1os. Incluye un libro de laboratorio a todo color de 16 p\u00e1ginas con 4 emocionantes experimentos. Un juego dise\u00f1ado para que los ni\u00f1os y ni\u00f1as descubran la naturaleza cultivando plantas a partir de semillas, creando una escena de la selva tropical con marcadores [&hellip;]<\/p>\n","protected":false},"featured_media":632956,"comment_status":"open","ping_status":"closed","template":"","meta":{"_et_pb_use_builder":"","_et_pb_old_content":"","_et_gb_content_width":""},"product_brand":[],"product_cat":[92],"product_tag":[],"class_list":{"0":"post-632957","1":"product","2":"type-product","3":"status-publish","4":"has-post-thumbnail","6":"product_cat-ciencias","7":"pa_edad-5-a-6-anos","8":"pa_edad-6-a-8-anos","9":"pa_edad-8-a-10-anos","10":"pa_marca-galt","11":"pa_medidas-4453","12":"pa_medidas-5-x-14-cm","13":"pa_medidas-5-x-6","15":"first","16":"instock","17":"shipping-taxable","18":"purchasable","19":"product-type-simple"},"aioseo_notices":[],"_links":{"self":[{"href":"https:\/\/aukinkochile.com\/web\/wp-json\/wp\/v2\/product\/632957","targetHints":{"allow":["GET"]}}],"collection":[{"href":"https:\/\/aukinkochile.com\/web\/wp-json\/wp\/v2\/product"}],"about":[{"href":"https:\/\/aukinkochile.com\/web\/wp-json\/wp\/v2\/types\/product"}],"replies":[{"embeddable":true,"href":"https:\/\/aukinkochile.com\/web\/wp-json\/wp\/v2\/comments?post=632957"}],"wp:featuredmedia":[{"embeddable":true,"href":"https:\/\/aukinkochile.com\/web\/wp-json\/wp\/v2\/media\/632956"}],"wp:attachment":[{"href":"https:\/\/aukinkochile.com\/web\/wp-json\/wp\/v2\/media?parent=632957"}],"wp:term":[{"taxonomy":"product_brand","embeddable":true,"href":"https:\/\/aukinkochile.com\/web\/wp-json\/wp\/v2\/product_brand?post=632957"},{"taxonomy":"product_cat","embeddable":true,"href":"https:\/\/aukinkochile.com\/web\/wp-json\/wp\/v2\/product_cat?post=632957"},{"taxonomy":"product_tag","embeddable":true,"href":"https:\/\/aukinkochile.com\/web\/wp-json\/wp\/v2\/product_tag?post=632957"}],"curies":[{"name":"wp","href":"https:\/\/api.w.org\/{rel}","templated":true}]}}