{"id":632949,"date":"2025-11-06T18:27:38","date_gmt":"2025-11-06T18:27:38","guid":{"rendered":"https:\/\/aukinkochile.com\/web\/producto\/peluqueria-maleta\/"},"modified":"2025-11-06T18:41:57","modified_gmt":"2025-11-06T18:41:57","slug":"peluqueria-maleta","status":"publish","type":"product","link":"https:\/\/aukinkochile.com\/web\/producto\/peluqueria-maleta\/","title":{"rendered":"Peluquer\u00eda Maleta"},"content":{"rendered":"<p>Divertido juego de peluquer\u00eda para ni\u00f1os con tizas para el pelo, tatuajes para el cabello y todo lo que necesitas para hacer colets, trenzadas y lazos. Viene en una hermosa maleta. Colorea tu cabello con cuatro tizas temporales y tres hojas de tatuajes met\u00e1licos. Crea cuatro bandas para el pelo y cuatro accesorios brillantes para completar el look. Incluye cuatro compactos de tiza para el pelo, herramienta para hacer lazos de espuma, lazos de espuma hologr\u00e1fica, 4  cinta, 12 tiras de tela variadas, 12 flores de tela, 12 cuentas de flores, 4 bandas el\u00e1sticas para el pelo, 3 hojas de tatuajes met\u00e1licos para el cabello, 4 colgantes, 4 clips para el pelo, gu\u00eda y caja de almacenamiento. Dise\u00f1ado para ni\u00f1os de 6 a\u00f1os en adelante.<\/p>\n<p><p><strong>Material : <\/strong> Genero y Pl\u00e1stico<\/p>\n<p><strong>C\u00f3digo Aukinko : <\/strong> 08-21005269<\/p>\n<p><strong>C\u00f3digo Convenio Marco : <\/strong> x<\/p>\n","protected":false},"excerpt":{"rendered":"<p>Divertido juego de peluquer\u00eda para ni\u00f1os con tizas para el pelo, tatuajes para el cabello y todo lo que necesitas para hacer colets, trenzadas y lazos. Viene en una hermosa maleta. Colorea tu cabello con cuatro tizas temporales y tres hojas de tatuajes met\u00e1licos. Crea cuatro bandas para el pelo y cuatro accesorios brillantes para [&hellip;]<\/p>\n","protected":false},"featured_media":629602,"comment_status":"open","ping_status":"closed","template":"","meta":{"_et_pb_use_builder":"","_et_pb_old_content":"","_et_gb_content_width":""},"product_brand":[],"product_cat":[17],"product_tag":[],"class_list":{"0":"post-632949","1":"product","2":"type-product","3":"status-publish","4":"has-post-thumbnail","6":"product_cat-juegos-de-rol","7":"pa_edad-10-anos","8":"pa_edad-6-a-8-anos","9":"pa_edad-8-a-10-anos","10":"pa_marca-galt","11":"pa_medidas-29-x-20-x-9-cm","13":"first","14":"instock","15":"shipping-taxable","16":"purchasable","17":"product-type-simple"},"aioseo_notices":[],"_links":{"self":[{"href":"https:\/\/aukinkochile.com\/web\/wp-json\/wp\/v2\/product\/632949","targetHints":{"allow":["GET"]}}],"collection":[{"href":"https:\/\/aukinkochile.com\/web\/wp-json\/wp\/v2\/product"}],"about":[{"href":"https:\/\/aukinkochile.com\/web\/wp-json\/wp\/v2\/types\/product"}],"replies":[{"embeddable":true,"href":"https:\/\/aukinkochile.com\/web\/wp-json\/wp\/v2\/comments?post=632949"}],"wp:featuredmedia":[{"embeddable":true,"href":"https:\/\/aukinkochile.com\/web\/wp-json\/wp\/v2\/media\/629602"}],"wp:attachment":[{"href":"https:\/\/aukinkochile.com\/web\/wp-json\/wp\/v2\/media?parent=632949"}],"wp:term":[{"taxonomy":"product_brand","embeddable":true,"href":"https:\/\/aukinkochile.com\/web\/wp-json\/wp\/v2\/product_brand?post=632949"},{"taxonomy":"product_cat","embeddable":true,"href":"https:\/\/aukinkochile.com\/web\/wp-json\/wp\/v2\/product_cat?post=632949"},{"taxonomy":"product_tag","embeddable":true,"href":"https:\/\/aukinkochile.com\/web\/wp-json\/wp\/v2\/product_tag?post=632949"}],"curies":[{"name":"wp","href":"https:\/\/api.w.org\/{rel}","templated":true}]}}