{"id":632933,"date":"2025-11-06T18:26:40","date_gmt":"2025-11-06T18:26:40","guid":{"rendered":"https:\/\/aukinkochile.com\/web\/producto\/pelota-sigueme\/"},"modified":"2025-11-06T18:41:19","modified_gmt":"2025-11-06T18:41:19","slug":"pelota-sigueme","status":"publish","type":"product","link":"https:\/\/aukinkochile.com\/web\/producto\/pelota-sigueme\/","title":{"rendered":"Pelota S\u00edgueme"},"content":{"rendered":"<p>Una pelota motorizada que cambia de color para que el bebe la persiga mientras rueda, luego se detiene y cambia de direcci\u00f3n. La bola se ilumina y los colores cambian a medida que se mueven. Los bebes estar\u00e1n cautivados por el movimiento aleatorio y sus colores. Con bater\u00edas incluidas. Tama\u00f1o pelota 10, 5 cm de di\u00e1metro.<\/p>\n<p><p><strong>Material : <\/strong> Pl\u00e1stico<\/p>\n<p><strong>C\u00f3digo Aukinko : <\/strong> 08-21005059<\/p>\n<p><strong>C\u00f3digo Convenio Marco : <\/strong> x<\/p>\n","protected":false},"excerpt":{"rendered":"<p>Una pelota motorizada que cambia de color para que el bebe la persiga mientras rueda, luego se detiene y cambia de direcci\u00f3n. La bola se ilumina y los colores cambian a medida que se mueven. Los bebes estar\u00e1n cautivados por el movimiento aleatorio y sus colores. Con bater\u00edas incluidas. Tama\u00f1o pelota 10, 5 cm de [&hellip;]<\/p>\n","protected":false},"featured_media":625294,"comment_status":"open","ping_status":"closed","template":"","meta":{"_et_pb_use_builder":"","_et_pb_old_content":"","_et_gb_content_width":""},"product_brand":[],"product_cat":[91,18,23],"product_tag":[],"class_list":{"0":"post-632933","1":"product","2":"type-product","3":"status-publish","4":"has-post-thumbnail","6":"product_cat-accesorios-sala","7":"product_cat-motricidad-gruesa","8":"product_cat-primeros-anos","9":"pa_edad-0-a-1-ano","10":"pa_edad-1-a-2-anos","11":"pa_edad-2-a-3-anos","12":"pa_marca-galt","13":"pa_medidas-4308","14":"pa_medidas-5-cm-caja","15":"pa_medidas-5-x-10","17":"first","18":"instock","19":"shipping-taxable","20":"purchasable","21":"product-type-simple"},"aioseo_notices":[],"_links":{"self":[{"href":"https:\/\/aukinkochile.com\/web\/wp-json\/wp\/v2\/product\/632933","targetHints":{"allow":["GET"]}}],"collection":[{"href":"https:\/\/aukinkochile.com\/web\/wp-json\/wp\/v2\/product"}],"about":[{"href":"https:\/\/aukinkochile.com\/web\/wp-json\/wp\/v2\/types\/product"}],"replies":[{"embeddable":true,"href":"https:\/\/aukinkochile.com\/web\/wp-json\/wp\/v2\/comments?post=632933"}],"wp:featuredmedia":[{"embeddable":true,"href":"https:\/\/aukinkochile.com\/web\/wp-json\/wp\/v2\/media\/625294"}],"wp:attachment":[{"href":"https:\/\/aukinkochile.com\/web\/wp-json\/wp\/v2\/media?parent=632933"}],"wp:term":[{"taxonomy":"product_brand","embeddable":true,"href":"https:\/\/aukinkochile.com\/web\/wp-json\/wp\/v2\/product_brand?post=632933"},{"taxonomy":"product_cat","embeddable":true,"href":"https:\/\/aukinkochile.com\/web\/wp-json\/wp\/v2\/product_cat?post=632933"},{"taxonomy":"product_tag","embeddable":true,"href":"https:\/\/aukinkochile.com\/web\/wp-json\/wp\/v2\/product_tag?post=632933"}],"curies":[{"name":"wp","href":"https:\/\/api.w.org\/{rel}","templated":true}]}}