{"id":632926,"date":"2025-11-06T18:26:12","date_gmt":"2025-11-06T18:26:12","guid":{"rendered":"https:\/\/aukinkochile.com\/web\/producto\/hacer-guirnalda-flores-led\/"},"modified":"2025-11-06T18:41:06","modified_gmt":"2025-11-06T18:41:06","slug":"hacer-guirnalda-flores-led","status":"publish","type":"product","link":"https:\/\/aukinkochile.com\/web\/producto\/hacer-guirnalda-flores-led\/","title":{"rendered":"Hacer Guirnalda Flores Led"},"content":{"rendered":"<p>Haz una sorprendente guirnalda de 10 luces de flores para decorar. Personalice coloreando las flores estampadas, y luego pegar los p\u00e9talos alrededor de la lampara para crear una pantalla. Contiene hojas surtidas de flores de papel pre-cortadas, 2 pilas AA, 6 mini plumas de fibra, c\u00edrculos adhesivos y gu\u00eda.<\/p>\n<p><p><strong>Material : <\/strong> Papel<\/p>\n<p><strong>C\u00f3digo Aukinko : <\/strong> 08-21004924<\/p>\n<p><strong>C\u00f3digo Convenio Marco : <\/strong> x<\/p>\n","protected":false},"excerpt":{"rendered":"<p>Haz una sorprendente guirnalda de 10 luces de flores para decorar. Personalice coloreando las flores estampadas, y luego pegar los p\u00e9talos alrededor de la lampara para crear una pantalla. Contiene hojas surtidas de flores de papel pre-cortadas, 2 pilas AA, 6 mini plumas de fibra, c\u00edrculos adhesivos y gu\u00eda. Material : Papel C\u00f3digo Aukinko : [&hellip;]<\/p>\n","protected":false},"featured_media":629576,"comment_status":"open","ping_status":"closed","template":"","meta":{"_et_pb_use_builder":"","_et_pb_old_content":"","_et_gb_content_width":""},"product_brand":[],"product_cat":[21,20],"product_tag":[],"class_list":{"0":"post-632926","1":"product","2":"type-product","3":"status-publish","4":"has-post-thumbnail","6":"product_cat-arte-y-manipulacion","7":"product_cat-motricidad-fina","8":"pa_edad-10-anos","9":"pa_edad-5-a-6-anos","10":"pa_edad-6-a-8-anos","11":"pa_edad-8-a-10-anos","12":"pa_marca-galt","13":"pa_medidas-28-x-5-x-20-cm","15":"first","16":"instock","17":"shipping-taxable","18":"purchasable","19":"product-type-simple"},"aioseo_notices":[],"_links":{"self":[{"href":"https:\/\/aukinkochile.com\/web\/wp-json\/wp\/v2\/product\/632926","targetHints":{"allow":["GET"]}}],"collection":[{"href":"https:\/\/aukinkochile.com\/web\/wp-json\/wp\/v2\/product"}],"about":[{"href":"https:\/\/aukinkochile.com\/web\/wp-json\/wp\/v2\/types\/product"}],"replies":[{"embeddable":true,"href":"https:\/\/aukinkochile.com\/web\/wp-json\/wp\/v2\/comments?post=632926"}],"wp:featuredmedia":[{"embeddable":true,"href":"https:\/\/aukinkochile.com\/web\/wp-json\/wp\/v2\/media\/629576"}],"wp:attachment":[{"href":"https:\/\/aukinkochile.com\/web\/wp-json\/wp\/v2\/media?parent=632926"}],"wp:term":[{"taxonomy":"product_brand","embeddable":true,"href":"https:\/\/aukinkochile.com\/web\/wp-json\/wp\/v2\/product_brand?post=632926"},{"taxonomy":"product_cat","embeddable":true,"href":"https:\/\/aukinkochile.com\/web\/wp-json\/wp\/v2\/product_cat?post=632926"},{"taxonomy":"product_tag","embeddable":true,"href":"https:\/\/aukinkochile.com\/web\/wp-json\/wp\/v2\/product_tag?post=632926"}],"curies":[{"name":"wp","href":"https:\/\/api.w.org\/{rel}","templated":true}]}}