{"id":632924,"date":"2025-11-06T18:26:04","date_gmt":"2025-11-06T18:26:04","guid":{"rendered":"https:\/\/aukinkochile.com\/web\/producto\/puzle-progresivo-12-16-20-y-24-pz-dinosaurios\/"},"modified":"2025-11-06T18:40:46","modified_gmt":"2025-11-06T18:40:46","slug":"puzle-progresivo-12-16-20-y-24-pz-dinosaurios","status":"publish","type":"product","link":"https:\/\/aukinkochile.com\/web\/producto\/puzle-progresivo-12-16-20-y-24-pz-dinosaurios\/","title":{"rendered":"Puzle Progresivo 12, 16, 20 y 24 pz Dinosaurios"},"content":{"rendered":"<p>Set de 4 Puzles de 12, 16,20 y 24 piezas de gran calidad. Con dibujos coloridos. Piezas de cart\u00f3n duro. De calce perfecto. <\/p>\n<p><p><strong>Material : <\/strong> Cart\u00f3n<\/p>\n<p><strong>C\u00f3digo Aukinko : <\/strong> 08-21004735<\/p>\n<p><strong>C\u00f3digo Convenio Marco : <\/strong> x<\/p>\n","protected":false},"excerpt":{"rendered":"<p>Set de 4 Puzles de 12, 16,20 y 24 piezas de gran calidad. Con dibujos coloridos. Piezas de cart\u00f3n duro. De calce perfecto. Material : Cart\u00f3n C\u00f3digo Aukinko : 08-21004735 C\u00f3digo Convenio Marco : x<\/p>\n","protected":false},"featured_media":625267,"comment_status":"open","ping_status":"closed","template":"","meta":{"_et_pb_use_builder":"","_et_pb_old_content":"","_et_gb_content_width":""},"product_brand":[],"product_cat":[91,20,22],"product_tag":[],"class_list":{"0":"post-632924","1":"product","2":"type-product","3":"status-publish","4":"has-post-thumbnail","6":"product_cat-accesorios-sala","7":"product_cat-motricidad-fina","8":"product_cat-puzzles","9":"pa_edad-3-a-4-anos","10":"pa_edad-4-a-5-anos","11":"pa_edad-5-a-6-anos","12":"pa_marca-galt","13":"pa_medidas-17-x-23-x-5-cm","15":"first","16":"instock","17":"shipping-taxable","18":"purchasable","19":"product-type-simple"},"aioseo_notices":[],"_links":{"self":[{"href":"https:\/\/aukinkochile.com\/web\/wp-json\/wp\/v2\/product\/632924","targetHints":{"allow":["GET"]}}],"collection":[{"href":"https:\/\/aukinkochile.com\/web\/wp-json\/wp\/v2\/product"}],"about":[{"href":"https:\/\/aukinkochile.com\/web\/wp-json\/wp\/v2\/types\/product"}],"replies":[{"embeddable":true,"href":"https:\/\/aukinkochile.com\/web\/wp-json\/wp\/v2\/comments?post=632924"}],"wp:featuredmedia":[{"embeddable":true,"href":"https:\/\/aukinkochile.com\/web\/wp-json\/wp\/v2\/media\/625267"}],"wp:attachment":[{"href":"https:\/\/aukinkochile.com\/web\/wp-json\/wp\/v2\/media?parent=632924"}],"wp:term":[{"taxonomy":"product_brand","embeddable":true,"href":"https:\/\/aukinkochile.com\/web\/wp-json\/wp\/v2\/product_brand?post=632924"},{"taxonomy":"product_cat","embeddable":true,"href":"https:\/\/aukinkochile.com\/web\/wp-json\/wp\/v2\/product_cat?post=632924"},{"taxonomy":"product_tag","embeddable":true,"href":"https:\/\/aukinkochile.com\/web\/wp-json\/wp\/v2\/product_tag?post=632924"}],"curies":[{"name":"wp","href":"https:\/\/api.w.org\/{rel}","templated":true}]}}