{"id":632914,"date":"2025-11-06T18:25:27","date_gmt":"2025-11-06T18:25:27","guid":{"rendered":"https:\/\/aukinkochile.com\/web\/producto\/hacer-cintillos\/"},"modified":"2025-11-06T18:40:37","modified_gmt":"2025-11-06T18:40:37","slug":"hacer-cintillos","status":"publish","type":"product","link":"https:\/\/aukinkochile.com\/web\/producto\/hacer-cintillos\/","title":{"rendered":"Hacer Cintillos"},"content":{"rendered":"<p>Con este divertido set ni\u00f1os y ni\u00f1as podr\u00e1n hacer 8 hermosas trenzas para el cabello con tiras de tela de colores con flores y cuentas. Solo deben enhebrar las flores y las cuentas mientras realizan las trenzas y luego atarlas con las cuerdas el\u00e1sticas al cabello. Ideal para pasar horas de diversi\u00f3n en fiestas, pijamadas o un d\u00eda cualquiera. Incluye: 30 tiras de tela surtidas, 25 flores de tela, 25 cuentas, 8 gomas el\u00e1sticas para el pelo y gu\u00eda. Un divertido juego para estimular la motricidad fina y la creatividad de ni\u00f1as y ni\u00f1os.<\/p>\n<p><p><strong>Material : <\/strong> Genero<\/p>\n<p><strong>C\u00f3digo Aukinko : <\/strong> 08-21004309<\/p>\n<p><strong>C\u00f3digo Convenio Marco : <\/strong> x<\/p>\n","protected":false},"excerpt":{"rendered":"<p>Con este divertido set ni\u00f1os y ni\u00f1as podr\u00e1n hacer 8 hermosas trenzas para el cabello con tiras de tela de colores con flores y cuentas. Solo deben enhebrar las flores y las cuentas mientras realizan las trenzas y luego atarlas con las cuerdas el\u00e1sticas al cabello. Ideal para pasar horas de diversi\u00f3n en fiestas, pijamadas [&hellip;]<\/p>\n","protected":false},"featured_media":622442,"comment_status":"open","ping_status":"closed","template":"","meta":{"_et_pb_use_builder":"","_et_pb_old_content":"","_et_gb_content_width":""},"product_brand":[],"product_cat":[21,20],"product_tag":[],"class_list":{"0":"post-632914","1":"product","2":"type-product","3":"status-publish","4":"has-post-thumbnail","6":"product_cat-arte-y-manipulacion","7":"product_cat-motricidad-fina","8":"pa_edad-10-anos","9":"pa_edad-6-a-8-anos","10":"pa_edad-8-a-10-anos","11":"pa_marca-galt","12":"pa_medidas-4563","13":"pa_medidas-5-x-5-x-20-cm","15":"first","16":"instock","17":"shipping-taxable","18":"purchasable","19":"product-type-simple"},"aioseo_notices":[],"_links":{"self":[{"href":"https:\/\/aukinkochile.com\/web\/wp-json\/wp\/v2\/product\/632914","targetHints":{"allow":["GET"]}}],"collection":[{"href":"https:\/\/aukinkochile.com\/web\/wp-json\/wp\/v2\/product"}],"about":[{"href":"https:\/\/aukinkochile.com\/web\/wp-json\/wp\/v2\/types\/product"}],"replies":[{"embeddable":true,"href":"https:\/\/aukinkochile.com\/web\/wp-json\/wp\/v2\/comments?post=632914"}],"wp:featuredmedia":[{"embeddable":true,"href":"https:\/\/aukinkochile.com\/web\/wp-json\/wp\/v2\/media\/622442"}],"wp:attachment":[{"href":"https:\/\/aukinkochile.com\/web\/wp-json\/wp\/v2\/media?parent=632914"}],"wp:term":[{"taxonomy":"product_brand","embeddable":true,"href":"https:\/\/aukinkochile.com\/web\/wp-json\/wp\/v2\/product_brand?post=632914"},{"taxonomy":"product_cat","embeddable":true,"href":"https:\/\/aukinkochile.com\/web\/wp-json\/wp\/v2\/product_cat?post=632914"},{"taxonomy":"product_tag","embeddable":true,"href":"https:\/\/aukinkochile.com\/web\/wp-json\/wp\/v2\/product_tag?post=632914"}],"curies":[{"name":"wp","href":"https:\/\/api.w.org\/{rel}","templated":true}]}}