{"id":632872,"date":"2025-11-06T18:22:54","date_gmt":"2025-11-06T18:22:54","guid":{"rendered":"https:\/\/aukinkochile.com\/web\/producto\/cuaderno-magico-espacio\/"},"modified":"2025-11-06T18:37:42","modified_gmt":"2025-11-06T18:37:42","slug":"cuaderno-magico-espacio","status":"publish","type":"product","link":"https:\/\/aukinkochile.com\/web\/producto\/cuaderno-magico-espacio\/","title":{"rendered":"Cuaderno M\u00e1gico Espacio"},"content":{"rendered":"<p>Divertido cuaderno Water Magic para pasar horas de diversi\u00f3n. Incluye ilustraciones del espacio reutilizables para pintar con el bol\u00edgrafo de agua grueso. Este divertido cuaderno se colorea con el bol\u00edgrafo de agua, solo se debe llenar el bol\u00edgrafo y utilizarlo para revelar las im\u00e1genes ocultas del espacio. Las im\u00e1genes de colores aparecen m\u00e1gicamente y luego desaparecen para que los ni\u00f1os puedan disfrutar coloreando una y otra vez. Ideal para viajar.<\/p>\n<p><p><strong>Material : <\/strong> Cart\u00f3n Grueso<\/p>\n<p><strong>C\u00f3digo Aukinko : <\/strong> 08-20400294<\/p>\n<p><strong>C\u00f3digo Convenio Marco : <\/strong> x<\/p>\n","protected":false},"excerpt":{"rendered":"<p>Divertido cuaderno Water Magic para pasar horas de diversi\u00f3n. Incluye ilustraciones del espacio reutilizables para pintar con el bol\u00edgrafo de agua grueso. Este divertido cuaderno se colorea con el bol\u00edgrafo de agua, solo se debe llenar el bol\u00edgrafo y utilizarlo para revelar las im\u00e1genes ocultas del espacio. Las im\u00e1genes de colores aparecen m\u00e1gicamente y luego [&hellip;]<\/p>\n","protected":false},"featured_media":632871,"comment_status":"open","ping_status":"closed","template":"","meta":{"_et_pb_use_builder":"","_et_pb_old_content":"","_et_gb_content_width":""},"product_brand":[],"product_cat":[21],"product_tag":[],"class_list":{"0":"post-632872","1":"product","2":"type-product","3":"status-publish","4":"has-post-thumbnail","6":"product_cat-arte-y-manipulacion","7":"pa_edad-3-a-4-anos","8":"pa_edad-4-a-5-anos","9":"pa_edad-5-a-6-anos","10":"pa_marca-galt","11":"pa_medidas-4314","12":"pa_medidas-5-cm","13":"pa_medidas-5-x-1","14":"pa_medidas-5-x-26","16":"first","17":"instock","18":"shipping-taxable","19":"purchasable","20":"product-type-simple"},"aioseo_notices":[],"_links":{"self":[{"href":"https:\/\/aukinkochile.com\/web\/wp-json\/wp\/v2\/product\/632872","targetHints":{"allow":["GET"]}}],"collection":[{"href":"https:\/\/aukinkochile.com\/web\/wp-json\/wp\/v2\/product"}],"about":[{"href":"https:\/\/aukinkochile.com\/web\/wp-json\/wp\/v2\/types\/product"}],"replies":[{"embeddable":true,"href":"https:\/\/aukinkochile.com\/web\/wp-json\/wp\/v2\/comments?post=632872"}],"wp:featuredmedia":[{"embeddable":true,"href":"https:\/\/aukinkochile.com\/web\/wp-json\/wp\/v2\/media\/632871"}],"wp:attachment":[{"href":"https:\/\/aukinkochile.com\/web\/wp-json\/wp\/v2\/media?parent=632872"}],"wp:term":[{"taxonomy":"product_brand","embeddable":true,"href":"https:\/\/aukinkochile.com\/web\/wp-json\/wp\/v2\/product_brand?post=632872"},{"taxonomy":"product_cat","embeddable":true,"href":"https:\/\/aukinkochile.com\/web\/wp-json\/wp\/v2\/product_cat?post=632872"},{"taxonomy":"product_tag","embeddable":true,"href":"https:\/\/aukinkochile.com\/web\/wp-json\/wp\/v2\/product_tag?post=632872"}],"curies":[{"name":"wp","href":"https:\/\/api.w.org\/{rel}","templated":true}]}}