{"id":632830,"date":"2025-10-22T14:50:47","date_gmt":"2025-10-22T14:50:47","guid":{"rendered":"https:\/\/aukinkochile.com\/web\/producto\/autos-rapidos-set-3-pz\/"},"modified":"2025-10-22T14:54:11","modified_gmt":"2025-10-22T14:54:11","slug":"autos-rapidos-set-3-pz","status":"publish","type":"product","link":"https:\/\/aukinkochile.com\/web\/producto\/autos-rapidos-set-3-pz\/","title":{"rendered":"Autos R\u00e1pidos set 3 pz"},"content":{"rendered":"<p>Divertido set de tres autos de carreras de 5 cm con retroceso listos para competir en una pista de carreras. Cada paquete contiene un auto rojo, uno azul y uno verde. Con luces intermitentes que se activan al retroceder para iluminar el camino por el que corren los autos. Los autos est\u00e1n hechos de pl\u00e1stico no t\u00f3xico e incluyen bater\u00edas no reemplazables.<\/p>\n<p><p><strong>Material : <\/strong> Pl\u00e1stico<\/p>\n<p><strong>C\u00f3digo Aukinko : <\/strong> 11-24460<\/p>\n<p><strong>C\u00f3digo Convenio Marco : <\/strong> x<\/p>\n","protected":false},"excerpt":{"rendered":"<p>Divertido set de tres autos de carreras de 5 cm con retroceso listos para competir en una pista de carreras. Cada paquete contiene un auto rojo, uno azul y uno verde. Con luces intermitentes que se activan al retroceder para iluminar el camino por el que corren los autos. Los autos est\u00e1n hechos de pl\u00e1stico [&hellip;]<\/p>\n","protected":false},"featured_media":632829,"comment_status":"open","ping_status":"closed","template":"","meta":{"_et_pb_use_builder":"","_et_pb_old_content":"","_et_gb_content_width":""},"product_brand":[],"product_cat":[17],"product_tag":[],"class_list":{"0":"post-632830","1":"product","2":"type-product","3":"status-publish","4":"has-post-thumbnail","6":"product_cat-juegos-de-rol","7":"pa_edad-3-a-4-anos","8":"pa_edad-4-a-5-anos","9":"pa_edad-5-a-6-anos","10":"pa_edad-6-a-8-anos","11":"pa_marca-toysmith","12":"pa_medidas-5-cm","13":"pa_medidas-5-x-17","14":"pa_medidas-9-x-2","16":"first","17":"instock","18":"shipping-taxable","19":"purchasable","20":"product-type-simple"},"aioseo_notices":[],"_links":{"self":[{"href":"https:\/\/aukinkochile.com\/web\/wp-json\/wp\/v2\/product\/632830","targetHints":{"allow":["GET"]}}],"collection":[{"href":"https:\/\/aukinkochile.com\/web\/wp-json\/wp\/v2\/product"}],"about":[{"href":"https:\/\/aukinkochile.com\/web\/wp-json\/wp\/v2\/types\/product"}],"replies":[{"embeddable":true,"href":"https:\/\/aukinkochile.com\/web\/wp-json\/wp\/v2\/comments?post=632830"}],"wp:featuredmedia":[{"embeddable":true,"href":"https:\/\/aukinkochile.com\/web\/wp-json\/wp\/v2\/media\/632829"}],"wp:attachment":[{"href":"https:\/\/aukinkochile.com\/web\/wp-json\/wp\/v2\/media?parent=632830"}],"wp:term":[{"taxonomy":"product_brand","embeddable":true,"href":"https:\/\/aukinkochile.com\/web\/wp-json\/wp\/v2\/product_brand?post=632830"},{"taxonomy":"product_cat","embeddable":true,"href":"https:\/\/aukinkochile.com\/web\/wp-json\/wp\/v2\/product_cat?post=632830"},{"taxonomy":"product_tag","embeddable":true,"href":"https:\/\/aukinkochile.com\/web\/wp-json\/wp\/v2\/product_tag?post=632830"}],"curies":[{"name":"wp","href":"https:\/\/api.w.org\/{rel}","templated":true}]}}