{"id":632770,"date":"2025-10-22T14:48:40","date_gmt":"2025-10-22T14:48:40","guid":{"rendered":"https:\/\/aukinkochile.com\/web\/producto\/vehiculo-auto-carrera-c-u\/"},"modified":"2025-10-22T14:53:56","modified_gmt":"2025-10-22T14:53:56","slug":"vehiculo-auto-carrera-c-u","status":"publish","type":"product","link":"https:\/\/aukinkochile.com\/web\/producto\/vehiculo-auto-carrera-c-u\/","title":{"rendered":"Veh\u00edculo Auto Carrera C\/U"},"content":{"rendered":"<p>Auto de metal con partes pl\u00e1sticas. Con tracci\u00f3n. Replica modelo real. De excelente calidad y dise\u00f1o. Puertas que se abren. En variados colores. Precio por unidad.<\/p>\n<p><p><strong>Material : <\/strong> Pl\u00e1stico y Metal<\/p>\n<p><strong>C\u00f3digo Aukinko : <\/strong> 11-24868<\/p>\n<p><strong>C\u00f3digo Convenio Marco : <\/strong> x<\/p>\n","protected":false},"excerpt":{"rendered":"<p>Auto de metal con partes pl\u00e1sticas. Con tracci\u00f3n. Replica modelo real. De excelente calidad y dise\u00f1o. Puertas que se abren. En variados colores. Precio por unidad. Material : Pl\u00e1stico y Metal C\u00f3digo Aukinko : 11-24868 C\u00f3digo Convenio Marco : x<\/p>\n","protected":false},"featured_media":632769,"comment_status":"open","ping_status":"closed","template":"","meta":{"_et_pb_use_builder":"","_et_pb_old_content":"","_et_gb_content_width":""},"product_brand":[],"product_cat":[17],"product_tag":[],"class_list":{"0":"post-632770","1":"product","2":"type-product","3":"status-publish","4":"has-post-thumbnail","6":"product_cat-juegos-de-rol","7":"pa_edad-10-anos","8":"pa_edad-4-a-5-anos","9":"pa_edad-5-a-6-anos","10":"pa_edad-6-a-8-anos","11":"pa_edad-8-a-10-anos","12":"pa_marca-toysmith","13":"pa_medidas-4478","14":"pa_medidas-4-cm","16":"first","17":"instock","18":"shipping-taxable","19":"purchasable","20":"product-type-simple"},"aioseo_notices":[],"_links":{"self":[{"href":"https:\/\/aukinkochile.com\/web\/wp-json\/wp\/v2\/product\/632770","targetHints":{"allow":["GET"]}}],"collection":[{"href":"https:\/\/aukinkochile.com\/web\/wp-json\/wp\/v2\/product"}],"about":[{"href":"https:\/\/aukinkochile.com\/web\/wp-json\/wp\/v2\/types\/product"}],"replies":[{"embeddable":true,"href":"https:\/\/aukinkochile.com\/web\/wp-json\/wp\/v2\/comments?post=632770"}],"wp:featuredmedia":[{"embeddable":true,"href":"https:\/\/aukinkochile.com\/web\/wp-json\/wp\/v2\/media\/632769"}],"wp:attachment":[{"href":"https:\/\/aukinkochile.com\/web\/wp-json\/wp\/v2\/media?parent=632770"}],"wp:term":[{"taxonomy":"product_brand","embeddable":true,"href":"https:\/\/aukinkochile.com\/web\/wp-json\/wp\/v2\/product_brand?post=632770"},{"taxonomy":"product_cat","embeddable":true,"href":"https:\/\/aukinkochile.com\/web\/wp-json\/wp\/v2\/product_cat?post=632770"},{"taxonomy":"product_tag","embeddable":true,"href":"https:\/\/aukinkochile.com\/web\/wp-json\/wp\/v2\/product_tag?post=632770"}],"curies":[{"name":"wp","href":"https:\/\/api.w.org\/{rel}","templated":true}]}}