{"id":632686,"date":"2025-10-02T15:58:52","date_gmt":"2025-10-02T15:58:52","guid":{"rendered":"https:\/\/aukinkochile.com\/web\/producto\/set-de-gimnasia-ritmica\/"},"modified":"2025-10-02T15:58:57","modified_gmt":"2025-10-02T15:58:57","slug":"set-de-gimnasia-ritmica","status":"publish","type":"product","link":"https:\/\/aukinkochile.com\/web\/producto\/set-de-gimnasia-ritmica\/","title":{"rendered":"Set de Gimnasia R\u00edtmica"},"content":{"rendered":"<p>Set de gimnasia r\u00edtmica compuesto por: 4 Aros de pl\u00e1stico de 60 cm de di\u00e1metro de excelente calidad y resistencia, 6 pa\u00f1uelos de gasa para variadas actividades de juegos sensoriales y malabares. Medidas: 67 x 67 cm, 4 Pelotas\u00a0de Gimnasia R\u00edtmica 17 cm c\/u, 4 cintas de colores arco\u00edris para danza y gimnasia, medidas: 4 mt x 4,5 cm c\/u y 4 Argollas con cintas de colores. Largo de la cinta 58 cm<\/p>\n<p><p><strong>Material : <\/strong> Pl\u00e1stico y Genero<\/p>\n<p><strong>C\u00f3digo Aukinko : <\/strong> 16-1040<\/p>\n<p><strong>C\u00f3digo Convenio Marco : <\/strong> x<\/p>\n","protected":false},"excerpt":{"rendered":"<p>Set de gimnasia r\u00edtmica compuesto por: 4 Aros de pl\u00e1stico de 60 cm de di\u00e1metro de excelente calidad y resistencia, 6 pa\u00f1uelos de gasa para variadas actividades de juegos sensoriales y malabares. Medidas: 67 x 67 cm, 4 Pelotas\u00a0de Gimnasia R\u00edtmica 17 cm c\/u, 4 cintas de colores arco\u00edris para danza y gimnasia, medidas: 4 [&hellip;]<\/p>\n","protected":false},"featured_media":632685,"comment_status":"open","ping_status":"closed","template":"","meta":{"_et_pb_use_builder":"","_et_pb_old_content":"","_et_gb_content_width":""},"product_brand":[],"product_cat":[148,18],"product_tag":[],"class_list":{"0":"post-632686","1":"product","2":"type-product","3":"status-publish","4":"has-post-thumbnail","6":"product_cat-deportes","7":"product_cat-motricidad-gruesa","8":"pa_edad-10-anos","9":"pa_edad-4-a-5-anos","10":"pa_edad-5-a-6-anos","11":"pa_edad-6-a-8-anos","12":"pa_edad-8-a-10-anos","13":"pa_marca-aukinko","14":"pa_medidas-aro-60-cm","15":"pa_medidas-cinta-58-cm","16":"pa_medidas-panuelos-67-cm","17":"pa_medidas-pelotas-17-cm-c-u","19":"first","20":"instock","21":"shipping-taxable","22":"purchasable","23":"product-type-simple"},"aioseo_notices":[],"_links":{"self":[{"href":"https:\/\/aukinkochile.com\/web\/wp-json\/wp\/v2\/product\/632686","targetHints":{"allow":["GET"]}}],"collection":[{"href":"https:\/\/aukinkochile.com\/web\/wp-json\/wp\/v2\/product"}],"about":[{"href":"https:\/\/aukinkochile.com\/web\/wp-json\/wp\/v2\/types\/product"}],"replies":[{"embeddable":true,"href":"https:\/\/aukinkochile.com\/web\/wp-json\/wp\/v2\/comments?post=632686"}],"wp:featuredmedia":[{"embeddable":true,"href":"https:\/\/aukinkochile.com\/web\/wp-json\/wp\/v2\/media\/632685"}],"wp:attachment":[{"href":"https:\/\/aukinkochile.com\/web\/wp-json\/wp\/v2\/media?parent=632686"}],"wp:term":[{"taxonomy":"product_brand","embeddable":true,"href":"https:\/\/aukinkochile.com\/web\/wp-json\/wp\/v2\/product_brand?post=632686"},{"taxonomy":"product_cat","embeddable":true,"href":"https:\/\/aukinkochile.com\/web\/wp-json\/wp\/v2\/product_cat?post=632686"},{"taxonomy":"product_tag","embeddable":true,"href":"https:\/\/aukinkochile.com\/web\/wp-json\/wp\/v2\/product_tag?post=632686"}],"curies":[{"name":"wp","href":"https:\/\/api.w.org\/{rel}","templated":true}]}}