{"id":632602,"date":"2025-08-25T21:17:31","date_gmt":"2025-08-25T21:17:31","guid":{"rendered":"https:\/\/aukinkochile.com\/web\/producto\/juego-coordinacion-clavijas\/"},"modified":"2025-11-26T21:59:28","modified_gmt":"2025-11-26T21:59:28","slug":"juego-coordinacion-clavijas","status":"publish","type":"product","link":"https:\/\/aukinkochile.com\/web\/producto\/juego-coordinacion-clavijas\/","title":{"rendered":"Juego Coordinaci\u00f3n Clavijas"},"content":{"rendered":"<p>Este divertido juego est\u00e1 dise\u00f1ado para reforzar la motricidad fina y la coordinaci\u00f3n ojo-mano. Desarrolla el concepto de color y la discriminaci\u00f3n visual. El entrenamiento de los m\u00fasculos de los dedos es esencial para que los ni\u00f1os y ni\u00f1as desarrollen la escritura. Incluye un tablero, 12 clavijas de colores con forma de pez, 9 tarjetas de juego de diferentes niveles y 2 cordones. Los ni\u00f1os y ni\u00f1as deben colocar una tarjeta de juego en el tablero, luego insertar las clavijas en los agujeros del mismo color. Finalmente entrelazar las clavijas una a una seg\u00fan las secuencias indicadas. Varios niveles de dificultad. Incluye: 1 tablero, 12 clavijas con forma de pez, 9 tarjetas de juego, 2 cordones. Fabricado en material suave y resistente.<\/p>\n<p><p><strong>Material : <\/strong> Pl\u00e1stico<\/p>\n<p><strong>C\u00f3digo Aukinko : <\/strong> 14-121026<\/p>\n<p><strong>C\u00f3digo Convenio Marco : <\/strong> x<\/p>\n","protected":false},"excerpt":{"rendered":"<p>Este divertido juego est\u00e1 dise\u00f1ado para reforzar la motricidad fina y la coordinaci\u00f3n ojo-mano. Desarrolla el concepto de color y la discriminaci\u00f3n visual. El entrenamiento de los m\u00fasculos de los dedos es esencial para que los ni\u00f1os y ni\u00f1as desarrollen la escritura. Incluye un tablero, 12 clavijas de colores con forma de pez, 9 tarjetas [&hellip;]<\/p>\n","protected":false},"featured_media":632601,"comment_status":"open","ping_status":"closed","template":"","meta":{"_et_pb_use_builder":"","_et_pb_old_content":"","_et_gb_content_width":""},"product_brand":[],"product_cat":[149,20],"product_tag":[],"class_list":{"0":"post-632602","1":"product","2":"type-product","3":"status-publish","4":"has-post-thumbnail","6":"product_cat-juegos-de-mesa","7":"product_cat-motricidad-fina","8":"pa_edad-4-a-5-anos","9":"pa_edad-5-a-6-anos","10":"pa_edad-6-a-8-anos","11":"pa_edad-8-a-10-anos","12":"pa_marca-kkids","13":"pa_medidas-4343","14":"pa_medidas-8-x-24","15":"pa_medidas-8-x-3-cm","17":"first","18":"instock","19":"shipping-taxable","20":"purchasable","21":"product-type-simple"},"aioseo_notices":[],"_links":{"self":[{"href":"https:\/\/aukinkochile.com\/web\/wp-json\/wp\/v2\/product\/632602","targetHints":{"allow":["GET"]}}],"collection":[{"href":"https:\/\/aukinkochile.com\/web\/wp-json\/wp\/v2\/product"}],"about":[{"href":"https:\/\/aukinkochile.com\/web\/wp-json\/wp\/v2\/types\/product"}],"replies":[{"embeddable":true,"href":"https:\/\/aukinkochile.com\/web\/wp-json\/wp\/v2\/comments?post=632602"}],"wp:featuredmedia":[{"embeddable":true,"href":"https:\/\/aukinkochile.com\/web\/wp-json\/wp\/v2\/media\/632601"}],"wp:attachment":[{"href":"https:\/\/aukinkochile.com\/web\/wp-json\/wp\/v2\/media?parent=632602"}],"wp:term":[{"taxonomy":"product_brand","embeddable":true,"href":"https:\/\/aukinkochile.com\/web\/wp-json\/wp\/v2\/product_brand?post=632602"},{"taxonomy":"product_cat","embeddable":true,"href":"https:\/\/aukinkochile.com\/web\/wp-json\/wp\/v2\/product_cat?post=632602"},{"taxonomy":"product_tag","embeddable":true,"href":"https:\/\/aukinkochile.com\/web\/wp-json\/wp\/v2\/product_tag?post=632602"}],"curies":[{"name":"wp","href":"https:\/\/api.w.org\/{rel}","templated":true}]}}