{"id":632595,"date":"2025-08-25T21:17:19","date_gmt":"2025-08-25T21:17:19","guid":{"rendered":"https:\/\/aukinkochile.com\/web\/producto\/tunel-cocodrilo-genero\/"},"modified":"2025-11-26T21:59:25","modified_gmt":"2025-11-26T21:59:25","slug":"tunel-cocodrilo-genero","status":"publish","type":"product","link":"https:\/\/aukinkochile.com\/web\/producto\/tunel-cocodrilo-genero\/","title":{"rendered":"T\u00fanel Cocodrilo Genero"},"content":{"rendered":"<p>Este hermoso t\u00fanel de resistencia est\u00e1 fabricado en tela el\u00e1stica, por lo que se envuelve alrededor del cuerpo de los ni\u00f1os mientras gatean, un juego dise\u00f1ado para estimular las habilidades motoras gruesas de los m\u00e1s peque\u00f1os y mucho m\u00e1s. Tambi\u00e9n cuenta con diferentes texturas en su interior para estimular sus sentidos. Esta herramienta de entrenamiento permite a los ni\u00f1os y ni\u00f1as experimentar distintos grados de resistencia y estimulaci\u00f3n t\u00e1ctil profunda. Adem\u00e1s, reduce la defensividad sensorial y t\u00e1ctil. El sistema vestibular es importante para el equilibrio y el control de la postura corporal de los ni\u00f1os. Permita que los ni\u00f1os y ni\u00f1as gateen por el t\u00fanel para fortalecer brazos y piernas. Fabricado en material suave y resistente.<\/p>\n<p><p><strong>Material : <\/strong> Genero<\/p>\n<p><strong>C\u00f3digo Aukinko : <\/strong> 14-121005<\/p>\n<p><strong>C\u00f3digo Convenio Marco : <\/strong> x<\/p>\n","protected":false},"excerpt":{"rendered":"<p>Este hermoso t\u00fanel de resistencia est\u00e1 fabricado en tela el\u00e1stica, por lo que se envuelve alrededor del cuerpo de los ni\u00f1os mientras gatean, un juego dise\u00f1ado para estimular las habilidades motoras gruesas de los m\u00e1s peque\u00f1os y mucho m\u00e1s. Tambi\u00e9n cuenta con diferentes texturas en su interior para estimular sus sentidos. Esta herramienta de entrenamiento [&hellip;]<\/p>\n","protected":false},"featured_media":632594,"comment_status":"open","ping_status":"closed","template":"","meta":{"_et_pb_use_builder":"","_et_pb_old_content":"","_et_gb_content_width":""},"product_brand":[],"product_cat":[91,18],"product_tag":[],"class_list":{"0":"post-632595","1":"product","2":"type-product","3":"status-publish","4":"has-post-thumbnail","6":"product_cat-accesorios-sala","7":"product_cat-motricidad-gruesa","8":"pa_edad-3-a-4-anos","9":"pa_edad-4-a-5-anos","10":"pa_edad-5-a-6-anos","11":"pa_marca-kkids","12":"pa_medidas-39-x-180-cm","14":"first","15":"instock","16":"shipping-taxable","17":"purchasable","18":"product-type-simple"},"aioseo_notices":[],"_links":{"self":[{"href":"https:\/\/aukinkochile.com\/web\/wp-json\/wp\/v2\/product\/632595","targetHints":{"allow":["GET"]}}],"collection":[{"href":"https:\/\/aukinkochile.com\/web\/wp-json\/wp\/v2\/product"}],"about":[{"href":"https:\/\/aukinkochile.com\/web\/wp-json\/wp\/v2\/types\/product"}],"replies":[{"embeddable":true,"href":"https:\/\/aukinkochile.com\/web\/wp-json\/wp\/v2\/comments?post=632595"}],"wp:featuredmedia":[{"embeddable":true,"href":"https:\/\/aukinkochile.com\/web\/wp-json\/wp\/v2\/media\/632594"}],"wp:attachment":[{"href":"https:\/\/aukinkochile.com\/web\/wp-json\/wp\/v2\/media?parent=632595"}],"wp:term":[{"taxonomy":"product_brand","embeddable":true,"href":"https:\/\/aukinkochile.com\/web\/wp-json\/wp\/v2\/product_brand?post=632595"},{"taxonomy":"product_cat","embeddable":true,"href":"https:\/\/aukinkochile.com\/web\/wp-json\/wp\/v2\/product_cat?post=632595"},{"taxonomy":"product_tag","embeddable":true,"href":"https:\/\/aukinkochile.com\/web\/wp-json\/wp\/v2\/product_tag?post=632595"}],"curies":[{"name":"wp","href":"https:\/\/api.w.org\/{rel}","templated":true}]}}