{"id":632588,"date":"2025-08-25T21:17:03","date_gmt":"2025-08-25T21:17:03","guid":{"rendered":"https:\/\/aukinkochile.com\/web\/producto\/muneco-genero-reversible-para-vestir\/"},"modified":"2025-11-26T21:59:23","modified_gmt":"2025-11-26T21:59:23","slug":"muneco-genero-reversible-para-vestir","status":"publish","type":"product","link":"https:\/\/aukinkochile.com\/web\/producto\/muneco-genero-reversible-para-vestir\/","title":{"rendered":"Mu\u00f1eco Genero Reversible para Vestir"},"content":{"rendered":"<p>Aprender a vestirse es m\u00e1s divertido con la mu\u00f1eca de vestir de K&#8217;s Kids 2 en 1 Wayne &#038; Julia. De un lado encontrar\u00e1n a Wayne y del otro a Julia. Cuenta con funciones de vestir como cremallera, velcro, broches, hebilla, bot\u00f3n y cordones para estimular el desarrollo de la motricidad fina de una forma muy entretenida. Hecho con diferentes materiales como pl\u00e1stico, sat\u00e9n y algod\u00f3n, anima a los ni\u00f1os a tocar y sentir la variedad de texturas, desde duras hasta suaves y lisas hasta rugosas. De material suave y resistente.<\/p>\n<p><p><strong>Material : <\/strong> Genero y Pl\u00e1stico<\/p>\n<p><strong>C\u00f3digo Aukinko : <\/strong> 14-110824<\/p>\n<p><strong>C\u00f3digo Convenio Marco : <\/strong> x<\/p>\n","protected":false},"excerpt":{"rendered":"<p>Aprender a vestirse es m\u00e1s divertido con la mu\u00f1eca de vestir de K&#8217;s Kids 2 en 1 Wayne &#038; Julia. De un lado encontrar\u00e1n a Wayne y del otro a Julia. Cuenta con funciones de vestir como cremallera, velcro, broches, hebilla, bot\u00f3n y cordones para estimular el desarrollo de la motricidad fina de una forma [&hellip;]<\/p>\n","protected":false},"featured_media":626024,"comment_status":"open","ping_status":"closed","template":"","meta":{"_et_pb_use_builder":"","_et_pb_old_content":"","_et_gb_content_width":""},"product_brand":[],"product_cat":[7385,17,212],"product_tag":[],"class_list":{"0":"post-632588","1":"product","2":"type-product","3":"status-publish","4":"has-post-thumbnail","6":"product_cat-estimulacion-cognitiva-y-motora-para-adultos-mayores","7":"product_cat-juegos-de-rol","8":"product_cat-munecos-y-figuras","9":"pa_edad-0-a-1-ano","10":"pa_edad-1-a-2-anos","11":"pa_edad-2-a-3-anos","12":"pa_edad-3-a-4-anos","13":"pa_marca-kkids","14":"pa_medidas-16-x-38-x-5-cm","16":"first","17":"instock","18":"shipping-taxable","19":"purchasable","20":"product-type-simple"},"aioseo_notices":[],"_links":{"self":[{"href":"https:\/\/aukinkochile.com\/web\/wp-json\/wp\/v2\/product\/632588","targetHints":{"allow":["GET"]}}],"collection":[{"href":"https:\/\/aukinkochile.com\/web\/wp-json\/wp\/v2\/product"}],"about":[{"href":"https:\/\/aukinkochile.com\/web\/wp-json\/wp\/v2\/types\/product"}],"replies":[{"embeddable":true,"href":"https:\/\/aukinkochile.com\/web\/wp-json\/wp\/v2\/comments?post=632588"}],"wp:featuredmedia":[{"embeddable":true,"href":"https:\/\/aukinkochile.com\/web\/wp-json\/wp\/v2\/media\/626024"}],"wp:attachment":[{"href":"https:\/\/aukinkochile.com\/web\/wp-json\/wp\/v2\/media?parent=632588"}],"wp:term":[{"taxonomy":"product_brand","embeddable":true,"href":"https:\/\/aukinkochile.com\/web\/wp-json\/wp\/v2\/product_brand?post=632588"},{"taxonomy":"product_cat","embeddable":true,"href":"https:\/\/aukinkochile.com\/web\/wp-json\/wp\/v2\/product_cat?post=632588"},{"taxonomy":"product_tag","embeddable":true,"href":"https:\/\/aukinkochile.com\/web\/wp-json\/wp\/v2\/product_tag?post=632588"}],"curies":[{"name":"wp","href":"https:\/\/api.w.org\/{rel}","templated":true}]}}