{"id":632580,"date":"2025-08-25T21:16:42","date_gmt":"2025-08-25T21:16:42","guid":{"rendered":"https:\/\/aukinkochile.com\/web\/producto\/palitroque-animales-goma-7-pz\/"},"modified":"2025-11-26T21:59:19","modified_gmt":"2025-11-26T21:59:19","slug":"palitroque-animales-goma-7-pz","status":"publish","type":"product","link":"https:\/\/aukinkochile.com\/web\/producto\/palitroque-animales-goma-7-pz\/","title":{"rendered":"Palitroque Animales Goma 7 pz"},"content":{"rendered":"<p>Set de 6 palitroques de goma con una pelota. 6 diferentes animales ( gato, perro, jirafa, conejo, oso amarillo y verde) livianos, suaves, aromatizados y de colores. De gran calidad. No t\u00f3xicos. 19 cm cada palitroque. 12 cm di\u00e1metro pelota.<\/p>\n<p><p><strong>Material : <\/strong> Goma<\/p>\n<p><strong>C\u00f3digo Aukinko : <\/strong> 14-110366<\/p>\n<p><strong>C\u00f3digo Convenio Marco : <\/strong> x<\/p>\n","protected":false},"excerpt":{"rendered":"<p>Set de 6 palitroques de goma con una pelota. 6 diferentes animales ( gato, perro, jirafa, conejo, oso amarillo y verde) livianos, suaves, aromatizados y de colores. De gran calidad. No t\u00f3xicos. 19 cm cada palitroque. 12 cm di\u00e1metro pelota. Material : Goma C\u00f3digo Aukinko : 14-110366 C\u00f3digo Convenio Marco : x<\/p>\n","protected":false},"featured_media":625986,"comment_status":"open","ping_status":"closed","template":"","meta":{"_et_pb_use_builder":"","_et_pb_old_content":"","_et_gb_content_width":""},"product_brand":[],"product_cat":[1005,91,18],"product_tag":[],"class_list":{"0":"post-632580","1":"product","2":"type-product","3":"status-publish","4":"has-post-thumbnail","6":"product_cat-accesorios-patio","7":"product_cat-accesorios-sala","8":"product_cat-motricidad-gruesa","9":"pa_edad-2-a-3-anos","10":"pa_edad-3-a-4-anos","11":"pa_edad-4-a-5-anos","12":"pa_marca-kkids","13":"pa_medidas-4364","14":"pa_medidas-5-x-20-x-15-cm","16":"first","17":"instock","18":"shipping-taxable","19":"purchasable","20":"product-type-simple"},"aioseo_notices":[],"_links":{"self":[{"href":"https:\/\/aukinkochile.com\/web\/wp-json\/wp\/v2\/product\/632580","targetHints":{"allow":["GET"]}}],"collection":[{"href":"https:\/\/aukinkochile.com\/web\/wp-json\/wp\/v2\/product"}],"about":[{"href":"https:\/\/aukinkochile.com\/web\/wp-json\/wp\/v2\/types\/product"}],"replies":[{"embeddable":true,"href":"https:\/\/aukinkochile.com\/web\/wp-json\/wp\/v2\/comments?post=632580"}],"wp:featuredmedia":[{"embeddable":true,"href":"https:\/\/aukinkochile.com\/web\/wp-json\/wp\/v2\/media\/625986"}],"wp:attachment":[{"href":"https:\/\/aukinkochile.com\/web\/wp-json\/wp\/v2\/media?parent=632580"}],"wp:term":[{"taxonomy":"product_brand","embeddable":true,"href":"https:\/\/aukinkochile.com\/web\/wp-json\/wp\/v2\/product_brand?post=632580"},{"taxonomy":"product_cat","embeddable":true,"href":"https:\/\/aukinkochile.com\/web\/wp-json\/wp\/v2\/product_cat?post=632580"},{"taxonomy":"product_tag","embeddable":true,"href":"https:\/\/aukinkochile.com\/web\/wp-json\/wp\/v2\/product_tag?post=632580"}],"curies":[{"name":"wp","href":"https:\/\/api.w.org\/{rel}","templated":true}]}}