{"id":632348,"date":"2025-08-05T21:01:37","date_gmt":"2025-08-05T21:01:37","guid":{"rendered":"https:\/\/aukinkochile.com\/web\/producto\/pincel-para-pequenos-3-pz\/"},"modified":"2025-08-05T22:14:34","modified_gmt":"2025-08-05T22:14:34","slug":"pincel-para-pequenos-3-pz","status":"publish","type":"product","link":"https:\/\/aukinkochile.com\/web\/producto\/pincel-para-pequenos-3-pz\/","title":{"rendered":"Pincel para Peque\u00f1os 3 pz"},"content":{"rendered":"<p>Un set perfecto para los peque\u00f1os artistas, tres pinceles de f\u00e1cil manejo y dise\u00f1o espacial para que pintar sea m\u00e1s divertido y f\u00e1cil para los m\u00e1s chicos de la casa.<\/p>\n<p><p><strong>Material : <\/strong> Pl\u00e1stico<\/p>\n<p><strong>C\u00f3digo Aukinko : <\/strong> 14-59007<\/p>\n<p><strong>C\u00f3digo Convenio Marco : <\/strong> x<\/p>\n","protected":false},"excerpt":{"rendered":"<p>Un set perfecto para los peque\u00f1os artistas, tres pinceles de f\u00e1cil manejo y dise\u00f1o espacial para que pintar sea m\u00e1s divertido y f\u00e1cil para los m\u00e1s chicos de la casa. Material : Pl\u00e1stico C\u00f3digo Aukinko : 14-59007 C\u00f3digo Convenio Marco : x<\/p>\n","protected":false},"featured_media":624485,"comment_status":"open","ping_status":"closed","template":"","meta":{"_et_pb_use_builder":"","_et_pb_old_content":"","_et_gb_content_width":""},"product_brand":[],"product_cat":[21],"product_tag":[],"class_list":{"0":"post-632348","1":"product","2":"type-product","3":"status-publish","4":"has-post-thumbnail","6":"product_cat-arte-y-manipulacion","7":"pa_edad-3-a-4-anos","8":"pa_edad-4-a-5-anos","9":"pa_edad-5-a-6-anos","10":"pa_marca-djeco","11":"pa_medidas-16-x-11-x-4-cm","13":"first","14":"instock","15":"shipping-taxable","16":"purchasable","17":"product-type-simple"},"aioseo_notices":[],"_links":{"self":[{"href":"https:\/\/aukinkochile.com\/web\/wp-json\/wp\/v2\/product\/632348","targetHints":{"allow":["GET"]}}],"collection":[{"href":"https:\/\/aukinkochile.com\/web\/wp-json\/wp\/v2\/product"}],"about":[{"href":"https:\/\/aukinkochile.com\/web\/wp-json\/wp\/v2\/types\/product"}],"replies":[{"embeddable":true,"href":"https:\/\/aukinkochile.com\/web\/wp-json\/wp\/v2\/comments?post=632348"}],"wp:featuredmedia":[{"embeddable":true,"href":"https:\/\/aukinkochile.com\/web\/wp-json\/wp\/v2\/media\/624485"}],"wp:attachment":[{"href":"https:\/\/aukinkochile.com\/web\/wp-json\/wp\/v2\/media?parent=632348"}],"wp:term":[{"taxonomy":"product_brand","embeddable":true,"href":"https:\/\/aukinkochile.com\/web\/wp-json\/wp\/v2\/product_brand?post=632348"},{"taxonomy":"product_cat","embeddable":true,"href":"https:\/\/aukinkochile.com\/web\/wp-json\/wp\/v2\/product_cat?post=632348"},{"taxonomy":"product_tag","embeddable":true,"href":"https:\/\/aukinkochile.com\/web\/wp-json\/wp\/v2\/product_tag?post=632348"}],"curies":[{"name":"wp","href":"https:\/\/api.w.org\/{rel}","templated":true}]}}