{"id":632164,"date":"2025-08-05T20:13:02","date_gmt":"2025-08-05T20:13:02","guid":{"rendered":"https:\/\/aukinkochile.com\/web\/producto\/puzle-wizzy-50-pz-fiesta-de-monstruos\/"},"modified":"2025-08-05T22:13:08","modified_gmt":"2025-08-05T22:13:08","slug":"puzle-wizzy-50-pz-fiesta-de-monstruos","status":"publish","type":"product","link":"https:\/\/aukinkochile.com\/web\/producto\/puzle-wizzy-50-pz-fiesta-de-monstruos\/","title":{"rendered":"Puzle Wizzy 50 pz Fiesta De Monstruos"},"content":{"rendered":"<p>Puzle de 50 pz para darle un giro a los Puzles tradicionales, impreso con detalles met\u00e1licos (3 colores met\u00e1licos) para complementar los colores. Un Puzle de cart\u00f3n grueso muy resistente y de bell\u00edsimo dise\u00f1o. Puzle armado 48 x 34 cm.<\/p>\n<p><p><strong>Material : <\/strong> Cart\u00f3n FSC<\/p>\n<p><strong>C\u00f3digo Aukinko : <\/strong> 14-57020<\/p>\n<p><strong>C\u00f3digo Convenio Marco : <\/strong> x<\/p>\n","protected":false},"excerpt":{"rendered":"<p>Puzle de 50 pz para darle un giro a los Puzles tradicionales, impreso con detalles met\u00e1licos (3 colores met\u00e1licos) para complementar los colores. Un Puzle de cart\u00f3n grueso muy resistente y de bell\u00edsimo dise\u00f1o. Puzle armado 48 x 34 cm. Material : Cart\u00f3n FSC C\u00f3digo Aukinko : 14-57020 C\u00f3digo Convenio Marco : x<\/p>\n","protected":false},"featured_media":602284,"comment_status":"open","ping_status":"closed","template":"","meta":{"_et_pb_use_builder":"","_et_pb_old_content":"","_et_gb_content_width":""},"product_brand":[],"product_cat":[20,22],"product_tag":[],"class_list":{"0":"post-632164","1":"product","2":"type-product","3":"status-publish","4":"has-post-thumbnail","6":"product_cat-motricidad-fina","7":"product_cat-puzzles","8":"pa_edad-10-anos","9":"pa_edad-5-a-6-anos","10":"pa_edad-6-a-8-anos","11":"pa_edad-8-a-10-anos","12":"pa_marca-djeco","13":"pa_medidas-24-x-12-x-12-cm","15":"first","16":"instock","17":"shipping-taxable","18":"purchasable","19":"product-type-simple"},"aioseo_notices":[],"_links":{"self":[{"href":"https:\/\/aukinkochile.com\/web\/wp-json\/wp\/v2\/product\/632164","targetHints":{"allow":["GET"]}}],"collection":[{"href":"https:\/\/aukinkochile.com\/web\/wp-json\/wp\/v2\/product"}],"about":[{"href":"https:\/\/aukinkochile.com\/web\/wp-json\/wp\/v2\/types\/product"}],"replies":[{"embeddable":true,"href":"https:\/\/aukinkochile.com\/web\/wp-json\/wp\/v2\/comments?post=632164"}],"wp:featuredmedia":[{"embeddable":true,"href":"https:\/\/aukinkochile.com\/web\/wp-json\/wp\/v2\/media\/602284"}],"wp:attachment":[{"href":"https:\/\/aukinkochile.com\/web\/wp-json\/wp\/v2\/media?parent=632164"}],"wp:term":[{"taxonomy":"product_brand","embeddable":true,"href":"https:\/\/aukinkochile.com\/web\/wp-json\/wp\/v2\/product_brand?post=632164"},{"taxonomy":"product_cat","embeddable":true,"href":"https:\/\/aukinkochile.com\/web\/wp-json\/wp\/v2\/product_cat?post=632164"},{"taxonomy":"product_tag","embeddable":true,"href":"https:\/\/aukinkochile.com\/web\/wp-json\/wp\/v2\/product_tag?post=632164"}],"curies":[{"name":"wp","href":"https:\/\/api.w.org\/{rel}","templated":true}]}}