{"id":632131,"date":"2025-08-05T20:11:48","date_gmt":"2025-08-05T20:11:48","guid":{"rendered":"https:\/\/aukinkochile.com\/web\/producto\/instrumento-palo-agua-animambo\/"},"modified":"2026-03-27T16:56:16","modified_gmt":"2026-03-27T16:56:16","slug":"instrumento-palo-agua-animambo","status":"publish","type":"product","link":"https:\/\/aukinkochile.com\/web\/producto\/instrumento-palo-agua-animambo\/","title":{"rendered":"Instrumento Palo Agua Animambo"},"content":{"rendered":"<p>Hermoso palo de agua con los bellos dise\u00f1os que caracterizan a la marca Djeco, parte de su l\u00ednea Animambo musical instrumento. Los porotos adentro del instrumento se caen cada vez que se gira el palo. Es f\u00e1cil de tocar y permite el primer despertar de la m\u00fasica. Esta gama de instrumentos de la marca francesa acompa\u00f1a a desarrollar un inter\u00e9s temprano por la m\u00fasica con un sonido muy profesional. Tiene 18 teclas codificadas con im\u00e1genes y viene con algunas partituras para que ni\u00f1as y ni\u00f1os comiencen a acercarse al aprendizaje de la m\u00fasica. 26 cm di\u00e1metro.<\/p>\n<p><p><strong>Material : <\/strong> Madera<\/p>\n<p><strong>C\u00f3digo Aukinko : <\/strong> 14-56026<\/p>\n<p><strong>C\u00f3digo Convenio Marco : <\/strong> x<\/p>\n","protected":false},"excerpt":{"rendered":"<p>Hermoso palo de agua con los bellos dise\u00f1os que caracterizan a la marca Djeco, parte de su l\u00ednea Animambo musical instrumento. Los porotos adentro del instrumento se caen cada vez que se gira el palo. Es f\u00e1cil de tocar y permite el primer despertar de la m\u00fasica. Esta gama de instrumentos de la marca francesa [&hellip;]<\/p>\n","protected":false},"featured_media":623861,"comment_status":"open","ping_status":"closed","template":"","meta":{"_et_pb_use_builder":"","_et_pb_old_content":"","_et_gb_content_width":""},"product_brand":[],"product_cat":[392],"product_tag":[],"class_list":{"0":"post-632131","1":"product","2":"type-product","3":"status-publish","4":"has-post-thumbnail","6":"product_cat-musica","7":"pa_edad-2-a-3-anos","8":"pa_edad-3-a-4-anos","9":"pa_edad-4-a-5-anos","10":"pa_edad-5-a-6-anos","11":"pa_edad-6-a-8-anos","12":"pa_marca-djeco","13":"pa_medidas-4410","14":"pa_medidas-5-x-4","15":"pa_medidas-8-cm","16":"pa_medidas-8-x-4","18":"first","19":"instock","20":"shipping-taxable","21":"purchasable","22":"product-type-simple"},"aioseo_notices":[],"_links":{"self":[{"href":"https:\/\/aukinkochile.com\/web\/wp-json\/wp\/v2\/product\/632131","targetHints":{"allow":["GET"]}}],"collection":[{"href":"https:\/\/aukinkochile.com\/web\/wp-json\/wp\/v2\/product"}],"about":[{"href":"https:\/\/aukinkochile.com\/web\/wp-json\/wp\/v2\/types\/product"}],"replies":[{"embeddable":true,"href":"https:\/\/aukinkochile.com\/web\/wp-json\/wp\/v2\/comments?post=632131"}],"wp:featuredmedia":[{"embeddable":true,"href":"https:\/\/aukinkochile.com\/web\/wp-json\/wp\/v2\/media\/623861"}],"wp:attachment":[{"href":"https:\/\/aukinkochile.com\/web\/wp-json\/wp\/v2\/media?parent=632131"}],"wp:term":[{"taxonomy":"product_brand","embeddable":true,"href":"https:\/\/aukinkochile.com\/web\/wp-json\/wp\/v2\/product_brand?post=632131"},{"taxonomy":"product_cat","embeddable":true,"href":"https:\/\/aukinkochile.com\/web\/wp-json\/wp\/v2\/product_cat?post=632131"},{"taxonomy":"product_tag","embeddable":true,"href":"https:\/\/aukinkochile.com\/web\/wp-json\/wp\/v2\/product_tag?post=632131"}],"curies":[{"name":"wp","href":"https:\/\/api.w.org\/{rel}","templated":true}]}}