{"id":632053,"date":"2025-08-05T20:09:09","date_gmt":"2025-08-05T20:09:09","guid":{"rendered":"https:\/\/aukinkochile.com\/web\/producto\/pegamento-barra\/"},"modified":"2025-08-05T22:12:38","modified_gmt":"2025-08-05T22:12:38","slug":"pegamento-barra","status":"publish","type":"product","link":"https:\/\/aukinkochile.com\/web\/producto\/pegamento-barra\/","title":{"rendered":"Pegamento Barra"},"content":{"rendered":"<p>Divertidas barras de pegamento con forma de animales para las actividades creativas de los ni\u00f1os. Las alegres figuras de animales, como un panda rosa, un oso de peluche turquesa o un tigre azul anaranjado, hacen que la creaci\u00f3n sea a\u00fan m\u00e1s divertida. Es f\u00e1cil de usar, lo que les permite dar rienda suelta a su imaginaci\u00f3n y crear sus propias obras maestras.<\/p>\n<p><p><strong>Material : <\/strong> Pl\u00e1stico<\/p>\n<p><strong>C\u00f3digo Aukinko : <\/strong> 14-53782<\/p>\n<p><strong>C\u00f3digo Convenio Marco : <\/strong> x<\/p>\n","protected":false},"excerpt":{"rendered":"<p>Divertidas barras de pegamento con forma de animales para las actividades creativas de los ni\u00f1os. Las alegres figuras de animales, como un panda rosa, un oso de peluche turquesa o un tigre azul anaranjado, hacen que la creaci\u00f3n sea a\u00fan m\u00e1s divertida. Es f\u00e1cil de usar, lo que les permite dar rienda suelta a su [&hellip;]<\/p>\n","protected":false},"featured_media":632052,"comment_status":"open","ping_status":"closed","template":"","meta":{"_et_pb_use_builder":"","_et_pb_old_content":"","_et_gb_content_width":""},"product_brand":[],"product_cat":[21],"product_tag":[],"class_list":{"0":"post-632053","1":"product","2":"type-product","3":"status-publish","4":"has-post-thumbnail","6":"product_cat-arte-y-manipulacion","7":"pa_edad-4-a-5-anos","8":"pa_edad-5-a-6-anos","9":"pa_edad-6-a-8-anos","10":"pa_marca-djeco","11":"pa_medidas-7-cm","12":"pa_medidas-7-x-2","13":"pa_medidas-9-x-2","15":"first","16":"instock","17":"shipping-taxable","18":"purchasable","19":"product-type-simple"},"aioseo_notices":[],"_links":{"self":[{"href":"https:\/\/aukinkochile.com\/web\/wp-json\/wp\/v2\/product\/632053","targetHints":{"allow":["GET"]}}],"collection":[{"href":"https:\/\/aukinkochile.com\/web\/wp-json\/wp\/v2\/product"}],"about":[{"href":"https:\/\/aukinkochile.com\/web\/wp-json\/wp\/v2\/types\/product"}],"replies":[{"embeddable":true,"href":"https:\/\/aukinkochile.com\/web\/wp-json\/wp\/v2\/comments?post=632053"}],"wp:featuredmedia":[{"embeddable":true,"href":"https:\/\/aukinkochile.com\/web\/wp-json\/wp\/v2\/media\/632052"}],"wp:attachment":[{"href":"https:\/\/aukinkochile.com\/web\/wp-json\/wp\/v2\/media?parent=632053"}],"wp:term":[{"taxonomy":"product_brand","embeddable":true,"href":"https:\/\/aukinkochile.com\/web\/wp-json\/wp\/v2\/product_brand?post=632053"},{"taxonomy":"product_cat","embeddable":true,"href":"https:\/\/aukinkochile.com\/web\/wp-json\/wp\/v2\/product_cat?post=632053"},{"taxonomy":"product_tag","embeddable":true,"href":"https:\/\/aukinkochile.com\/web\/wp-json\/wp\/v2\/product_tag?post=632053"}],"curies":[{"name":"wp","href":"https:\/\/api.w.org\/{rel}","templated":true}]}}