{"id":632037,"date":"2025-08-05T20:08:29","date_gmt":"2025-08-05T20:08:29","guid":{"rendered":"https:\/\/aukinkochile.com\/web\/producto\/juego-logica-burro-rojo\/"},"modified":"2025-08-05T22:12:33","modified_gmt":"2025-08-05T22:12:33","slug":"juego-logica-burro-rojo","status":"publish","type":"product","link":"https:\/\/aukinkochile.com\/web\/producto\/juego-logica-burro-rojo\/","title":{"rendered":"Juego L\u00f3gica Burro Rojo"},"content":{"rendered":"<p>Un juego atractivo y de gran calidad para pasar horas de diversi\u00f3n. El burro rojo est\u00e1 atascado, \u00bfpuedes ayudarlo a salir del tablero? Un juego tradicional de madera en el que tienes que deslizar las piezas para despejar el camino para el burro rojo. Se proporciona una soluci\u00f3n, de entre cientos de posibles soluciones. Un gran juego que ayuda a desarrollar la paciencia y el pensamiento l\u00f3gico. Hay cientos de posibles soluciones, pero solo 1 funcionar\u00e1. Contiene 1 tablero de madera, 10 fichas de madera gruesas y 1 manual de instrucciones con las reglas del juego en 10 idiomas. Fabricado con madera certificada FSC\u00ae. Dise\u00f1ado por Judith Gueyfier.<\/p>\n<p><p><strong>Material : <\/strong> Madera FSC<\/p>\n<p><strong>C\u00f3digo Aukinko : <\/strong> 14-50815<\/p>\n<p><strong>C\u00f3digo Convenio Marco : <\/strong> x<\/p>\n","protected":false},"excerpt":{"rendered":"<p>Un juego atractivo y de gran calidad para pasar horas de diversi\u00f3n. El burro rojo est\u00e1 atascado, \u00bfpuedes ayudarlo a salir del tablero? Un juego tradicional de madera en el que tienes que deslizar las piezas para despejar el camino para el burro rojo. Se proporciona una soluci\u00f3n, de entre cientos de posibles soluciones. Un [&hellip;]<\/p>\n","protected":false},"featured_media":629743,"comment_status":"open","ping_status":"closed","template":"","meta":{"_et_pb_use_builder":"","_et_pb_old_content":"","_et_gb_content_width":""},"product_brand":[],"product_cat":[150,7385,149],"product_tag":[],"class_list":{"0":"post-632037","1":"product","2":"type-product","3":"status-publish","4":"has-post-thumbnail","6":"product_cat-asociacion-y-logica","7":"product_cat-estimulacion-cognitiva-y-motora-para-adultos-mayores","8":"product_cat-juegos-de-mesa","9":"pa_edad-10-anos","10":"pa_edad-6-a-8-anos","11":"pa_edad-8-a-10-anos","12":"pa_marca-djeco","13":"pa_medidas-4453","14":"pa_medidas-5-x-21","15":"pa_medidas-5-x-7-cm","17":"first","18":"instock","19":"shipping-taxable","20":"purchasable","21":"product-type-simple"},"aioseo_notices":[],"_links":{"self":[{"href":"https:\/\/aukinkochile.com\/web\/wp-json\/wp\/v2\/product\/632037","targetHints":{"allow":["GET"]}}],"collection":[{"href":"https:\/\/aukinkochile.com\/web\/wp-json\/wp\/v2\/product"}],"about":[{"href":"https:\/\/aukinkochile.com\/web\/wp-json\/wp\/v2\/types\/product"}],"replies":[{"embeddable":true,"href":"https:\/\/aukinkochile.com\/web\/wp-json\/wp\/v2\/comments?post=632037"}],"wp:featuredmedia":[{"embeddable":true,"href":"https:\/\/aukinkochile.com\/web\/wp-json\/wp\/v2\/media\/629743"}],"wp:attachment":[{"href":"https:\/\/aukinkochile.com\/web\/wp-json\/wp\/v2\/media?parent=632037"}],"wp:term":[{"taxonomy":"product_brand","embeddable":true,"href":"https:\/\/aukinkochile.com\/web\/wp-json\/wp\/v2\/product_brand?post=632037"},{"taxonomy":"product_cat","embeddable":true,"href":"https:\/\/aukinkochile.com\/web\/wp-json\/wp\/v2\/product_cat?post=632037"},{"taxonomy":"product_tag","embeddable":true,"href":"https:\/\/aukinkochile.com\/web\/wp-json\/wp\/v2\/product_tag?post=632037"}],"curies":[{"name":"wp","href":"https:\/\/api.w.org\/{rel}","templated":true}]}}