{"id":632030,"date":"2025-08-05T20:08:15","date_gmt":"2025-08-05T20:08:15","guid":{"rendered":"https:\/\/aukinkochile.com\/web\/producto\/reloj-digital-pulsera-azul-volute\/"},"modified":"2025-08-05T22:12:29","modified_gmt":"2025-08-05T22:12:29","slug":"reloj-digital-pulsera-azul-volute","status":"publish","type":"product","link":"https:\/\/aukinkochile.com\/web\/producto\/reloj-digital-pulsera-azul-volute\/","title":{"rendered":"Reloj Digital Pulsera Azul Volute"},"content":{"rendered":"<p>Un elegante reloj digital ilustrado para aprender a decir la hora.<br \/>\nEste reloj educativo muestra horas, minutos y segundos.<br \/>\nUn bot\u00f3n luminoso permite consultar la hora incluso de noche.<br \/>\nTambi\u00e9n cuenta con funci\u00f3n de cron\u00f3metro.<\/p>\n<p><p><strong>Material : <\/strong> Pl\u00e1stico<\/p>\n<p><strong>C\u00f3digo Aukinko : <\/strong> 14-50457<\/p>\n<p><strong>C\u00f3digo Convenio Marco : <\/strong> x<\/p>\n","protected":false},"excerpt":{"rendered":"<p>Un elegante reloj digital ilustrado para aprender a decir la hora. Este reloj educativo muestra horas, minutos y segundos. Un bot\u00f3n luminoso permite consultar la hora incluso de noche. Tambi\u00e9n cuenta con funci\u00f3n de cron\u00f3metro. Material : Pl\u00e1stico C\u00f3digo Aukinko : 14-50457 C\u00f3digo Convenio Marco : x<\/p>\n","protected":false},"featured_media":632029,"comment_status":"open","ping_status":"closed","template":"","meta":{"_et_pb_use_builder":"","_et_pb_old_content":"","_et_gb_content_width":""},"product_brand":[],"product_cat":[21],"product_tag":[],"class_list":{"0":"post-632030","1":"product","2":"type-product","3":"status-publish","4":"has-post-thumbnail","6":"product_cat-arte-y-manipulacion","7":"pa_edad-10-anos","8":"pa_edad-6-a-8-anos","9":"pa_edad-8-a-10-anos","10":"pa_marca-djeco","11":"pa_medidas-4453","12":"pa_medidas-4-cm","13":"pa_medidas-4-x-3","14":"pa_medidas-5-x-1","16":"first","17":"instock","18":"shipping-taxable","19":"purchasable","20":"product-type-simple"},"aioseo_notices":[],"_links":{"self":[{"href":"https:\/\/aukinkochile.com\/web\/wp-json\/wp\/v2\/product\/632030","targetHints":{"allow":["GET"]}}],"collection":[{"href":"https:\/\/aukinkochile.com\/web\/wp-json\/wp\/v2\/product"}],"about":[{"href":"https:\/\/aukinkochile.com\/web\/wp-json\/wp\/v2\/types\/product"}],"replies":[{"embeddable":true,"href":"https:\/\/aukinkochile.com\/web\/wp-json\/wp\/v2\/comments?post=632030"}],"wp:featuredmedia":[{"embeddable":true,"href":"https:\/\/aukinkochile.com\/web\/wp-json\/wp\/v2\/media\/632029"}],"wp:attachment":[{"href":"https:\/\/aukinkochile.com\/web\/wp-json\/wp\/v2\/media?parent=632030"}],"wp:term":[{"taxonomy":"product_brand","embeddable":true,"href":"https:\/\/aukinkochile.com\/web\/wp-json\/wp\/v2\/product_brand?post=632030"},{"taxonomy":"product_cat","embeddable":true,"href":"https:\/\/aukinkochile.com\/web\/wp-json\/wp\/v2\/product_cat?post=632030"},{"taxonomy":"product_tag","embeddable":true,"href":"https:\/\/aukinkochile.com\/web\/wp-json\/wp\/v2\/product_tag?post=632030"}],"curies":[{"name":"wp","href":"https:\/\/api.w.org\/{rel}","templated":true}]}}