{"id":631917,"date":"2025-07-22T21:52:10","date_gmt":"2025-07-22T21:52:10","guid":{"rendered":"https:\/\/aukinkochile.com\/web\/producto\/set-de-bombero-madera\/"},"modified":"2025-07-22T21:52:13","modified_gmt":"2025-07-22T21:52:13","slug":"set-de-bombero-madera","status":"publish","type":"product","link":"https:\/\/aukinkochile.com\/web\/producto\/set-de-bombero-madera\/","title":{"rendered":"Set de Bombero Madera"},"content":{"rendered":"<p>Divertido set de bombero ideal para ni\u00f1as y ni\u00f1os que quieran asumir el papel de un valiente bombero. Con \u00e9l, los ni\u00f1os y ni\u00f1as pueden desarrollar su imaginaci\u00f3n y sus habilidades de sociales mientras juegan. Este set no solo es muy divertido, sino tambi\u00e9n una forma educativa de aprender sobre la responsabilidad y la ayuda a los dem\u00e1s. Es perfecto para jugar en casa, fuera o en la guarder\u00eda, tanto para un solo ni\u00f1o como para jugar en grupo. El juego perfecto para desarrollar la creatividad, la destreza y las habilidades sociales de forma segura y divertida. Chaleco: 41 cm x 45,5 cm, Casco: 21 cm x 19 cm x 10 cm.<\/p>\n<p><p><strong>Material : <\/strong> Genero y pl\u00e1stico<\/p>\n<p><strong>C\u00f3digo Aukinko : <\/strong> 18-244714<\/p>\n<p><strong>C\u00f3digo Convenio Marco : <\/strong> x<\/p>\n","protected":false},"excerpt":{"rendered":"<p>Divertido set de bombero ideal para ni\u00f1as y ni\u00f1os que quieran asumir el papel de un valiente bombero. Con \u00e9l, los ni\u00f1os y ni\u00f1as pueden desarrollar su imaginaci\u00f3n y sus habilidades de sociales mientras juegan. Este set no solo es muy divertido, sino tambi\u00e9n una forma educativa de aprender sobre la responsabilidad y la ayuda [&hellip;]<\/p>\n","protected":false},"featured_media":631916,"comment_status":"open","ping_status":"closed","template":"","meta":{"_et_pb_use_builder":"","_et_pb_old_content":"","_et_gb_content_width":""},"product_brand":[],"product_cat":[17],"product_tag":[],"class_list":{"0":"post-631917","1":"product","2":"type-product","3":"status-publish","4":"has-post-thumbnail","6":"product_cat-juegos-de-rol","7":"pa_edad-3-a-4-anos","8":"pa_edad-4-a-5-anos","9":"pa_edad-5-a-6-anos","10":"pa_marca-viga","11":"pa_medidas-25-x-20-x-12-cm","13":"first","14":"instock","15":"shipping-taxable","16":"purchasable","17":"product-type-simple"},"aioseo_notices":[],"_links":{"self":[{"href":"https:\/\/aukinkochile.com\/web\/wp-json\/wp\/v2\/product\/631917","targetHints":{"allow":["GET"]}}],"collection":[{"href":"https:\/\/aukinkochile.com\/web\/wp-json\/wp\/v2\/product"}],"about":[{"href":"https:\/\/aukinkochile.com\/web\/wp-json\/wp\/v2\/types\/product"}],"replies":[{"embeddable":true,"href":"https:\/\/aukinkochile.com\/web\/wp-json\/wp\/v2\/comments?post=631917"}],"wp:featuredmedia":[{"embeddable":true,"href":"https:\/\/aukinkochile.com\/web\/wp-json\/wp\/v2\/media\/631916"}],"wp:attachment":[{"href":"https:\/\/aukinkochile.com\/web\/wp-json\/wp\/v2\/media?parent=631917"}],"wp:term":[{"taxonomy":"product_brand","embeddable":true,"href":"https:\/\/aukinkochile.com\/web\/wp-json\/wp\/v2\/product_brand?post=631917"},{"taxonomy":"product_cat","embeddable":true,"href":"https:\/\/aukinkochile.com\/web\/wp-json\/wp\/v2\/product_cat?post=631917"},{"taxonomy":"product_tag","embeddable":true,"href":"https:\/\/aukinkochile.com\/web\/wp-json\/wp\/v2\/product_tag?post=631917"}],"curies":[{"name":"wp","href":"https:\/\/api.w.org\/{rel}","templated":true}]}}