{"id":631840,"date":"2025-06-25T17:53:09","date_gmt":"2025-06-25T17:53:09","guid":{"rendered":"https:\/\/aukinkochile.com\/web\/producto\/figura-magica-hada-y-leon-alado\/"},"modified":"2025-06-25T18:05:57","modified_gmt":"2025-06-25T18:05:57","slug":"figura-magica-hada-y-leon-alado","status":"publish","type":"product","link":"https:\/\/aukinkochile.com\/web\/producto\/figura-magica-hada-y-leon-alado\/","title":{"rendered":"Figura Magica Hada y Leon Alado"},"content":{"rendered":"<p>Mucho antes de poder divisar al hada y al le\u00f3n, los habitantes de Bayala\u00ae ya sienten la magia que despliegan por el aire. Desde el cielo, el hada saluda a los habitantes. La exuberante melena rosa y las alas muy adornadas del le\u00f3n relucen como oro al sol. Con el hada, el m\u00e1gico ser sobrevuela los extensos y coloridos campos florales de Bayala. Una vez all\u00ed, el resto de las hadas los reciben con curiosidad. La fuerza y la valent\u00eda de este majestuoso ser encantado son bien conocidas en todo el reino. Juguete dise\u00f1ado con gran detalle en pl\u00e1stico resistente.<\/p>\n<p><p><strong>Material : <\/strong> Pl\u00e1stico Duro<\/p>\n<p><strong>C\u00f3digo Aukinko : <\/strong> 07-670714<\/p>\n<p><strong>C\u00f3digo Convenio Marco : <\/strong> x<\/p>\n","protected":false},"excerpt":{"rendered":"<p>Mucho antes de poder divisar al hada y al le\u00f3n, los habitantes de Bayala\u00ae ya sienten la magia que despliegan por el aire. Desde el cielo, el hada saluda a los habitantes. La exuberante melena rosa y las alas muy adornadas del le\u00f3n relucen como oro al sol. Con el hada, el m\u00e1gico ser sobrevuela [&hellip;]<\/p>\n","protected":false},"featured_media":631839,"comment_status":"open","ping_status":"closed","template":"","meta":{"_et_pb_use_builder":"","_et_pb_old_content":"","_et_gb_content_width":""},"product_brand":[],"product_cat":[212],"product_tag":[],"class_list":{"0":"post-631840","1":"product","2":"type-product","3":"status-publish","4":"has-post-thumbnail","6":"product_cat-munecos-y-figuras","7":"pa_edad-10-anos","8":"pa_edad-3-a-4-anos","9":"pa_edad-4-a-5-anos","10":"pa_edad-5-a-6-anos","11":"pa_edad-6-a-8-anos","12":"pa_edad-8-a-10-anos","13":"pa_marca-schleich","14":"pa_medidas-16-x-31","15":"pa_medidas-5-cm","16":"pa_medidas-5-x-12","18":"first","19":"instock","20":"shipping-taxable","21":"purchasable","22":"product-type-simple"},"aioseo_notices":[],"_links":{"self":[{"href":"https:\/\/aukinkochile.com\/web\/wp-json\/wp\/v2\/product\/631840","targetHints":{"allow":["GET"]}}],"collection":[{"href":"https:\/\/aukinkochile.com\/web\/wp-json\/wp\/v2\/product"}],"about":[{"href":"https:\/\/aukinkochile.com\/web\/wp-json\/wp\/v2\/types\/product"}],"replies":[{"embeddable":true,"href":"https:\/\/aukinkochile.com\/web\/wp-json\/wp\/v2\/comments?post=631840"}],"wp:featuredmedia":[{"embeddable":true,"href":"https:\/\/aukinkochile.com\/web\/wp-json\/wp\/v2\/media\/631839"}],"wp:attachment":[{"href":"https:\/\/aukinkochile.com\/web\/wp-json\/wp\/v2\/media?parent=631840"}],"wp:term":[{"taxonomy":"product_brand","embeddable":true,"href":"https:\/\/aukinkochile.com\/web\/wp-json\/wp\/v2\/product_brand?post=631840"},{"taxonomy":"product_cat","embeddable":true,"href":"https:\/\/aukinkochile.com\/web\/wp-json\/wp\/v2\/product_cat?post=631840"},{"taxonomy":"product_tag","embeddable":true,"href":"https:\/\/aukinkochile.com\/web\/wp-json\/wp\/v2\/product_tag?post=631840"}],"curies":[{"name":"wp","href":"https:\/\/api.w.org\/{rel}","templated":true}]}}