{"id":631384,"date":"2025-04-22T14:02:19","date_gmt":"2025-04-22T14:02:19","guid":{"rendered":"https:\/\/aukinkochile.com\/web\/producto\/puzle-madera-set-12-de-16-pz\/"},"modified":"2025-11-06T20:08:33","modified_gmt":"2025-11-06T20:08:33","slug":"puzle-madera-set-12-de-16-pz","status":"publish","type":"product","link":"https:\/\/aukinkochile.com\/web\/producto\/puzle-madera-set-12-de-16-pz\/","title":{"rendered":"Puzle Madera set 12 de 16 pz"},"content":{"rendered":"<p>Divertido set de 12 puzles de 16 piezas cada uno fabricados en madera para pasar horas de diversi\u00f3n. Vienen en una caja organizadora para guardarlos f\u00e1cilmente. Cada puzle con hermosas ilustraciones. De material suave y resistente y colores vivos. Los puzles son juegos que estimulan a los ni\u00f1as y ni\u00f1os en el desarrollo de la coordinaci\u00f3n mano-ojo, el reconocimiento de colores y formas, el pensamiento l\u00f3gico, la concentraci\u00f3n y mucho m\u00e1s. Fabricado en material suave y resistente. <\/p>\n<p><p><strong>Material : <\/strong> Madera<\/p>\n<p><strong>C\u00f3digo Aukinko : <\/strong> 18-251427<\/p>\n<p><strong>C\u00f3digo Convenio Marco : <\/strong> x<\/p>\n","protected":false},"excerpt":{"rendered":"<p>Divertido set de 12 puzles de 16 piezas cada uno fabricados en madera para pasar horas de diversi\u00f3n. Vienen en una caja organizadora para guardarlos f\u00e1cilmente. Cada puzle con hermosas ilustraciones. De material suave y resistente y colores vivos. Los puzles son juegos que estimulan a los ni\u00f1as y ni\u00f1os en el desarrollo de la [&hellip;]<\/p>\n","protected":false},"featured_media":625067,"comment_status":"open","ping_status":"closed","template":"","meta":{"_et_pb_use_builder":"","_et_pb_old_content":"","_et_gb_content_width":""},"product_brand":[],"product_cat":[91,20,22],"product_tag":[],"class_list":{"0":"post-631384","1":"product","2":"type-product","3":"status-publish","4":"has-post-thumbnail","6":"product_cat-accesorios-sala","7":"product_cat-motricidad-fina","8":"product_cat-puzzles","9":"pa_edad-2-a-3-anos","10":"pa_edad-3-a-4-anos","11":"pa_edad-4-a-5-anos","12":"pa_marca-viga","13":"pa_medidas-4336","14":"pa_medidas-5-cm","15":"pa_medidas-5-x-23","16":"pa_medidas-5-x-27","18":"first","19":"instock","20":"shipping-taxable","21":"purchasable","22":"product-type-simple"},"aioseo_notices":[],"_links":{"self":[{"href":"https:\/\/aukinkochile.com\/web\/wp-json\/wp\/v2\/product\/631384","targetHints":{"allow":["GET"]}}],"collection":[{"href":"https:\/\/aukinkochile.com\/web\/wp-json\/wp\/v2\/product"}],"about":[{"href":"https:\/\/aukinkochile.com\/web\/wp-json\/wp\/v2\/types\/product"}],"replies":[{"embeddable":true,"href":"https:\/\/aukinkochile.com\/web\/wp-json\/wp\/v2\/comments?post=631384"}],"wp:featuredmedia":[{"embeddable":true,"href":"https:\/\/aukinkochile.com\/web\/wp-json\/wp\/v2\/media\/625067"}],"wp:attachment":[{"href":"https:\/\/aukinkochile.com\/web\/wp-json\/wp\/v2\/media?parent=631384"}],"wp:term":[{"taxonomy":"product_brand","embeddable":true,"href":"https:\/\/aukinkochile.com\/web\/wp-json\/wp\/v2\/product_brand?post=631384"},{"taxonomy":"product_cat","embeddable":true,"href":"https:\/\/aukinkochile.com\/web\/wp-json\/wp\/v2\/product_cat?post=631384"},{"taxonomy":"product_tag","embeddable":true,"href":"https:\/\/aukinkochile.com\/web\/wp-json\/wp\/v2\/product_tag?post=631384"}],"curies":[{"name":"wp","href":"https:\/\/api.w.org\/{rel}","templated":true}]}}