{"id":631346,"date":"2025-04-22T14:01:43","date_gmt":"2025-04-22T14:01:43","guid":{"rendered":"https:\/\/aukinkochile.com\/web\/producto\/juego-pesca-magnetico-madera\/"},"modified":"2025-04-22T14:25:10","modified_gmt":"2025-04-22T14:25:10","slug":"juego-pesca-magnetico-madera","status":"publish","type":"product","link":"https:\/\/aukinkochile.com\/web\/producto\/juego-pesca-magnetico-madera\/","title":{"rendered":"Juego Pesca Magn\u00e9tico Madera"},"content":{"rendered":"<p>Divertido juego de pesca magn\u00e9tico para pasar horas de diversi\u00f3n. Este juego incluye 2 ca\u00f1as de pescar magn\u00e9ticas, una ruleta de colores y formas, 26 peces y 14 stickers de hermosos animales del mar. Los ni\u00f1os y ni\u00f1as primero deben hacer girar la ruleta y as\u00ed ver qu\u00e9 color y forma de pez deben pescar. Los peces incluyen letras impresas que los ni\u00f1os y ni\u00f1as podr\u00e1n ver  para estimular su reconocimiento. Un juego ideal para estimular el reconocimiento de colores y patrones, la coordinaci\u00f3n mano-ojo y las habilidades motoras. De material suave y resistente y colores vivos.<\/p>\n<p><p><strong>Material : <\/strong> Madera<\/p>\n<p><strong>C\u00f3digo Aukinko : <\/strong> 18-244673<\/p>\n<p><strong>C\u00f3digo Convenio Marco : <\/strong> x<\/p>\n","protected":false},"excerpt":{"rendered":"<p>Divertido juego de pesca magn\u00e9tico para pasar horas de diversi\u00f3n. Este juego incluye 2 ca\u00f1as de pescar magn\u00e9ticas, una ruleta de colores y formas, 26 peces y 14 stickers de hermosos animales del mar. Los ni\u00f1os y ni\u00f1as primero deben hacer girar la ruleta y as\u00ed ver qu\u00e9 color y forma de pez deben pescar. [&hellip;]<\/p>\n","protected":false},"featured_media":622632,"comment_status":"open","ping_status":"closed","template":"","meta":{"_et_pb_use_builder":"","_et_pb_old_content":"","_et_gb_content_width":""},"product_brand":[],"product_cat":[20],"product_tag":[],"class_list":{"0":"post-631346","1":"product","2":"type-product","3":"status-publish","4":"has-post-thumbnail","6":"product_cat-motricidad-fina","7":"pa_edad-2-a-3-anos","8":"pa_edad-3-a-4-anos","9":"pa_edad-4-a-5-anos","10":"pa_marca-viga","11":"pa_medidas-4-x-67","12":"pa_medidas-6-cm","13":"pa_medidas-8-x-38","14":"pa_medidas-6809","16":"first","17":"instock","18":"shipping-taxable","19":"purchasable","20":"product-type-simple"},"aioseo_notices":[],"_links":{"self":[{"href":"https:\/\/aukinkochile.com\/web\/wp-json\/wp\/v2\/product\/631346","targetHints":{"allow":["GET"]}}],"collection":[{"href":"https:\/\/aukinkochile.com\/web\/wp-json\/wp\/v2\/product"}],"about":[{"href":"https:\/\/aukinkochile.com\/web\/wp-json\/wp\/v2\/types\/product"}],"replies":[{"embeddable":true,"href":"https:\/\/aukinkochile.com\/web\/wp-json\/wp\/v2\/comments?post=631346"}],"wp:featuredmedia":[{"embeddable":true,"href":"https:\/\/aukinkochile.com\/web\/wp-json\/wp\/v2\/media\/622632"}],"wp:attachment":[{"href":"https:\/\/aukinkochile.com\/web\/wp-json\/wp\/v2\/media?parent=631346"}],"wp:term":[{"taxonomy":"product_brand","embeddable":true,"href":"https:\/\/aukinkochile.com\/web\/wp-json\/wp\/v2\/product_brand?post=631346"},{"taxonomy":"product_cat","embeddable":true,"href":"https:\/\/aukinkochile.com\/web\/wp-json\/wp\/v2\/product_cat?post=631346"},{"taxonomy":"product_tag","embeddable":true,"href":"https:\/\/aukinkochile.com\/web\/wp-json\/wp\/v2\/product_tag?post=631346"}],"curies":[{"name":"wp","href":"https:\/\/api.w.org\/{rel}","templated":true}]}}