{"id":631279,"date":"2025-04-14T17:34:17","date_gmt":"2025-04-14T17:34:17","guid":{"rendered":"https:\/\/aukinkochile.com\/web\/producto\/encaje-chuky-peggy-13-pz\/"},"modified":"2025-04-14T17:38:55","modified_gmt":"2025-04-14T17:38:55","slug":"encaje-chuky-peggy-13-pz","status":"publish","type":"product","link":"https:\/\/aukinkochile.com\/web\/producto\/encaje-chuky-peggy-13-pz\/","title":{"rendered":"Encaje Chuky Peggy 13 pz"},"content":{"rendered":"<p>Chunky Peggy es el nuevo juego de la l\u00ednea Play Bio, fabricado con materiales ecosostenibles. Esta nueva l\u00ednea, 100 % Made in Italy, se caracteriza por el uso de un exclusivo material biocompuesto de madera y pl\u00e1stico, dise\u00f1ado para reducir las emisiones de CO2 en el planeta. Chunky Peggy combina la innovaci\u00f3n en materiales con el valor educativo del contenido. Este producto, dise\u00f1ado para ni\u00f1os, permite una experiencia de juego prolongada con total seguridad. El kit incluye numerosas clavijas grandes que el ni\u00f1o disfrutar\u00e1 encajando o insertando en la s\u00f3lida base con bordes redondeados. El juego desarrolla la percepci\u00f3n visual, la coordinaci\u00f3n ojo-mano y el instinto. Incluye 3 clavijas gruesas ojivales, 3 clavijas gruesas cuadradas, 3 clavijas gruesas con forma de flor, 3 clavijas gruesas cil\u00edndricas, 1 tableta de base con forma de flor. Fabricado en material suave y resistente.<\/p>\n<p><p><strong>Material : <\/strong> Pl\u00e1stico<\/p>\n<p><strong>C\u00f3digo Aukinko : <\/strong> 07-58416<\/p>\n<p><strong>C\u00f3digo Convenio Marco : <\/strong> <\/p>\n","protected":false},"excerpt":{"rendered":"<p>Chunky Peggy es el nuevo juego de la l\u00ednea Play Bio, fabricado con materiales ecosostenibles. Esta nueva l\u00ednea, 100 % Made in Italy, se caracteriza por el uso de un exclusivo material biocompuesto de madera y pl\u00e1stico, dise\u00f1ado para reducir las emisiones de CO2 en el planeta. Chunky Peggy combina la innovaci\u00f3n en materiales con [&hellip;]<\/p>\n","protected":false},"featured_media":631278,"comment_status":"open","ping_status":"closed","template":"","meta":{"_et_pb_use_builder":"","_et_pb_old_content":"","_et_gb_content_width":""},"product_brand":[],"product_cat":[91,19,20],"product_tag":[],"class_list":{"0":"post-631279","1":"product","2":"type-product","3":"status-publish","4":"has-post-thumbnail","6":"product_cat-accesorios-sala","7":"product_cat-construccion","8":"product_cat-motricidad-fina","9":"pa_edad-1-a-2-anos","10":"pa_edad-2-a-3-anos","11":"pa_edad-3-a-4-anos","12":"pa_marca-quercetti","13":"pa_medidas-30-x-30-x-7-cm","15":"first","16":"instock","17":"shipping-taxable","18":"purchasable","19":"product-type-simple"},"aioseo_notices":[],"_links":{"self":[{"href":"https:\/\/aukinkochile.com\/web\/wp-json\/wp\/v2\/product\/631279","targetHints":{"allow":["GET"]}}],"collection":[{"href":"https:\/\/aukinkochile.com\/web\/wp-json\/wp\/v2\/product"}],"about":[{"href":"https:\/\/aukinkochile.com\/web\/wp-json\/wp\/v2\/types\/product"}],"replies":[{"embeddable":true,"href":"https:\/\/aukinkochile.com\/web\/wp-json\/wp\/v2\/comments?post=631279"}],"wp:featuredmedia":[{"embeddable":true,"href":"https:\/\/aukinkochile.com\/web\/wp-json\/wp\/v2\/media\/631278"}],"wp:attachment":[{"href":"https:\/\/aukinkochile.com\/web\/wp-json\/wp\/v2\/media?parent=631279"}],"wp:term":[{"taxonomy":"product_brand","embeddable":true,"href":"https:\/\/aukinkochile.com\/web\/wp-json\/wp\/v2\/product_brand?post=631279"},{"taxonomy":"product_cat","embeddable":true,"href":"https:\/\/aukinkochile.com\/web\/wp-json\/wp\/v2\/product_cat?post=631279"},{"taxonomy":"product_tag","embeddable":true,"href":"https:\/\/aukinkochile.com\/web\/wp-json\/wp\/v2\/product_tag?post=631279"}],"curies":[{"name":"wp","href":"https:\/\/api.w.org\/{rel}","templated":true}]}}