{"id":631266,"date":"2025-04-14T17:33:56","date_gmt":"2025-04-14T17:33:56","guid":{"rendered":"https:\/\/aukinkochile.com\/web\/producto\/construccion-jumbo-tecno-vehiculo-76-pz\/"},"modified":"2025-04-14T17:38:32","modified_gmt":"2025-04-14T17:38:32","slug":"construccion-jumbo-tecno-vehiculo-76-pz","status":"publish","type":"product","link":"https:\/\/aukinkochile.com\/web\/producto\/construccion-jumbo-tecno-vehiculo-76-pz\/","title":{"rendered":"Construcci\u00f3n Jumbo Tecno Veh\u00edculo 76 pz"},"content":{"rendered":"<p>A los ni\u00f1os les encanta jugar con las herramientas de sus padres&#8230; En el malet\u00edn tecno encuentran todas las herramientas m\u00e1s habituales, muy realistas, perfectamente funcionales y totalmente seguras.\u00a0Tambi\u00e9n encuentran todo tipo de tornillos, tuercas, pernos y arandelas que necesitan hacer coincidir con las herramientas correctas para poder insertarlos en los orificios roscados del tablero.\u00a0De esta manera se familiarizan con las habilidades mec\u00e1nicas b\u00e1sicas y practican su destreza manual.\u00a0Pueden adjuntar las formas cerradas para crear grandes composiciones t\u00e9cnicas, ya sean planas o tridimensionales, dando plena expresi\u00f3n a su fantas\u00eda y creatividad. Incluye: 1 base, 1 caja de almacenamiento con asas, 60 tornillos, pernos y arandelas, 4 elementos roscados tridimensionales, 4 herramientas, 11 elementos roscados bidimensionales, 1 \u00e1lbum con instrucciones y ejemplos.<\/p>\n<p><p><strong>Material : <\/strong> Pl\u00e1stico<\/p>\n<p><strong>C\u00f3digo Aukinko : <\/strong> 07-56155<\/p>\n<p><strong>C\u00f3digo Convenio Marco : <\/strong> <\/p>\n","protected":false},"excerpt":{"rendered":"<p>A los ni\u00f1os les encanta jugar con las herramientas de sus padres&#8230; En el malet\u00edn tecno encuentran todas las herramientas m\u00e1s habituales, muy realistas, perfectamente funcionales y totalmente seguras.\u00a0Tambi\u00e9n encuentran todo tipo de tornillos, tuercas, pernos y arandelas que necesitan hacer coincidir con las herramientas correctas para poder insertarlos en los orificios roscados del tablero.\u00a0De [&hellip;]<\/p>\n","protected":false},"featured_media":626517,"comment_status":"open","ping_status":"closed","template":"","meta":{"_et_pb_use_builder":"","_et_pb_old_content":"","_et_gb_content_width":""},"product_brand":[],"product_cat":[19,20],"product_tag":[],"class_list":{"0":"post-631266","1":"product","2":"type-product","3":"status-publish","4":"has-post-thumbnail","6":"product_cat-construccion","7":"product_cat-motricidad-fina","8":"pa_edad-4-a-5-anos","9":"pa_edad-5-a-6-anos","10":"pa_edad-6-a-8-anos","11":"pa_edad-8-a-10-anos","12":"pa_marca-quercetti","13":"pa_medidas-34-x-29-x-7-cm","15":"first","16":"instock","17":"shipping-taxable","18":"purchasable","19":"product-type-simple"},"aioseo_notices":[],"_links":{"self":[{"href":"https:\/\/aukinkochile.com\/web\/wp-json\/wp\/v2\/product\/631266","targetHints":{"allow":["GET"]}}],"collection":[{"href":"https:\/\/aukinkochile.com\/web\/wp-json\/wp\/v2\/product"}],"about":[{"href":"https:\/\/aukinkochile.com\/web\/wp-json\/wp\/v2\/types\/product"}],"replies":[{"embeddable":true,"href":"https:\/\/aukinkochile.com\/web\/wp-json\/wp\/v2\/comments?post=631266"}],"wp:featuredmedia":[{"embeddable":true,"href":"https:\/\/aukinkochile.com\/web\/wp-json\/wp\/v2\/media\/626517"}],"wp:attachment":[{"href":"https:\/\/aukinkochile.com\/web\/wp-json\/wp\/v2\/media?parent=631266"}],"wp:term":[{"taxonomy":"product_brand","embeddable":true,"href":"https:\/\/aukinkochile.com\/web\/wp-json\/wp\/v2\/product_brand?post=631266"},{"taxonomy":"product_cat","embeddable":true,"href":"https:\/\/aukinkochile.com\/web\/wp-json\/wp\/v2\/product_cat?post=631266"},{"taxonomy":"product_tag","embeddable":true,"href":"https:\/\/aukinkochile.com\/web\/wp-json\/wp\/v2\/product_tag?post=631266"}],"curies":[{"name":"wp","href":"https:\/\/api.w.org\/{rel}","templated":true}]}}