{"id":631265,"date":"2025-04-14T17:33:54","date_gmt":"2025-04-14T17:33:54","guid":{"rendered":"https:\/\/aukinkochile.com\/web\/producto\/construccion-jumbo-tecno-herramientas-84-pz\/"},"modified":"2025-04-14T17:38:32","modified_gmt":"2025-04-14T17:38:32","slug":"construccion-jumbo-tecno-herramientas-84-pz","status":"publish","type":"product","link":"https:\/\/aukinkochile.com\/web\/producto\/construccion-jumbo-tecno-herramientas-84-pz\/","title":{"rendered":"Construcci\u00f3n Jumbo Tecno Herramientas 84 pz"},"content":{"rendered":"<p>Tecno jumbo toolbox tiene todo lo que un ni\u00f1o necesita para construir un mundo de camiones, excavadoras, gr\u00faas o cualquier otra cosa que se le ocurra.\u00a0Tornillos, pernos, tuercas de mariposa, ruedas y placas perforadas, fabricados en pl\u00e1stico resistente irrompible, se pueden ensamblar sin herramientas especiales.\u00a0Todo lo que necesita un ni\u00f1o es un par de manos y mucha imaginaci\u00f3n.\u00a0Cuando termina el tiempo de juego, todo vuelve a encajar en la pr\u00e1ctica caja de herramientas.\u00a0La caja tiene un asa y una tapa que se puede utilizar como base para jugar.\u00a0Este juguete de construcci\u00f3n estimula la coordinaci\u00f3n, as\u00ed como la l\u00f3gica y la creatividad, ayudando a los ni\u00f1os a comprender los principios b\u00e1sicos de la mec\u00e1nica mientras se divierten. Incluye: 24 elementos roscados bidimensionales, 14 elementos roscados tridimensionales, 46 tornillos, pernos y arandelas, 1 caja de almacenamiento con asas, 1 \u00e1lbum con 5 ejemplos.<\/p>\n<p><p><strong>Material : <\/strong> Pl\u00e1stico<\/p>\n<p><strong>C\u00f3digo Aukinko : <\/strong> 07-56150<\/p>\n<p><strong>C\u00f3digo Convenio Marco : <\/strong> <\/p>\n","protected":false},"excerpt":{"rendered":"<p>Tecno jumbo toolbox tiene todo lo que un ni\u00f1o necesita para construir un mundo de camiones, excavadoras, gr\u00faas o cualquier otra cosa que se le ocurra.\u00a0Tornillos, pernos, tuercas de mariposa, ruedas y placas perforadas, fabricados en pl\u00e1stico resistente irrompible, se pueden ensamblar sin herramientas especiales.\u00a0Todo lo que necesita un ni\u00f1o es un par de manos [&hellip;]<\/p>\n","protected":false},"featured_media":626516,"comment_status":"open","ping_status":"closed","template":"","meta":{"_et_pb_use_builder":"","_et_pb_old_content":"","_et_gb_content_width":""},"product_brand":[],"product_cat":[19,20],"product_tag":[],"class_list":{"0":"post-631265","1":"product","2":"type-product","3":"status-publish","4":"has-post-thumbnail","6":"product_cat-construccion","7":"product_cat-motricidad-fina","8":"pa_edad-3-a-4-anos","9":"pa_edad-4-a-5-anos","10":"pa_edad-5-a-6-anos","11":"pa_edad-6-a-8-anos","12":"pa_marca-quercetti","13":"pa_medidas-33-x-31-x-13-cm","15":"first","16":"instock","17":"shipping-taxable","18":"purchasable","19":"product-type-simple"},"aioseo_notices":[],"_links":{"self":[{"href":"https:\/\/aukinkochile.com\/web\/wp-json\/wp\/v2\/product\/631265","targetHints":{"allow":["GET"]}}],"collection":[{"href":"https:\/\/aukinkochile.com\/web\/wp-json\/wp\/v2\/product"}],"about":[{"href":"https:\/\/aukinkochile.com\/web\/wp-json\/wp\/v2\/types\/product"}],"replies":[{"embeddable":true,"href":"https:\/\/aukinkochile.com\/web\/wp-json\/wp\/v2\/comments?post=631265"}],"wp:featuredmedia":[{"embeddable":true,"href":"https:\/\/aukinkochile.com\/web\/wp-json\/wp\/v2\/media\/626516"}],"wp:attachment":[{"href":"https:\/\/aukinkochile.com\/web\/wp-json\/wp\/v2\/media?parent=631265"}],"wp:term":[{"taxonomy":"product_brand","embeddable":true,"href":"https:\/\/aukinkochile.com\/web\/wp-json\/wp\/v2\/product_brand?post=631265"},{"taxonomy":"product_cat","embeddable":true,"href":"https:\/\/aukinkochile.com\/web\/wp-json\/wp\/v2\/product_cat?post=631265"},{"taxonomy":"product_tag","embeddable":true,"href":"https:\/\/aukinkochile.com\/web\/wp-json\/wp\/v2\/product_tag?post=631265"}],"curies":[{"name":"wp","href":"https:\/\/api.w.org\/{rel}","templated":true}]}}