{"id":631255,"date":"2025-04-14T17:33:38","date_gmt":"2025-04-14T17:33:38","guid":{"rendered":"https:\/\/aukinkochile.com\/web\/producto\/encaje-plastico-animales-geokid-18-pz\/"},"modified":"2025-04-14T17:37:47","modified_gmt":"2025-04-14T17:37:47","slug":"encaje-plastico-animales-geokid-18-pz","status":"publish","type":"product","link":"https:\/\/aukinkochile.com\/web\/producto\/encaje-plastico-animales-geokid-18-pz\/","title":{"rendered":"Encaje Pl\u00e1stico Animales Geokid 18 pz"},"content":{"rendered":"<p>36 animales en tres distintas formas y 6 colores. \u00danelos y sep\u00e1ralos, construye torres o cadenas en horas de diversi\u00f3n. Hechos de suave pl\u00e1stico, son perfectos para ser manipulados por manos peque\u00f1as. Ideal para la clasificaci\u00f3n de colores y formas y tambi\u00e9n para desarrollar actividades motoras y coordinaci\u00f3n.<\/p>\n<p><p><strong>Material : <\/strong> Pl\u00e1stico<\/p>\n<p><strong>C\u00f3digo Aukinko : <\/strong> 07-54135<\/p>\n<p><strong>C\u00f3digo Convenio Marco : <\/strong> <\/p>\n","protected":false},"excerpt":{"rendered":"<p>36 animales en tres distintas formas y 6 colores. \u00danelos y sep\u00e1ralos, construye torres o cadenas en horas de diversi\u00f3n. Hechos de suave pl\u00e1stico, son perfectos para ser manipulados por manos peque\u00f1as. Ideal para la clasificaci\u00f3n de colores y formas y tambi\u00e9n para desarrollar actividades motoras y coordinaci\u00f3n. Material : Pl\u00e1stico C\u00f3digo Aukinko : 07-54135 [&hellip;]<\/p>\n","protected":false},"featured_media":631254,"comment_status":"open","ping_status":"closed","template":"","meta":{"_et_pb_use_builder":"","_et_pb_old_content":"","_et_gb_content_width":""},"product_brand":[],"product_cat":[19,20],"product_tag":[],"class_list":{"0":"post-631255","1":"product","2":"type-product","3":"status-publish","4":"has-post-thumbnail","6":"product_cat-construccion","7":"product_cat-motricidad-fina","8":"pa_edad-3-a-4-anos","9":"pa_edad-4-a-5-anos","10":"pa_edad-5-a-6-anos","11":"pa_marca-quercetti","12":"pa_medidas-4569","13":"pa_medidas-5-x-18","14":"pa_medidas-5-x-9-cm","16":"first","17":"instock","18":"shipping-taxable","19":"purchasable","20":"product-type-simple"},"aioseo_notices":[],"_links":{"self":[{"href":"https:\/\/aukinkochile.com\/web\/wp-json\/wp\/v2\/product\/631255","targetHints":{"allow":["GET"]}}],"collection":[{"href":"https:\/\/aukinkochile.com\/web\/wp-json\/wp\/v2\/product"}],"about":[{"href":"https:\/\/aukinkochile.com\/web\/wp-json\/wp\/v2\/types\/product"}],"replies":[{"embeddable":true,"href":"https:\/\/aukinkochile.com\/web\/wp-json\/wp\/v2\/comments?post=631255"}],"wp:featuredmedia":[{"embeddable":true,"href":"https:\/\/aukinkochile.com\/web\/wp-json\/wp\/v2\/media\/631254"}],"wp:attachment":[{"href":"https:\/\/aukinkochile.com\/web\/wp-json\/wp\/v2\/media?parent=631255"}],"wp:term":[{"taxonomy":"product_brand","embeddable":true,"href":"https:\/\/aukinkochile.com\/web\/wp-json\/wp\/v2\/product_brand?post=631255"},{"taxonomy":"product_cat","embeddable":true,"href":"https:\/\/aukinkochile.com\/web\/wp-json\/wp\/v2\/product_cat?post=631255"},{"taxonomy":"product_tag","embeddable":true,"href":"https:\/\/aukinkochile.com\/web\/wp-json\/wp\/v2\/product_tag?post=631255"}],"curies":[{"name":"wp","href":"https:\/\/api.w.org\/{rel}","templated":true}]}}