{"id":631253,"date":"2025-04-14T17:33:36","date_gmt":"2025-04-14T17:33:36","guid":{"rendered":"https:\/\/aukinkochile.com\/web\/producto\/encaje-figuras-collana-12-pz\/"},"modified":"2025-04-14T17:37:38","modified_gmt":"2025-04-14T17:37:38","slug":"encaje-figuras-collana-12-pz","status":"publish","type":"product","link":"https:\/\/aukinkochile.com\/web\/producto\/encaje-figuras-collana-12-pz\/","title":{"rendered":"Encaje figuras Collana 12 pz"},"content":{"rendered":"<p>Divertidos juego de construcci\u00f3n para pasar horas de diversi\u00f3n. Estas cuentas grandes, incre\u00edblemente ligeras y coloridas, se entrelazan entre s\u00ed y vienen en diferentes formas f\u00e1ciles de reconocer y manejar. Los ni\u00f1os y ni\u00f1as se divertir\u00e1n uni\u00e9ndolas para hacer collares largos de diferentes formas y colores. Est\u00e1n hechas de un material seguro y lavable y son perfectamente adecuadas para los beb\u00e9s; adem\u00e1s, son tan ligeras que pr\u00e1cticamente no hacen ruido, incluso cuando golpean el suelo. Incluye 12 piezas entrelazadas en 4 formas y colores diferentes.<\/p>\n<p><p><strong>Material : <\/strong> Pl\u00e1stico<\/p>\n<p><strong>C\u00f3digo Aukinko : <\/strong> 07-54006<\/p>\n<p><strong>C\u00f3digo Convenio Marco : <\/strong> <\/p>\n","protected":false},"excerpt":{"rendered":"<p>Divertidos juego de construcci\u00f3n para pasar horas de diversi\u00f3n. Estas cuentas grandes, incre\u00edblemente ligeras y coloridas, se entrelazan entre s\u00ed y vienen en diferentes formas f\u00e1ciles de reconocer y manejar. Los ni\u00f1os y ni\u00f1as se divertir\u00e1n uni\u00e9ndolas para hacer collares largos de diferentes formas y colores. Est\u00e1n hechas de un material seguro y lavable y [&hellip;]<\/p>\n","protected":false},"featured_media":626413,"comment_status":"open","ping_status":"closed","template":"","meta":{"_et_pb_use_builder":"","_et_pb_old_content":"","_et_gb_content_width":""},"product_brand":[],"product_cat":[19,20],"product_tag":[],"class_list":{"0":"post-631253","1":"product","2":"type-product","3":"status-publish","4":"has-post-thumbnail","6":"product_cat-construccion","7":"product_cat-motricidad-fina","8":"pa_edad-1-a-2-anos","9":"pa_edad-2-a-3-anos","10":"pa_marca-quercetti","11":"pa_medidas-4501","12":"pa_medidas-2-cm","13":"pa_medidas-2-x-8","14":"pa_medidas-7-x-18","16":"first","17":"instock","18":"shipping-taxable","19":"purchasable","20":"product-type-simple"},"aioseo_notices":[],"_links":{"self":[{"href":"https:\/\/aukinkochile.com\/web\/wp-json\/wp\/v2\/product\/631253","targetHints":{"allow":["GET"]}}],"collection":[{"href":"https:\/\/aukinkochile.com\/web\/wp-json\/wp\/v2\/product"}],"about":[{"href":"https:\/\/aukinkochile.com\/web\/wp-json\/wp\/v2\/types\/product"}],"replies":[{"embeddable":true,"href":"https:\/\/aukinkochile.com\/web\/wp-json\/wp\/v2\/comments?post=631253"}],"wp:featuredmedia":[{"embeddable":true,"href":"https:\/\/aukinkochile.com\/web\/wp-json\/wp\/v2\/media\/626413"}],"wp:attachment":[{"href":"https:\/\/aukinkochile.com\/web\/wp-json\/wp\/v2\/media?parent=631253"}],"wp:term":[{"taxonomy":"product_brand","embeddable":true,"href":"https:\/\/aukinkochile.com\/web\/wp-json\/wp\/v2\/product_brand?post=631253"},{"taxonomy":"product_cat","embeddable":true,"href":"https:\/\/aukinkochile.com\/web\/wp-json\/wp\/v2\/product_cat?post=631253"},{"taxonomy":"product_tag","embeddable":true,"href":"https:\/\/aukinkochile.com\/web\/wp-json\/wp\/v2\/product_tag?post=631253"}],"curies":[{"name":"wp","href":"https:\/\/api.w.org\/{rel}","templated":true}]}}