{"id":631247,"date":"2025-04-14T17:33:26","date_gmt":"2025-04-14T17:33:26","guid":{"rendered":"https:\/\/aukinkochile.com\/web\/producto\/puzle-tubo-rotante-animales\/"},"modified":"2025-04-14T17:37:14","modified_gmt":"2025-04-14T17:37:14","slug":"puzle-tubo-rotante-animales","status":"publish","type":"product","link":"https:\/\/aukinkochile.com\/web\/producto\/puzle-tubo-rotante-animales\/","title":{"rendered":"Puzle Tubo Rotante Animales"},"content":{"rendered":"<p>Divertido puzle rotante con entretenidas ilustraciones de animales, un juego para desarrollar las habilidades de observaci\u00f3n y la motricidad fina. De material suave y colores vivos.<\/p>\n<p><p><strong>Material : <\/strong> Pl\u00e1stico<\/p>\n<p><strong>C\u00f3digo Aukinko : <\/strong> 07-52582<\/p>\n<p><strong>C\u00f3digo Convenio Marco : <\/strong> <\/p>\n","protected":false},"excerpt":{"rendered":"<p>Divertido puzle rotante con entretenidas ilustraciones de animales, un juego para desarrollar las habilidades de observaci\u00f3n y la motricidad fina. De material suave y colores vivos. Material : Pl\u00e1stico C\u00f3digo Aukinko : 07-52582 C\u00f3digo Convenio Marco :<\/p>\n","protected":false},"featured_media":626409,"comment_status":"open","ping_status":"closed","template":"","meta":{"_et_pb_use_builder":"","_et_pb_old_content":"","_et_gb_content_width":""},"product_brand":[],"product_cat":[22],"product_tag":[],"class_list":{"0":"post-631247","1":"product","2":"type-product","3":"status-publish","4":"has-post-thumbnail","6":"product_cat-puzzles","7":"pa_edad-2-a-3-anos","8":"pa_edad-3-a-4-anos","9":"pa_marca-quercetti","10":"pa_medidas-5-cm","11":"pa_medidas-5-x-14-x-21","13":"first","14":"instock","15":"shipping-taxable","16":"purchasable","17":"product-type-simple"},"aioseo_notices":[],"_links":{"self":[{"href":"https:\/\/aukinkochile.com\/web\/wp-json\/wp\/v2\/product\/631247","targetHints":{"allow":["GET"]}}],"collection":[{"href":"https:\/\/aukinkochile.com\/web\/wp-json\/wp\/v2\/product"}],"about":[{"href":"https:\/\/aukinkochile.com\/web\/wp-json\/wp\/v2\/types\/product"}],"replies":[{"embeddable":true,"href":"https:\/\/aukinkochile.com\/web\/wp-json\/wp\/v2\/comments?post=631247"}],"wp:featuredmedia":[{"embeddable":true,"href":"https:\/\/aukinkochile.com\/web\/wp-json\/wp\/v2\/media\/626409"}],"wp:attachment":[{"href":"https:\/\/aukinkochile.com\/web\/wp-json\/wp\/v2\/media?parent=631247"}],"wp:term":[{"taxonomy":"product_brand","embeddable":true,"href":"https:\/\/aukinkochile.com\/web\/wp-json\/wp\/v2\/product_brand?post=631247"},{"taxonomy":"product_cat","embeddable":true,"href":"https:\/\/aukinkochile.com\/web\/wp-json\/wp\/v2\/product_cat?post=631247"},{"taxonomy":"product_tag","embeddable":true,"href":"https:\/\/aukinkochile.com\/web\/wp-json\/wp\/v2\/product_tag?post=631247"}],"curies":[{"name":"wp","href":"https:\/\/api.w.org\/{rel}","templated":true}]}}